{"id":1236,"date":"2023-03-16T16:12:56","date_gmt":"2023-03-16T15:12:56","guid":{"rendered":"https:\/\/www.cfos-emobility.de\/network\/?post_type=portfolio&#038;p=1236"},"modified":"2024-07-03T10:59:44","modified_gmt":"2024-07-03T08:59:44","slug":"wallbox-im-einsatz-05","status":"publish","type":"portfolio","link":"https:\/\/www.cfos-emobility.de\/network\/portfolio\/wallbox-im-einsatz-05\/","title":{"rendered":"Wallbox im Einsatz &#8211; 05"},"content":{"rendered":"<blockquote><p>Dieser Kunde lie\u00df sich von seinem Elektriker eine zus\u00e4tzliche Phasenkontrollleuchte einbauen, die gr\u00fcn leuchtet, wenn das Elektroauto l\u00e4dt. Dies ist nat\u00fcrlich gestattet, insofern diese Arbeit von einer Fachkraft ordnungsgem\u00e4\u00df durchgef\u00fchrt wird. Vielen Dank f\u00fcr die Einsendung!<\/p>\n<p>Foto: Miha S.<\/p><\/blockquote>\n","protected":false},"excerpt":{"rendered":"<p>Dieser Kunde lie\u00df sich von seinem Elektriker eine zus\u00e4tzliche Phasenkontrollleuchte einbauen, die gr\u00fcn leuchtet, wenn das Elektroauto l\u00e4dt. Dies ist nat\u00fcrlich gestattet, insofern diese Arbeit von einer Fachkraft ordnungsgem\u00e4\u00df durchgef\u00fchrt wird. Vielen Dank f\u00fcr die Einsendung! Foto: Miha S.<\/p>\n","protected":false},"featured_media":1237,"comment_status":"closed","ping_status":"closed","template":"","meta":{"footnotes":""},"portfolio_cat":[83],"portfolio_skills":[],"class_list":["post-1236","portfolio","type-portfolio","status-publish","has-post-thumbnail","hentry","portfolio_cat-wallbox"],"yoast_head":"<!-- This site is optimized with the Yoast SEO plugin v27.4 - https:\/\/yoast.com\/product\/yoast-seo-wordpress\/ -->\n<title>Wallbox im Einsatz - 05 - cFos eMobility Network<\/title>\n<meta name=\"robots\" content=\"index, follow, max-snippet:-1, max-image-preview:large, max-video-preview:-1\" \/>\n<link rel=\"canonical\" href=\"https:\/\/www.cfos-emobility.de\/network\/portfolio\/wallbox-im-einsatz-05\/\" \/>\n<meta property=\"og:locale\" content=\"de_DE\" \/>\n<meta property=\"og:type\" content=\"article\" \/>\n<meta property=\"og:title\" content=\"Wallbox im Einsatz - 05 - cFos eMobility Network\" \/>\n<meta property=\"og:description\" content=\"Dieser Kunde lie\u00df sich von seinem Elektriker eine zus\u00e4tzliche Phasenkontrollleuchte einbauen, die gr\u00fcn leuchtet, wenn das Elektroauto l\u00e4dt. Dies ist nat\u00fcrlich gestattet, insofern diese Arbeit von einer Fachkraft ordnungsgem\u00e4\u00df durchgef\u00fchrt wird. Vielen Dank f\u00fcr die Einsendung! Foto: Miha S.\" \/>\n<meta property=\"og:url\" content=\"https:\/\/www.cfos-emobility.de\/network\/portfolio\/wallbox-im-einsatz-05\/\" \/>\n<meta property=\"og:site_name\" content=\"cFos eMobility Network\" \/>\n<meta property=\"article:modified_time\" content=\"2024-07-03T08:59:44+00:00\" \/>\n<meta property=\"og:image\" content=\"https:\/\/www.cfos-emobility.de\/network\/wp-content\/uploads\/2023\/03\/IMG_20230307_223902.jpg\" \/>\n\t<meta property=\"og:image:width\" content=\"2452\" \/>\n\t<meta property=\"og:image:height\" content=\"1839\" \/>\n\t<meta property=\"og:image:type\" content=\"image\/jpeg\" \/>\n<meta name=\"twitter:card\" content=\"summary_large_image\" \/>\n<meta name=\"twitter:site\" content=\"@cFosEmobility\" \/>\n<meta name=\"twitter:label1\" content=\"Gesch\u00e4tzte Lesezeit\" \/>\n\t<meta name=\"twitter:data1\" content=\"1\u00a0Minute\" \/>\n<script type=\"application\/ld+json\" class=\"yoast-schema-graph\">{\"@context\":\"https:\\\/\\\/schema.org\",\"@graph\":[{\"@type\":\"WebPage\",\"@id\":\"https:\\\/\\\/www.cfos-emobility.de\\\/network\\\/portfolio\\\/wallbox-im-einsatz-05\\\/\",\"url\":\"https:\\\/\\\/www.cfos-emobility.de\\\/network\\\/portfolio\\\/wallbox-im-einsatz-05\\\/\",\"name\":\"Wallbox im Einsatz - 05 - cFos eMobility Network\",\"isPartOf\":{\"@id\":\"https:\\\/\\\/www.cfos-emobility.de\\\/network\\\/#website\"},\"primaryImageOfPage\":{\"@id\":\"https:\\\/\\\/www.cfos-emobility.de\\\/network\\\/portfolio\\\/wallbox-im-einsatz-05\\\/#primaryimage\"},\"image\":{\"@id\":\"https:\\\/\\\/www.cfos-emobility.de\\\/network\\\/portfolio\\\/wallbox-im-einsatz-05\\\/#primaryimage\"},\"thumbnailUrl\":\"https:\\\/\\\/www.cfos-emobility.de\\\/network\\\/wp-content\\\/uploads\\\/2023\\\/03\\\/IMG_20230307_223902.jpg\",\"datePublished\":\"2023-03-16T15:12:56+00:00\",\"dateModified\":\"2024-07-03T08:59:44+00:00\",\"breadcrumb\":{\"@id\":\"https:\\\/\\\/www.cfos-emobility.de\\\/network\\\/portfolio\\\/wallbox-im-einsatz-05\\\/#breadcrumb\"},\"inLanguage\":\"de\",\"potentialAction\":[{\"@type\":\"ReadAction\",\"target\":[\"https:\\\/\\\/www.cfos-emobility.de\\\/network\\\/portfolio\\\/wallbox-im-einsatz-05\\\/\"]}]},{\"@type\":\"ImageObject\",\"inLanguage\":\"de\",\"@id\":\"https:\\\/\\\/www.cfos-emobility.de\\\/network\\\/portfolio\\\/wallbox-im-einsatz-05\\\/#primaryimage\",\"url\":\"https:\\\/\\\/www.cfos-emobility.de\\\/network\\\/wp-content\\\/uploads\\\/2023\\\/03\\\/IMG_20230307_223902.jpg\",\"contentUrl\":\"https:\\\/\\\/www.cfos-emobility.de\\\/network\\\/wp-content\\\/uploads\\\/2023\\\/03\\\/IMG_20230307_223902.jpg\",\"width\":2452,\"height\":1839},{\"@type\":\"BreadcrumbList\",\"@id\":\"https:\\\/\\\/www.cfos-emobility.de\\\/network\\\/portfolio\\\/wallbox-im-einsatz-05\\\/#breadcrumb\",\"itemListElement\":[{\"@type\":\"ListItem\",\"position\":1,\"name\":\"Startseite\",\"item\":\"https:\\\/\\\/www.cfos-emobility.de\\\/network\\\/\"},{\"@type\":\"ListItem\",\"position\":2,\"name\":\"Portfolios\",\"item\":\"https:\\\/\\\/www.cfos-emobility.de\\\/network\\\/portfolio\\\/\"},{\"@type\":\"ListItem\",\"position\":3,\"name\":\"Wallbox im Einsatz &#8211; 05\"}]},{\"@type\":\"WebSite\",\"@id\":\"https:\\\/\\\/www.cfos-emobility.de\\\/network\\\/#website\",\"url\":\"https:\\\/\\\/www.cfos-emobility.de\\\/network\\\/\",\"name\":\"cFos eMobility Network\",\"description\":\"Das cFos Power Brain Community Portal\",\"publisher\":{\"@id\":\"https:\\\/\\\/www.cfos-emobility.de\\\/network\\\/#organization\"},\"potentialAction\":[{\"@type\":\"SearchAction\",\"target\":{\"@type\":\"EntryPoint\",\"urlTemplate\":\"https:\\\/\\\/www.cfos-emobility.de\\\/network\\\/?s={search_term_string}\"},\"query-input\":{\"@type\":\"PropertyValueSpecification\",\"valueRequired\":true,\"valueName\":\"search_term_string\"}}],\"inLanguage\":\"de\"},{\"@type\":\"Organization\",\"@id\":\"https:\\\/\\\/www.cfos-emobility.de\\\/network\\\/#organization\",\"name\":\"cFos eMobility GmbH\",\"url\":\"https:\\\/\\\/www.cfos-emobility.de\\\/network\\\/\",\"logo\":{\"@type\":\"ImageObject\",\"inLanguage\":\"de\",\"@id\":\"https:\\\/\\\/www.cfos-emobility.de\\\/network\\\/#\\\/schema\\\/logo\\\/image\\\/\",\"url\":\"https:\\\/\\\/www.cfos-emobility.de\\\/network\\\/wp-content\\\/uploads\\\/2021\\\/12\\\/cfos-emobility-logo.jpg\",\"contentUrl\":\"https:\\\/\\\/www.cfos-emobility.de\\\/network\\\/wp-content\\\/uploads\\\/2021\\\/12\\\/cfos-emobility-logo.jpg\",\"width\":221,\"height\":80,\"caption\":\"cFos eMobility GmbH\"},\"image\":{\"@id\":\"https:\\\/\\\/www.cfos-emobility.de\\\/network\\\/#\\\/schema\\\/logo\\\/image\\\/\"},\"sameAs\":[\"https:\\\/\\\/x.com\\\/cFosEmobility\"]}]}<\/script>\n<!-- \/ Yoast SEO plugin. -->","yoast_head_json":{"title":"Wallbox im Einsatz - 05 - cFos eMobility Network","robots":{"index":"index","follow":"follow","max-snippet":"max-snippet:-1","max-image-preview":"max-image-preview:large","max-video-preview":"max-video-preview:-1"},"canonical":"https:\/\/www.cfos-emobility.de\/network\/portfolio\/wallbox-im-einsatz-05\/","og_locale":"de_DE","og_type":"article","og_title":"Wallbox im Einsatz - 05 - cFos eMobility Network","og_description":"Dieser Kunde lie\u00df sich von seinem Elektriker eine zus\u00e4tzliche Phasenkontrollleuchte einbauen, die gr\u00fcn leuchtet, wenn das Elektroauto l\u00e4dt. Dies ist nat\u00fcrlich gestattet, insofern diese Arbeit von einer Fachkraft ordnungsgem\u00e4\u00df durchgef\u00fchrt wird. Vielen Dank f\u00fcr die Einsendung! Foto: Miha S.","og_url":"https:\/\/www.cfos-emobility.de\/network\/portfolio\/wallbox-im-einsatz-05\/","og_site_name":"cFos eMobility Network","article_modified_time":"2024-07-03T08:59:44+00:00","og_image":[{"width":2452,"height":1839,"url":"https:\/\/www.cfos-emobility.de\/network\/wp-content\/uploads\/2023\/03\/IMG_20230307_223902.jpg","type":"image\/jpeg"}],"twitter_card":"summary_large_image","twitter_site":"@cFosEmobility","twitter_misc":{"Gesch\u00e4tzte Lesezeit":"1\u00a0Minute"},"schema":{"@context":"https:\/\/schema.org","@graph":[{"@type":"WebPage","@id":"https:\/\/www.cfos-emobility.de\/network\/portfolio\/wallbox-im-einsatz-05\/","url":"https:\/\/www.cfos-emobility.de\/network\/portfolio\/wallbox-im-einsatz-05\/","name":"Wallbox im Einsatz - 05 - cFos eMobility Network","isPartOf":{"@id":"https:\/\/www.cfos-emobility.de\/network\/#website"},"primaryImageOfPage":{"@id":"https:\/\/www.cfos-emobility.de\/network\/portfolio\/wallbox-im-einsatz-05\/#primaryimage"},"image":{"@id":"https:\/\/www.cfos-emobility.de\/network\/portfolio\/wallbox-im-einsatz-05\/#primaryimage"},"thumbnailUrl":"https:\/\/www.cfos-emobility.de\/network\/wp-content\/uploads\/2023\/03\/IMG_20230307_223902.jpg","datePublished":"2023-03-16T15:12:56+00:00","dateModified":"2024-07-03T08:59:44+00:00","breadcrumb":{"@id":"https:\/\/www.cfos-emobility.de\/network\/portfolio\/wallbox-im-einsatz-05\/#breadcrumb"},"inLanguage":"de","potentialAction":[{"@type":"ReadAction","target":["https:\/\/www.cfos-emobility.de\/network\/portfolio\/wallbox-im-einsatz-05\/"]}]},{"@type":"ImageObject","inLanguage":"de","@id":"https:\/\/www.cfos-emobility.de\/network\/portfolio\/wallbox-im-einsatz-05\/#primaryimage","url":"https:\/\/www.cfos-emobility.de\/network\/wp-content\/uploads\/2023\/03\/IMG_20230307_223902.jpg","contentUrl":"https:\/\/www.cfos-emobility.de\/network\/wp-content\/uploads\/2023\/03\/IMG_20230307_223902.jpg","width":2452,"height":1839},{"@type":"BreadcrumbList","@id":"https:\/\/www.cfos-emobility.de\/network\/portfolio\/wallbox-im-einsatz-05\/#breadcrumb","itemListElement":[{"@type":"ListItem","position":1,"name":"Startseite","item":"https:\/\/www.cfos-emobility.de\/network\/"},{"@type":"ListItem","position":2,"name":"Portfolios","item":"https:\/\/www.cfos-emobility.de\/network\/portfolio\/"},{"@type":"ListItem","position":3,"name":"Wallbox im Einsatz &#8211; 05"}]},{"@type":"WebSite","@id":"https:\/\/www.cfos-emobility.de\/network\/#website","url":"https:\/\/www.cfos-emobility.de\/network\/","name":"cFos eMobility Network","description":"Das cFos Power Brain Community Portal","publisher":{"@id":"https:\/\/www.cfos-emobility.de\/network\/#organization"},"potentialAction":[{"@type":"SearchAction","target":{"@type":"EntryPoint","urlTemplate":"https:\/\/www.cfos-emobility.de\/network\/?s={search_term_string}"},"query-input":{"@type":"PropertyValueSpecification","valueRequired":true,"valueName":"search_term_string"}}],"inLanguage":"de"},{"@type":"Organization","@id":"https:\/\/www.cfos-emobility.de\/network\/#organization","name":"cFos eMobility GmbH","url":"https:\/\/www.cfos-emobility.de\/network\/","logo":{"@type":"ImageObject","inLanguage":"de","@id":"https:\/\/www.cfos-emobility.de\/network\/#\/schema\/logo\/image\/","url":"https:\/\/www.cfos-emobility.de\/network\/wp-content\/uploads\/2021\/12\/cfos-emobility-logo.jpg","contentUrl":"https:\/\/www.cfos-emobility.de\/network\/wp-content\/uploads\/2021\/12\/cfos-emobility-logo.jpg","width":221,"height":80,"caption":"cFos eMobility GmbH"},"image":{"@id":"https:\/\/www.cfos-emobility.de\/network\/#\/schema\/logo\/image\/"},"sameAs":["https:\/\/x.com\/cFosEmobility"]}]}},"_links":{"self":[{"href":"https:\/\/www.cfos-emobility.de\/network\/wp-json\/wp\/v2\/portfolio\/1236","targetHints":{"allow":["GET"]}}],"collection":[{"href":"https:\/\/www.cfos-emobility.de\/network\/wp-json\/wp\/v2\/portfolio"}],"about":[{"href":"https:\/\/www.cfos-emobility.de\/network\/wp-json\/wp\/v2\/types\/portfolio"}],"replies":[{"embeddable":true,"href":"https:\/\/www.cfos-emobility.de\/network\/wp-json\/wp\/v2\/comments?post=1236"}],"version-history":[{"count":0,"href":"https:\/\/www.cfos-emobility.de\/network\/wp-json\/wp\/v2\/portfolio\/1236\/revisions"}],"wp:featuredmedia":[{"embeddable":true,"href":"https:\/\/www.cfos-emobility.de\/network\/wp-json\/wp\/v2\/media\/1237"}],"wp:attachment":[{"href":"https:\/\/www.cfos-emobility.de\/network\/wp-json\/wp\/v2\/media?parent=1236"}],"wp:term":[{"taxonomy":"portfolio_cat","embeddable":true,"href":"https:\/\/www.cfos-emobility.de\/network\/wp-json\/wp\/v2\/portfolio_cat?post=1236"},{"taxonomy":"portfolio_skills","embeddable":true,"href":"https:\/\/www.cfos-emobility.de\/network\/wp-json\/wp\/v2\/portfolio_skills?post=1236"}],"curies":[{"name":"wp","href":"https:\/\/api.w.org\/{rel}","templated":true}]}}

<blockquote><p>Dieser Kunde ließ sich von seinem Elektriker eine zusätzliche Phasenkontrollleuchte einbauen, die grün leuchtet, wenn das Elektroauto lädt. Dies ist natürlich gestattet, insofern diese Arbeit von einer Fachkraft ordnungsgemäß durchgeführt wird. Vielen Dank für die Einsendung!</p>
<p>Foto: Miha S.</p></blockquote>

<p>Dieser Kunde ließ sich von seinem Elektriker eine zusätzliche Phasenkontrollleuchte einbauen, die grün leuchtet, wenn das Elektroauto lädt. Dies ist natürlich gestattet, insofern diese Arbeit von einer Fachkraft ordnungsgemäß durchgeführt wird. Vielen Dank für die Einsendung! Foto: Miha S.</p>

<!-- This site is optimized with the Yoast SEO plugin v27.4 - https://yoast.com/product/yoast-seo-wordpress/ -->
<title>Wallbox im Einsatz - 05 - cFos eMobility Network</title>
<meta name="robots" content="index, follow, max-snippet:-1, max-image-preview:large, max-video-preview:-1" />
<link rel="canonical" href="https://www.cfos-emobility.de/network/portfolio/wallbox-im-einsatz-05/" />
<meta property="og:locale" content="de_DE" />
<meta property="og:type" content="article" />
<meta property="og:title" content="Wallbox im Einsatz - 05 - cFos eMobility Network" />
<meta property="og:description" content="Dieser Kunde ließ sich von seinem Elektriker eine zusätzliche Phasenkontrollleuchte einbauen, die grün leuchtet, wenn das Elektroauto lädt. Dies ist natürlich gestattet, insofern diese Arbeit von einer Fachkraft ordnungsgemäß durchgeführt wird. Vielen Dank für die Einsendung! Foto: Miha S." />
<meta property="og:url" content="https://www.cfos-emobility.de/network/portfolio/wallbox-im-einsatz-05/" />
<meta property="og:site_name" content="cFos eMobility Network" />
<meta property="article:modified_time" content="2024-07-03T08:59:44+00:00" />
<meta property="og:image" content="https://www.cfos-emobility.de/network/wp-content/uploads/2023/03/IMG_20230307_223902.jpg" />
	<meta property="og:image:width" content="2452" />
	<meta property="og:image:height" content="1839" />
	<meta property="og:image:type" content="image/jpeg" />
<meta name="twitter:card" content="summary_large_image" />
<meta name="twitter:site" content="@cFosEmobility" />
<meta name="twitter:label1" content="Geschätzte Lesezeit" />
	<meta name="twitter:data1" content="1 Minute" />
<script type="application/ld+json" class="yoast-schema-graph">{"@context":"https:\/\/schema.org","@graph":[{"@type":"WebPage","@id":"https:\/\/www.cfos-emobility.de\/network\/portfolio\/wallbox-im-einsatz-05\/","url":"https:\/\/www.cfos-emobility.de\/network\/portfolio\/wallbox-im-einsatz-05\/","name":"Wallbox im Einsatz - 05 - cFos eMobility Network","isPartOf":{"@id":"https:\/\/www.cfos-emobility.de\/network\/#website"},"primaryImageOfPage":{"@id":"https:\/\/www.cfos-emobility.de\/network\/portfolio\/wallbox-im-einsatz-05\/#primaryimage"},"image":{"@id":"https:\/\/www.cfos-emobility.de\/network\/portfolio\/wallbox-im-einsatz-05\/#primaryimage"},"thumbnailUrl":"https:\/\/www.cfos-emobility.de\/network\/wp-content\/uploads\/2023\/03\/IMG_20230307_223902.jpg","datePublished":"2023-03-16T15:12:56+00:00","dateModified":"2024-07-03T08:59:44+00:00","breadcrumb":{"@id":"https:\/\/www.cfos-emobility.de\/network\/portfolio\/wallbox-im-einsatz-05\/#breadcrumb"},"inLanguage":"de","potentialAction":[{"@type":"ReadAction","target":["https:\/\/www.cfos-emobility.de\/network\/portfolio\/wallbox-im-einsatz-05\/"]}]},{"@type":"ImageObject","inLanguage":"de","@id":"https:\/\/www.cfos-emobility.de\/network\/portfolio\/wallbox-im-einsatz-05\/#primaryimage","url":"https:\/\/www.cfos-emobility.de\/network\/wp-content\/uploads\/2023\/03\/IMG_20230307_223902.jpg","contentUrl":"https:\/\/www.cfos-emobility.de\/network\/wp-content\/uploads\/2023\/03\/IMG_20230307_223902.jpg","width":2452,"height":1839},{"@type":"BreadcrumbList","@id":"https:\/\/www.cfos-emobility.de\/network\/portfolio\/wallbox-im-einsatz-05\/#breadcrumb","itemListElement":[{"@type":"ListItem","position":1,"name":"Startseite","item":"https:\/\/www.cfos-emobility.de\/network\/"},{"@type":"ListItem","position":2,"name":"Portfolios","item":"https:\/\/www.cfos-emobility.de\/network\/portfolio\/"},{"@type":"ListItem","position":3,"name":"Wallbox im Einsatz &#8211; 05"}]},{"@type":"WebSite","@id":"https:\/\/www.cfos-emobility.de\/network\/#website","url":"https:\/\/www.cfos-emobility.de\/network\/","name":"cFos eMobility Network","description":"Das cFos Power Brain Community Portal","publisher":{"@id":"https:\/\/www.cfos-emobility.de\/network\/#organization"},"potentialAction":[{"@type":"SearchAction","target":{"@type":"EntryPoint","urlTemplate":"https:\/\/www.cfos-emobility.de\/network\/?s={search_term_string}"},"query-input":{"@type":"PropertyValueSpecification","valueRequired":true,"valueName":"search_term_string"}}],"inLanguage":"de"},{"@type":"Organization","@id":"https:\/\/www.cfos-emobility.de\/network\/#organization","name":"cFos eMobility GmbH","url":"https:\/\/www.cfos-emobility.de\/network\/","logo":{"@type":"ImageObject","inLanguage":"de","@id":"https:\/\/www.cfos-emobility.de\/network\/#\/schema\/logo\/image\/","url":"https:\/\/www.cfos-emobility.de\/network\/wp-content\/uploads\/2021\/12\/cfos-emobility-logo.jpg","contentUrl":"https:\/\/www.cfos-emobility.de\/network\/wp-content\/uploads\/2021\/12\/cfos-emobility-logo.jpg","width":221,"height":80,"caption":"cFos eMobility GmbH"},"image":{"@id":"https:\/\/www.cfos-emobility.de\/network\/#\/schema\/logo\/image\/"},"sameAs":["https:\/\/x.com\/cFosEmobility"]}]}</script>
<!-- / Yoast SEO plugin. -->

Dieser Kunde ließ sich von seinem Elektriker eine zusätzliche Phasenkontrollleuchte einbauen, die grün leuchtet, wenn das Elektroauto lädt. Dies ist natürlich gestattet, insofern diese Arbeit von einer Fachkraft ordnungsgemäß durchgeführt wird. Vielen Dank für die Einsendung! Foto: Miha S.
