{"id":585,"date":"2022-06-14T17:27:22","date_gmt":"2022-06-14T15:27:22","guid":{"rendered":"https:\/\/www.cfos-emobility.de\/network\/?page_id=585"},"modified":"2024-12-09T11:11:58","modified_gmt":"2024-12-09T10:11:58","slug":"cfos-wallbox-im-einsatz","status":"publish","type":"page","link":"https:\/\/www.cfos-emobility.de\/network\/service\/cfos-wallbox-im-einsatz\/","title":{"rendered":"cFos Power Brain Wallbox im Einsatz"},"content":{"rendered":"<div class=\"wpb-content-wrapper\"><p>[vc_row][vc_column][vc_column_text css=&#8220;&#8220; css_params=&#8220;&#8220;]Liebe cFos-Community,<\/p>\n<p>uns erreichen regelm\u00e4\u00dfig Nachrichten und Fotos von Kunden, die ihre individuellen Ladel\u00f6sungen und -infrastrukturen mit uns teilen. Wir sind immer sehr neugierig, wie und wo unsere Produkte genutzt werden, welche Gedanken und Planungen dahinterstecken und auch, wie Kunden ihre <strong>cFos Wallbox<\/strong> in Garagen, Carports und Stellpl\u00e4tzen montieren. Zus\u00e4tzlich interessieren uns n\u00fctzliche <strong>Laderegeln oder Laderegels\u00e4tze<\/strong>, die von Kunden erarbeitet und genutzt werden.<\/p>\n<p><strong>Wir m\u00f6chten diese individuellen Kundenl\u00f6sungen gerne \u00f6ffentlich mit allen anderen Kunden und Interessenten teilen. Zeigen Sie Ihre cFos Power Brain Wallbox im Einsatz! <\/strong><\/p>\n<p>In diesem Formular k\u00f6nnen Sie <strong>Fotos von cFos Wallboxen<\/strong> oder <strong>Screenshots von Laderegeln oder Ladergels\u00e4tzen<\/strong> hochladen und kurz beschreiben, welche Anforderungen Sie an Ihre Ladeinfrastruktur hatten oder haben und wie Sie diese gel\u00f6st haben.<\/p>\n<p>Wir freuen uns \u00fcber jeden Beitrag, der zu dieser Sammlung beitr\u00e4gt. <strong>Wir haben lediglich drei kleine Anforderungen an die Fotos, die Sie uns schicken:<\/strong><\/p>\n<ol>\n<li><strong>Ihre cFos Power Brain Wallbox ist bereits installiert<\/strong><\/li>\n<li><strong>Es ist deutlich zu erkennen, dass es sich um eine cFos Power Brain Wallbox handelt<\/strong><\/li>\n<li><strong>Bei einer Anlage mit mehreren (Fremd)Wallboxen, sollte die cFos Power Brain Wallbox deutlich im Vordergrund zu erkennen sein.<\/strong><\/li>\n<li>Bei <strong>Screenshots von Laderegeln<\/strong> sollte die Laderegel klar sichtbar sein und die Beschreibung leicht verst\u00e4ndlich sein (<a href=\"https:\/\/www.cfos-emobility.de\/network\/portfolio\/laderegel-01\/\" target=\"_blank\" rel=\"noopener\">Beispiel<\/a>).<\/li>\n<li>Bei <strong>Screenshots von Laderegels\u00e4tzen<\/strong> sollte der Laderegelsatz klar sichtbar sein und die Beschreibung sollte alle Parameter auflisten und leicht verst\u00e4ndlich sein (<a href=\"https:\/\/www.cfos-emobility.de\/network\/portfolio\/laderegelsatz-02\/\" target=\"_blank\" rel=\"noopener\">Beispiel<\/a>).<\/li>\n<li>Bei einem <strong>Laderegelsatz<\/strong> muss dieser als json-Datei geliefert werden.<\/li>\n<\/ol>\n<p>Jede Einsendung, die den Kriterien entspricht, wird mit dem neuen <a title=\"cFos eMobility RFID Kartenset Feldhase\" href=\"https:\/\/shop.cfos-emobility.de\/products\/rfid-karten?variant=43641775587592\" target=\"_blank\" rel=\"noopener noreferrer\"><strong>2er RFID-Kartenset <\/strong><\/a>im Wert von 9,90 \u20ac belohnt! Nach Ihrem Upload pr\u00fcfen wir die Fotos kurz und senden Ihnen im Anschluss ein RFID-Kartenset zu. Die Bedingungen hierzu finden Sie weiter unten.[\/vc_column_text][\/vc_column][\/vc_row][vc_row][vc_column][vc_column_text]<form  class=\"kaliforms-form-container bootstrap-wrapper  \" data-form-id=\"584\" style=\"opacity:0\"><h3>Ihre cFos Power Brain Wallbox im Einsatz<\/h3><div id=\"kaliforms-global-error-message-584\" class=\"global-error-message\">Etwas ist schief gelaufen. Bitte versuchen Sie es erneut.<\/div><div class=\"row kali-form-field-row\"><div class=\"col-12 col-md-6 \"><label  for=\"textbox8\">Name <span class=\"kali-required-mark\">*<\/span><\/label><input  data-internal-id=\"textbox8\" type=\"text\" id=\"textbox8\" name=\"name\" data-properties.type=\"text\" required ><\/div><div class=\"col-12 col-md-6 \"><label  for=\"email6\">E-Mail-Adresse <span class=\"kali-required-mark\">*<\/span><\/label><input  data-internal-id=\"email6\" type=\"email\" id=\"email6\" name=\"email\" placeholder=\"beispiel@email.de\"required  class=\"input\"><\/div><\/div><div class=\"row kali-form-field-row\"><div class=\"col-12 col-md-12 \"><label  for=\"textarea7\">Erz\u00e4hlen Sie uns etwas \u00fcber Ihre Anlage & warum Sie sich f\u00fcr cFos entschieden haben!<\/label><textarea  data-internal-id=\"textarea7\" type=\"textarea\" id=\"textarea7\" name=\"message\" placeholder=\"Hausanschlussleistung, Anforderungen an die Wallbox, ggf. Eigenkreationen, wie viele PKW werden geladen...\" rows=\"5\" class=\"input\"><\/textarea><\/div><\/div><div class=\"row kali-form-field-row\"><div class=\"col-12\"><hr \/><\/div><\/div><div class=\"row kali-form-field-row\"><div class=\"col-12 col-md-12 \"><span  data-internal-id=\"freetext9\" type=\"freeText\" id=\"freeText9\" name=\"freeTexte55\">Hier k\u00f6nnen Sie per Drag &amp; Drop die Fotos Ihrer Ladel\u00f6sungen oder Screenshots von Laderegeln hochladen. \n\nDateiformate: JPG, JPEG &amp; PNG<\/span><\/div><\/div><div class=\"row kali-form-field-row\"><div class=\"col-12\"><hr \/><\/div><\/div><div class=\"row kali-form-field-row\"><div class=\"col-12 col-md-12 \"><div data-internal-id=\"fileupload1\"><input  data-internal-id=\"fileupload1\" type=\"file\" id=\"fileUpload1\" name=\"fileUpload\" data-acceptedExtensions=\"image\/jpeg,image\/pjpeg,image\/jpeg,image\/pjpeg,image\/png\" instantUpload imagePreview  style=\"display:none\"><\/div><\/div><\/div><div class=\"row kali-form-field-row\"><div class=\"col-12\"><hr \/><\/div><\/div><div class=\"row kali-form-field-row\"><div class=\"col-12 col-md-12 \"><label class=\"checkbox-label\" style=\"margin-bottom:15px;display:inline-block\">erforderlich <span class=\"kali-required-mark\">*<\/span><\/label><div class=\"row\"><span class=\"col-12 col-md-4\"><label class=\"checkbox-label\"><input  data-internal-id=\"checkbox5\" type=\"checkbox\" id=\"checkbox50\" name=\"checkbox\" data-flow=\"horizontal\" required  class=\"input\"  value=\"choice\">Ich versichere, dass ich \u00fcber die Bildrechte verf\u00fcge.<\/label><\/span><\/div><\/div><\/div><div class=\"row kali-form-field-row\"><div class=\"col-12 col-md-12 \"><label class=\"checkbox-label\" style=\"margin-bottom:15px;display:inline-block\"> <span class=\"kali-required-mark\">*<\/span><\/label><div class=\"row\"><span class=\"col-12 col-md-4\"><label class=\"checkbox-label\"><input  data-internal-id=\"checkbox4\" type=\"checkbox\" id=\"checkbox40\" name=\"Checkbox\" data-flow=\"horizontal\" required  class=\"input\"  value=\"choice\">Ich erteile der cFos eMobility GmbH die Erlaubnis meine eingesendeten Fotos oder Screenshots bis auf Widerruf zu ver\u00f6ffentlichen. Diese Erlaubnis gilt f\u00fcr die Website sowie evtl. Social Media Kan\u00e4le.<\/label><\/span><\/div><\/div><\/div><div class=\"row kali-form-field-row\"><div class=\"col-12\"><hr \/><\/div><\/div><div class=\"row kali-form-field-row\"><div class=\"col-12 col-md-12 \"><input  data-internal-id=\"submitbutton3\" type=\"submit\" id=\"submitButton3\" data-style=\"default\"  name=\"submitButton3\" class=\"input\" value=\"Abschicken\" ><\/div><\/div><div class=\"row kali-form-field-row\"><div class=\"col-12 col-md-12 \"><span  data-internal-id=\"freetext14\" type=\"freeText\" id=\"freeText14\" name=\"freeText494\">Alle Felder mit * sind Pflichtfelder<\/span><\/div><\/div><label class=\"khpfield\" for=\"kf-name-field\"><input class=\"khpfield\" id=\"kf-name-field\" name=\"kf-name-field\" autocomplete=\"off\" type=\"textbox\" \/><\/label><label class=\"khpfield\" for=\"kf-email-field\"><input class=\"khpfield\" id=\"kf-email-field\" name=\"kf-email-field\" autocomplete=\"off\" type=\"textbox\" \/><\/label><!-- This form was built using Kali Forms --><\/form>[\/vc_column_text][\/vc_column][\/vc_row][vc_row][vc_column][vc_column_text css=&#8220;&#8220; css_params=&#8220;&#8220;]<span style=\"font-size: 16px;\"><strong>Teilnahmebedingungen der cFos eMobility Foto-Aktion:<\/strong><\/span><\/p>\n<ul>\n<li><span style=\"font-size: 16px;\">Die Teilnahme ist nur einmal je Kunde\/Nutzer (fortan: Kunde) m\u00f6glich. Sollten Sie die Wallbox \u00fcber Dritte (bspw. Elektrofachbetrieb) bezogen haben, ist die Teilnahme ebenfalls m\u00f6glich.<\/span><\/li>\n<li><span style=\"font-size: 16px;\">Es werden ausschlie\u00dflich Fotos der cFos Power Brain Wallbox (alle Modelle) und Screenshots des cFos Charging Managers ber\u00fccksichtigt, die den Fotokriterien entsprechen. Sie erhalten das RFID-Kartenset nur in Verbindung mit der Erlaubnis zur Ver\u00f6ffentlichung (Social Media optional).<\/span><\/li>\n<li><span style=\"font-size: 16px;\">Sie verf\u00fcgen \u00fcber die Bildrechte Ihrer Einsendung. Es gilt das Urheberrechtsgesetz. Die cFos eMobility GmbH unterl\u00e4sst s\u00e4mtliche T\u00e4tigkeiten mit Ihren Fotos, denen Sie nicht explizit zustimmen.<\/span><\/li>\n<li><span style=\"font-size: 16px;\">Sie erteilen der cFos eMobility GmbH die Erlaubnis Ihr Foto, Ihr Screenshot oder Ihre Laderegelsatz-Datei auf unserem Web-Auftritt zu ver\u00f6ffentlichen. Der Ver\u00f6ffentlichung auf Social-Media-Kan\u00e4len (bspw. Twitter, Instagram) k\u00f6nnen Sie optional zustimmen.<\/span><\/li>\n<li><span style=\"font-size: 16px;\">Die Ver\u00f6ffentlichung verl\u00e4uft anonymisiert. Wir nennen lediglich Ihren Vornamen und den ersten Buchstaben Ihres Nachnamens. Weder Ihre Wohnadresse noch Adresse des Ladepunktes noch anderweitige pers\u00f6nliche Daten werden ver\u00f6ffentlicht. Ggf. sichtbare Kennzeichen werden unkenntlich gemacht. Sollten Sie nicht mit der anonymisierten Nennung Ihres Namens einverstanden sein, ist dies kein Ausschlusskriterium.<\/span><\/li>\n<li><span style=\"font-size: 16px;\">Um Ihr Dankesch\u00f6n zu erhalten, nennen Sie uns bitte die gew\u00fcnschte Postadresse im Kommentarfeld des Formulars.<\/span><\/li>\n<li><span style=\"font-size: 16px;\">Die cFos eMobility GmbH ver\u00f6ffentlicht keine Fotos, die im Kontext zu politischen, beleidigenden, propagandistischen oder anderweitigen Inhalten stehen, die zu St\u00f6rung des \u00f6ffentlichen Friedens beitragen oder in expliziter Weise Einzelpersonen, Menschengruppen oder Organisationen diffamieren.<\/span><\/li>\n<li><span style=\"font-size: 16px;\">Es gelten weiterhin die <a href=\"https:\/\/www.cfos-emobility.de\/de\/contact\/contact.htm\">AGB<\/a> der cFos eMobility GmbH<\/span><\/li>\n<li>Die Foto-Aktion l\u00e4uft bis auf Widerruf durch die cFos eMobility GmbH<\/li>\n<\/ul>\n<p>[\/vc_column_text][\/vc_column][\/vc_row][vc_row el_id=&#8220;overview&#8220; conditional_render=&#8220;%5B%7B%22value_role%22%3A%22administrator%22%7D%5D&#8220;][vc_column][vc_column_text css=&#8220;&#8220; el_id=&#8220;overview&#8220;]<\/p>\n<h2>Wallbox im Einsatz &#8211; \u00dcbersicht<\/h2>\n<p>Bisher eingereichte L\u00f6sungen:[\/vc_column_text][porto_tb_posts post_type=&#8220;portfolio&#8220; orderby=&#8220;rand&#8220; category_filter=&#8220;true&#8220;][\/vc_column][\/vc_row]<\/p>\n<\/div>","protected":false},"excerpt":{"rendered":"<p>[vc_row][vc_column][vc_column_text css=&#8220;&#8220; css_params=&#8220;&#8220;]Liebe cFos-Community, uns erreichen regelm\u00e4\u00dfig Nachrichten und Fotos von Kunden, die ihre individuellen Ladel\u00f6sungen und -infrastrukturen mit uns teilen. Wir sind immer sehr neugierig, wie und wo unsere Produkte genutzt werden, welche Gedanken und Planungen dahinterstecken und auch, wie Kunden ihre cFos Wallbox in Garagen, Carports und Stellpl\u00e4tzen montieren. Zus\u00e4tzlich interessieren uns n\u00fctzliche [&hellip;]<\/p>\n","protected":false},"author":1,"featured_media":0,"parent":172,"menu_order":0,"comment_status":"closed","ping_status":"closed","template":"","meta":{"footnotes":""},"categories":[],"tags":[],"class_list":["post-585","page","type-page","status-publish","hentry"],"yoast_head":"<!-- This site is optimized with the Yoast SEO plugin v27.5 - https:\/\/yoast.com\/product\/yoast-seo-wordpress\/ -->\n<title>cFos Power Brain Wallbox im Einsatz - cFos eMobility Network<\/title>\n<meta name=\"robots\" content=\"index, follow, max-snippet:-1, max-image-preview:large, max-video-preview:-1\" \/>\n<link rel=\"canonical\" href=\"https:\/\/www.cfos-emobility.de\/network\/service\/cfos-wallbox-im-einsatz\/\" \/>\n<meta property=\"og:locale\" content=\"de_DE\" \/>\n<meta property=\"og:type\" content=\"article\" \/>\n<meta property=\"og:title\" content=\"cFos Power Brain Wallbox im Einsatz - cFos eMobility Network\" \/>\n<meta property=\"og:description\" content=\"[vc_row][vc_column][vc_column_text css=&#8220;&#8220; css_params=&#8220;&#8220;]Liebe cFos-Community, uns erreichen regelm\u00e4\u00dfig Nachrichten und Fotos von Kunden, die ihre individuellen Ladel\u00f6sungen und -infrastrukturen mit uns teilen. Wir sind immer sehr neugierig, wie und wo unsere Produkte genutzt werden, welche Gedanken und Planungen dahinterstecken und auch, wie Kunden ihre cFos Wallbox in Garagen, Carports und Stellpl\u00e4tzen montieren. Zus\u00e4tzlich interessieren uns n\u00fctzliche [&hellip;]\" \/>\n<meta property=\"og:url\" content=\"https:\/\/www.cfos-emobility.de\/network\/service\/cfos-wallbox-im-einsatz\/\" \/>\n<meta property=\"og:site_name\" content=\"cFos eMobility Network\" \/>\n<meta property=\"article:modified_time\" content=\"2024-12-09T10:11:58+00:00\" \/>\n<meta name=\"twitter:card\" content=\"summary_large_image\" \/>\n<meta name=\"twitter:site\" content=\"@cFosEmobility\" \/>\n<meta name=\"twitter:label1\" content=\"Gesch\u00e4tzte Lesezeit\" \/>\n\t<meta name=\"twitter:data1\" content=\"3\u00a0Minuten\" \/>\n<script type=\"application\/ld+json\" class=\"yoast-schema-graph\">{\"@context\":\"https:\\\/\\\/schema.org\",\"@graph\":[{\"@type\":\"WebPage\",\"@id\":\"https:\\\/\\\/www.cfos-emobility.de\\\/network\\\/service\\\/cfos-wallbox-im-einsatz\\\/\",\"url\":\"https:\\\/\\\/www.cfos-emobility.de\\\/network\\\/service\\\/cfos-wallbox-im-einsatz\\\/\",\"name\":\"cFos Power Brain Wallbox im Einsatz - cFos eMobility Network\",\"isPartOf\":{\"@id\":\"https:\\\/\\\/www.cfos-emobility.de\\\/network\\\/#website\"},\"datePublished\":\"2022-06-14T15:27:22+00:00\",\"dateModified\":\"2024-12-09T10:11:58+00:00\",\"breadcrumb\":{\"@id\":\"https:\\\/\\\/www.cfos-emobility.de\\\/network\\\/service\\\/cfos-wallbox-im-einsatz\\\/#breadcrumb\"},\"inLanguage\":\"de\",\"potentialAction\":[{\"@type\":\"ReadAction\",\"target\":[\"https:\\\/\\\/www.cfos-emobility.de\\\/network\\\/service\\\/cfos-wallbox-im-einsatz\\\/\"]}]},{\"@type\":\"BreadcrumbList\",\"@id\":\"https:\\\/\\\/www.cfos-emobility.de\\\/network\\\/service\\\/cfos-wallbox-im-einsatz\\\/#breadcrumb\",\"itemListElement\":[{\"@type\":\"ListItem\",\"position\":1,\"name\":\"Startseite\",\"item\":\"https:\\\/\\\/www.cfos-emobility.de\\\/network\\\/\"},{\"@type\":\"ListItem\",\"position\":2,\"name\":\"Service\",\"item\":\"https:\\\/\\\/www.cfos-emobility.de\\\/network\\\/service\\\/\"},{\"@type\":\"ListItem\",\"position\":3,\"name\":\"cFos Power Brain Wallbox im Einsatz\"}]},{\"@type\":\"WebSite\",\"@id\":\"https:\\\/\\\/www.cfos-emobility.de\\\/network\\\/#website\",\"url\":\"https:\\\/\\\/www.cfos-emobility.de\\\/network\\\/\",\"name\":\"cFos eMobility Network\",\"description\":\"Das cFos Power Brain Community Portal\",\"publisher\":{\"@id\":\"https:\\\/\\\/www.cfos-emobility.de\\\/network\\\/#organization\"},\"potentialAction\":[{\"@type\":\"SearchAction\",\"target\":{\"@type\":\"EntryPoint\",\"urlTemplate\":\"https:\\\/\\\/www.cfos-emobility.de\\\/network\\\/?s={search_term_string}\"},\"query-input\":{\"@type\":\"PropertyValueSpecification\",\"valueRequired\":true,\"valueName\":\"search_term_string\"}}],\"inLanguage\":\"de\"},{\"@type\":\"Organization\",\"@id\":\"https:\\\/\\\/www.cfos-emobility.de\\\/network\\\/#organization\",\"name\":\"cFos eMobility GmbH\",\"url\":\"https:\\\/\\\/www.cfos-emobility.de\\\/network\\\/\",\"logo\":{\"@type\":\"ImageObject\",\"inLanguage\":\"de\",\"@id\":\"https:\\\/\\\/www.cfos-emobility.de\\\/network\\\/#\\\/schema\\\/logo\\\/image\\\/\",\"url\":\"https:\\\/\\\/www.cfos-emobility.de\\\/network\\\/wp-content\\\/uploads\\\/2021\\\/12\\\/cfos-emobility-logo.jpg\",\"contentUrl\":\"https:\\\/\\\/www.cfos-emobility.de\\\/network\\\/wp-content\\\/uploads\\\/2021\\\/12\\\/cfos-emobility-logo.jpg\",\"width\":221,\"height\":80,\"caption\":\"cFos eMobility GmbH\"},\"image\":{\"@id\":\"https:\\\/\\\/www.cfos-emobility.de\\\/network\\\/#\\\/schema\\\/logo\\\/image\\\/\"},\"sameAs\":[\"https:\\\/\\\/x.com\\\/cFosEmobility\"]}]}<\/script>\n<!-- \/ Yoast SEO plugin. -->","yoast_head_json":{"title":"cFos Power Brain Wallbox im Einsatz - cFos eMobility Network","robots":{"index":"index","follow":"follow","max-snippet":"max-snippet:-1","max-image-preview":"max-image-preview:large","max-video-preview":"max-video-preview:-1"},"canonical":"https:\/\/www.cfos-emobility.de\/network\/service\/cfos-wallbox-im-einsatz\/","og_locale":"de_DE","og_type":"article","og_title":"cFos Power Brain Wallbox im Einsatz - cFos eMobility Network","og_description":"[vc_row][vc_column][vc_column_text css=&#8220;&#8220; css_params=&#8220;&#8220;]Liebe cFos-Community, uns erreichen regelm\u00e4\u00dfig Nachrichten und Fotos von Kunden, die ihre individuellen Ladel\u00f6sungen und -infrastrukturen mit uns teilen. Wir sind immer sehr neugierig, wie und wo unsere Produkte genutzt werden, welche Gedanken und Planungen dahinterstecken und auch, wie Kunden ihre cFos Wallbox in Garagen, Carports und Stellpl\u00e4tzen montieren. Zus\u00e4tzlich interessieren uns n\u00fctzliche [&hellip;]","og_url":"https:\/\/www.cfos-emobility.de\/network\/service\/cfos-wallbox-im-einsatz\/","og_site_name":"cFos eMobility Network","article_modified_time":"2024-12-09T10:11:58+00:00","twitter_card":"summary_large_image","twitter_site":"@cFosEmobility","twitter_misc":{"Gesch\u00e4tzte Lesezeit":"3\u00a0Minuten"},"schema":{"@context":"https:\/\/schema.org","@graph":[{"@type":"WebPage","@id":"https:\/\/www.cfos-emobility.de\/network\/service\/cfos-wallbox-im-einsatz\/","url":"https:\/\/www.cfos-emobility.de\/network\/service\/cfos-wallbox-im-einsatz\/","name":"cFos Power Brain Wallbox im Einsatz - cFos eMobility Network","isPartOf":{"@id":"https:\/\/www.cfos-emobility.de\/network\/#website"},"datePublished":"2022-06-14T15:27:22+00:00","dateModified":"2024-12-09T10:11:58+00:00","breadcrumb":{"@id":"https:\/\/www.cfos-emobility.de\/network\/service\/cfos-wallbox-im-einsatz\/#breadcrumb"},"inLanguage":"de","potentialAction":[{"@type":"ReadAction","target":["https:\/\/www.cfos-emobility.de\/network\/service\/cfos-wallbox-im-einsatz\/"]}]},{"@type":"BreadcrumbList","@id":"https:\/\/www.cfos-emobility.de\/network\/service\/cfos-wallbox-im-einsatz\/#breadcrumb","itemListElement":[{"@type":"ListItem","position":1,"name":"Startseite","item":"https:\/\/www.cfos-emobility.de\/network\/"},{"@type":"ListItem","position":2,"name":"Service","item":"https:\/\/www.cfos-emobility.de\/network\/service\/"},{"@type":"ListItem","position":3,"name":"cFos Power Brain Wallbox im Einsatz"}]},{"@type":"WebSite","@id":"https:\/\/www.cfos-emobility.de\/network\/#website","url":"https:\/\/www.cfos-emobility.de\/network\/","name":"cFos eMobility Network","description":"Das cFos Power Brain Community Portal","publisher":{"@id":"https:\/\/www.cfos-emobility.de\/network\/#organization"},"potentialAction":[{"@type":"SearchAction","target":{"@type":"EntryPoint","urlTemplate":"https:\/\/www.cfos-emobility.de\/network\/?s={search_term_string}"},"query-input":{"@type":"PropertyValueSpecification","valueRequired":true,"valueName":"search_term_string"}}],"inLanguage":"de"},{"@type":"Organization","@id":"https:\/\/www.cfos-emobility.de\/network\/#organization","name":"cFos eMobility GmbH","url":"https:\/\/www.cfos-emobility.de\/network\/","logo":{"@type":"ImageObject","inLanguage":"de","@id":"https:\/\/www.cfos-emobility.de\/network\/#\/schema\/logo\/image\/","url":"https:\/\/www.cfos-emobility.de\/network\/wp-content\/uploads\/2021\/12\/cfos-emobility-logo.jpg","contentUrl":"https:\/\/www.cfos-emobility.de\/network\/wp-content\/uploads\/2021\/12\/cfos-emobility-logo.jpg","width":221,"height":80,"caption":"cFos eMobility GmbH"},"image":{"@id":"https:\/\/www.cfos-emobility.de\/network\/#\/schema\/logo\/image\/"},"sameAs":["https:\/\/x.com\/cFosEmobility"]}]}},"_links":{"self":[{"href":"https:\/\/www.cfos-emobility.de\/network\/wp-json\/wp\/v2\/pages\/585","targetHints":{"allow":["GET"]}}],"collection":[{"href":"https:\/\/www.cfos-emobility.de\/network\/wp-json\/wp\/v2\/pages"}],"about":[{"href":"https:\/\/www.cfos-emobility.de\/network\/wp-json\/wp\/v2\/types\/page"}],"author":[{"embeddable":true,"href":"https:\/\/www.cfos-emobility.de\/network\/wp-json\/wp\/v2\/users\/1"}],"replies":[{"embeddable":true,"href":"https:\/\/www.cfos-emobility.de\/network\/wp-json\/wp\/v2\/comments?post=585"}],"version-history":[{"count":0,"href":"https:\/\/www.cfos-emobility.de\/network\/wp-json\/wp\/v2\/pages\/585\/revisions"}],"up":[{"embeddable":true,"href":"https:\/\/www.cfos-emobility.de\/network\/wp-json\/wp\/v2\/pages\/172"}],"wp:attachment":[{"href":"https:\/\/www.cfos-emobility.de\/network\/wp-json\/wp\/v2\/media?parent=585"}],"wp:term":[{"taxonomy":"category","embeddable":true,"href":"https:\/\/www.cfos-emobility.de\/network\/wp-json\/wp\/v2\/categories?post=585"},{"taxonomy":"post_tag","embeddable":true,"href":"https:\/\/www.cfos-emobility.de\/network\/wp-json\/wp\/v2\/tags?post=585"}],"curies":[{"name":"wp","href":"https:\/\/api.w.org\/{rel}","templated":true}]}}