{"id":5325,"date":"2025-02-28T17:56:14","date_gmt":"2025-02-28T16:56:14","guid":{"rendered":"https:\/\/www.cfos-emobility.de\/network\/?page_id=5325"},"modified":"2025-02-28T17:56:14","modified_gmt":"2025-02-28T16:56:14","slug":"erklaerung-der-dokumentationsseite-laderegel-e-auto","status":"publish","type":"page","link":"https:\/\/www.cfos-emobility.de\/network\/erklaerung-der-dokumentationsseite-laderegel-e-auto\/","title":{"rendered":"Erkl\u00e4rung der Dokumentationsseite &#8222;Laderegel E-Auto"},"content":{"rendered":"<div class=\"wpb-content-wrapper\"><p>[vc_row][vc_column][vc_column_text css=&#8220;&#8220; css_params=&#8220;&#8220;]<a href=\"https:\/\/www.cfos-emobility.de\/de\/cfos-charging-manager\/documentation\/charging-rules.htm\" target=\"_blank\" rel=\"noopener\">Zusammenfassende Erl\u00e4uterung Dokumentationseite: <strong>Laderegeln<\/strong><\/a>[\/vc_column_text][vc_column_text css=&#8220;&#8220; css_params=&#8220;&#8220;]<\/p>\n<h3 data-start=\"114\" data-end=\"185\"><strong data-start=\"118\" data-end=\"185\">Laderegeln im cFos Charging Manager \u2013 Erkl\u00e4rung und Einrichtung<\/strong><\/h3>\n<h4 data-start=\"187\" data-end=\"243\"><strong data-start=\"192\" data-end=\"243\">1. Wo werden Laderegeln definiert und gepflegt?<\/strong><\/h4>\n<p data-start=\"244\" data-end=\"454\">Laderegeln werden im <strong data-start=\"265\" data-end=\"290\">cFos Charging Manager<\/strong> f\u00fcr jede Wallbox individuell definiert. Sie k\u00f6nnen entweder direkt bei der jeweiligen <strong data-start=\"377\" data-end=\"388\">Wallbox<\/strong> oder \u00fcber <strong data-start=\"399\" data-end=\"434\">Benutzer- bzw. RFID-Zuweisungen<\/strong> festgelegt werden.<\/p>\n<ul data-start=\"456\" data-end=\"797\">\n<li data-start=\"456\" data-end=\"536\"><strong data-start=\"458\" data-end=\"489\">Wallbox-spezifische Regeln:<\/strong> Direkt in der Wallbox-Konfiguration definiert.<\/li>\n<li data-start=\"537\" data-end=\"797\"><strong data-start=\"539\" data-end=\"582\">Benutzer- oder RFID-spezifische Regeln:<\/strong> Falls Benutzer oder RFID-Karten genutzt werden, k\u00f6nnen f\u00fcr diese eigene Laderegeln angelegt werden. Der Benutzer \u201eAV-privat\u201c kann eine eigene Regel erhalten, um sicherzustellen, dass nur er die Wallbox nutzen darf.<\/li>\n<\/ul>\n<h4 data-start=\"799\" data-end=\"840\"><strong data-start=\"804\" data-end=\"840\">2. Wie funktionieren Laderegeln?<\/strong><\/h4>\n<p data-start=\"841\" data-end=\"1048\">Laderegeln werden <strong data-start=\"859\" data-end=\"874\">sequenziell<\/strong> von oben nach unten verarbeitet. Jede Regel hat eine <strong data-start=\"928\" data-end=\"941\">Bedingung<\/strong> (z. B. &#8222;RFID ist erkannt&#8220;) und eine <strong data-start=\"978\" data-end=\"988\">Aktion<\/strong> (z. B. &#8222;Ladevorgang starten&#8220;). Die Abarbeitung endet, wenn:<\/p>\n<ul data-start=\"1049\" data-end=\"1140\">\n<li data-start=\"1049\" data-end=\"1086\">Alle Regeln durchlaufen wurden oder<\/li>\n<li data-start=\"1087\" data-end=\"1140\">Eine Regel mit der Option \u201eBeenden\u201c erreicht wurde.<\/li>\n<\/ul>\n<p data-start=\"1142\" data-end=\"1157\"><strong data-start=\"1142\" data-end=\"1157\">Startwerte:<\/strong><\/p>\n<ul data-start=\"1158\" data-end=\"1333\">\n<li data-start=\"1158\" data-end=\"1259\"><strong data-start=\"1160\" data-end=\"1174\">Wallboxen:<\/strong> Standardm\u00e4\u00dfig ist der Ladestrom <strong data-start=\"1207\" data-end=\"1215\">0 mA<\/strong> (Laden pausiert), falls keine Regel greift.<\/li>\n<li data-start=\"1260\" data-end=\"1333\"><strong data-start=\"1262\" data-end=\"1283\">Batteriespeicher:<\/strong> Startwert ist die maximale Lade-\/Entladeleistung.<\/li>\n<\/ul>\n<h4 data-start=\"1335\" data-end=\"1417\"><strong data-start=\"1340\" data-end=\"1417\">3. Welche Laderegeln sind f\u00fcr eine einfache RFID-Freischaltung notwendig?<\/strong><\/h4>\n<p data-start=\"1418\" data-end=\"1522\">Um sicherzustellen, dass nur <strong data-start=\"1447\" data-end=\"1471\">Benutzer \u201eAV-privat\u201c<\/strong> \u00fcber <strong data-start=\"1477\" data-end=\"1491\">RFID laden<\/strong> kann, gehen Sie wie folgt vor:<\/p>\n<ol data-start=\"1524\" data-end=\"2159\">\n<li data-start=\"1524\" data-end=\"1659\">\n<p data-start=\"1527\" data-end=\"1555\"><strong data-start=\"1527\" data-end=\"1553\">RFID-Benutzer anlegen:<\/strong><\/p>\n<ul data-start=\"1559\" data-end=\"1659\">\n<li data-start=\"1559\" data-end=\"1656\">F\u00fcgen Sie den Benutzer \u201eAV-privat\u201c mit der entsprechenden RFID-Karte im Charging Manager hinzu.<\/li>\n<\/ul>\n<\/li>\n<li data-start=\"1660\" data-end=\"1903\">\n<p data-start=\"1663\" data-end=\"1709\"><strong data-start=\"1663\" data-end=\"1707\">Laderegel f\u00fcr diesen Benutzer erstellen:<\/strong><\/p>\n<ul data-start=\"1713\" data-end=\"1903\">\n<li data-start=\"1713\" data-end=\"1759\">Bedingung: <strong data-start=\"1726\" data-end=\"1757\">RFID entspricht \u201eAV-privat\u201c<\/strong><\/li>\n<li data-start=\"1763\" data-end=\"1818\">Aktion: <strong data-start=\"1773\" data-end=\"1816\">Laden aktivieren, z. B. auf 16 A setzen<\/strong><\/li>\n<li data-start=\"1822\" data-end=\"1903\">Optional: \u201eBeenden\u201c aktivieren, damit keine weiteren Regeln verarbeitet werden.<\/li>\n<\/ul>\n<\/li>\n<li data-start=\"1905\" data-end=\"2159\">\n<p data-start=\"1908\" data-end=\"1946\"><strong data-start=\"1908\" data-end=\"1944\">Alternative Regeln ausschlie\u00dfen:<\/strong><\/p>\n<ul data-start=\"1950\" data-end=\"2159\">\n<li data-start=\"1950\" data-end=\"2159\">Falls andere Laderegeln existieren, die das Laden f\u00fcr andere Benutzer oder Bedingungen erm\u00f6glichen, sollten diese so angepasst werden, dass sie mit &#8222;RFID \u2260 AV-privat&#8220; oder &#8222;Nicht gesetzt&#8220; deaktiviert werden.<\/li>\n<\/ul>\n<\/li>\n<\/ol>\n<h4 data-start=\"2161\" data-end=\"2209\"><strong data-start=\"2166\" data-end=\"2209\">4. Wie spielen die Laderegeln zusammen?<\/strong><\/h4>\n<p data-start=\"2210\" data-end=\"2260\">Die Reihenfolge der Regeln bestimmt das Verhalten:<\/p>\n<ul data-start=\"2261\" data-end=\"2609\">\n<li data-start=\"2261\" data-end=\"2312\">Die erste passende Regel legt den Ladestrom fest.<\/li>\n<li data-start=\"2313\" data-end=\"2412\">Falls eine Regel die Option <strong data-start=\"2343\" data-end=\"2356\">\u201eBeenden\u201c<\/strong> aktiviert hat, wird keine weitere Regel mehr \u00fcberpr\u00fcft.<\/li>\n<li data-start=\"2413\" data-end=\"2512\"><strong data-start=\"2415\" data-end=\"2432\">PV-\u00dcberschuss<\/strong>-Regeln werden immer zuerst gepr\u00fcft, bevor andere Laderegeln verarbeitet werden.<\/li>\n<li data-start=\"2513\" data-end=\"2609\"><strong data-start=\"2515\" data-end=\"2559\">Netzlastmanagement und Phasenumschaltung<\/strong> greifen je nach Regelkonfiguration ebenfalls ein.<\/li>\n<\/ul>\n<h4 data-start=\"2611\" data-end=\"2660\"><strong data-start=\"2616\" data-end=\"2660\">5. PV-\u00dcberschussladen vs. normales Laden<\/strong><\/h4>\n<ul data-start=\"2661\" data-end=\"3003\">\n<li data-start=\"2661\" data-end=\"2762\">Falls PV-\u00dcberschuss genutzt wird, sollte eine <strong data-start=\"2709\" data-end=\"2754\">erste Regel mit &#8222;PV-\u00dcberschuss&#8220; aktiviert<\/strong> werden.<\/li>\n<li data-start=\"2763\" data-end=\"2876\">Falls nicht genug PV-\u00dcberschuss vorhanden ist, kann eine <strong data-start=\"2822\" data-end=\"2867\">zweite Regel mit \u201eImmer laden\u201c als Backup<\/strong> greifen.<\/li>\n<li data-start=\"2877\" data-end=\"3003\">Falls die Wallbox nicht als PV-\u00dcberschuss geladen werden soll, sollte eine Regel mit \u201eSetze Wert auf -1\u201c hinzugef\u00fcgt werden.<\/li>\n<\/ul>\n<h4 data-start=\"3005\" data-end=\"3040\"><strong data-start=\"3010\" data-end=\"3040\">6. Logging und Fehlersuche<\/strong><\/h4>\n<p data-start=\"3041\" data-end=\"3095\">Falls die Laderegeln nicht wie erwartet funktionieren:<\/p>\n<ul data-start=\"3096\" data-end=\"3263\">\n<li data-start=\"3096\" data-end=\"3181\"><strong data-start=\"3098\" data-end=\"3144\">Unter Konfiguration \u2192 Logging \u2192 Laderegeln<\/strong> kann das Verhalten \u00fcberpr\u00fcft werden.<\/li>\n<li data-start=\"3182\" data-end=\"3263\">Hier wird protokolliert, welche Regeln greifen und welche Werte gesetzt werden.<\/li>\n<\/ul>\n<p>[\/vc_column_text][\/vc_column][\/vc_row]<\/p>\n<\/div>","protected":false},"excerpt":{"rendered":"<p>[vc_row][vc_column][vc_column_text css=&#8220;&#8220; css_params=&#8220;&#8220;]Zusammenfassende Erl\u00e4uterung Dokumentationseite: Laderegeln[\/vc_column_text][vc_column_text css=&#8220;&#8220; css_params=&#8220;&#8220;] Laderegeln im cFos Charging Manager \u2013 Erkl\u00e4rung und Einrichtung 1. Wo werden Laderegeln definiert und gepflegt? Laderegeln werden im cFos Charging Manager f\u00fcr jede Wallbox individuell definiert. Sie k\u00f6nnen entweder direkt bei der jeweiligen Wallbox oder \u00fcber Benutzer- bzw. RFID-Zuweisungen festgelegt werden. Wallbox-spezifische Regeln: Direkt in der [&hellip;]<\/p>\n","protected":false},"author":1,"featured_media":0,"parent":0,"menu_order":0,"comment_status":"closed","ping_status":"closed","template":"","meta":{"footnotes":""},"categories":[],"tags":[],"class_list":["post-5325","page","type-page","status-publish","hentry"],"yoast_head":"<!-- This site is optimized with the Yoast SEO plugin v27.3 - https:\/\/yoast.com\/product\/yoast-seo-wordpress\/ -->\n<title>Erkl\u00e4rung der Dokumentationsseite &quot;Laderegel E-Auto - cFos eMobility Network<\/title>\n<meta name=\"robots\" content=\"index, follow, max-snippet:-1, max-image-preview:large, max-video-preview:-1\" \/>\n<link rel=\"canonical\" href=\"https:\/\/www.cfos-emobility.de\/network\/erklaerung-der-dokumentationsseite-laderegel-e-auto\/\" \/>\n<meta property=\"og:locale\" content=\"de_DE\" \/>\n<meta property=\"og:type\" content=\"article\" \/>\n<meta property=\"og:title\" content=\"Erkl\u00e4rung der Dokumentationsseite &quot;Laderegel E-Auto - cFos eMobility Network\" \/>\n<meta property=\"og:description\" content=\"[vc_row][vc_column][vc_column_text css=&#8220;&#8220; css_params=&#8220;&#8220;]Zusammenfassende Erl\u00e4uterung Dokumentationseite: Laderegeln[\/vc_column_text][vc_column_text css=&#8220;&#8220; css_params=&#8220;&#8220;] Laderegeln im cFos Charging Manager \u2013 Erkl\u00e4rung und Einrichtung 1. Wo werden Laderegeln definiert und gepflegt? Laderegeln werden im cFos Charging Manager f\u00fcr jede Wallbox individuell definiert. Sie k\u00f6nnen entweder direkt bei der jeweiligen Wallbox oder \u00fcber Benutzer- bzw. RFID-Zuweisungen festgelegt werden. Wallbox-spezifische Regeln: Direkt in der [&hellip;]\" \/>\n<meta property=\"og:url\" content=\"https:\/\/www.cfos-emobility.de\/network\/erklaerung-der-dokumentationsseite-laderegel-e-auto\/\" \/>\n<meta property=\"og:site_name\" content=\"cFos eMobility Network\" \/>\n<meta name=\"twitter:card\" content=\"summary_large_image\" \/>\n<meta name=\"twitter:site\" content=\"@cFosEmobility\" \/>\n<meta name=\"twitter:label1\" content=\"Gesch\u00e4tzte Lesezeit\" \/>\n\t<meta name=\"twitter:data1\" content=\"3\u00a0Minuten\" \/>\n<script type=\"application\/ld+json\" class=\"yoast-schema-graph\">{\"@context\":\"https:\\\/\\\/schema.org\",\"@graph\":[{\"@type\":\"WebPage\",\"@id\":\"https:\\\/\\\/www.cfos-emobility.de\\\/network\\\/erklaerung-der-dokumentationsseite-laderegel-e-auto\\\/\",\"url\":\"https:\\\/\\\/www.cfos-emobility.de\\\/network\\\/erklaerung-der-dokumentationsseite-laderegel-e-auto\\\/\",\"name\":\"Erkl\u00e4rung der Dokumentationsseite \\\"Laderegel E-Auto - cFos eMobility Network\",\"isPartOf\":{\"@id\":\"https:\\\/\\\/www.cfos-emobility.de\\\/network\\\/#website\"},\"datePublished\":\"2025-02-28T16:56:14+00:00\",\"breadcrumb\":{\"@id\":\"https:\\\/\\\/www.cfos-emobility.de\\\/network\\\/erklaerung-der-dokumentationsseite-laderegel-e-auto\\\/#breadcrumb\"},\"inLanguage\":\"de\",\"potentialAction\":[{\"@type\":\"ReadAction\",\"target\":[\"https:\\\/\\\/www.cfos-emobility.de\\\/network\\\/erklaerung-der-dokumentationsseite-laderegel-e-auto\\\/\"]}]},{\"@type\":\"BreadcrumbList\",\"@id\":\"https:\\\/\\\/www.cfos-emobility.de\\\/network\\\/erklaerung-der-dokumentationsseite-laderegel-e-auto\\\/#breadcrumb\",\"itemListElement\":[{\"@type\":\"ListItem\",\"position\":1,\"name\":\"Startseite\",\"item\":\"https:\\\/\\\/www.cfos-emobility.de\\\/network\\\/\"},{\"@type\":\"ListItem\",\"position\":2,\"name\":\"Erkl\u00e4rung der Dokumentationsseite &#8222;Laderegel E-Auto\"}]},{\"@type\":\"WebSite\",\"@id\":\"https:\\\/\\\/www.cfos-emobility.de\\\/network\\\/#website\",\"url\":\"https:\\\/\\\/www.cfos-emobility.de\\\/network\\\/\",\"name\":\"cFos eMobility Network\",\"description\":\"Das cFos Power Brain Community Portal\",\"publisher\":{\"@id\":\"https:\\\/\\\/www.cfos-emobility.de\\\/network\\\/#organization\"},\"potentialAction\":[{\"@type\":\"SearchAction\",\"target\":{\"@type\":\"EntryPoint\",\"urlTemplate\":\"https:\\\/\\\/www.cfos-emobility.de\\\/network\\\/?s={search_term_string}\"},\"query-input\":{\"@type\":\"PropertyValueSpecification\",\"valueRequired\":true,\"valueName\":\"search_term_string\"}}],\"inLanguage\":\"de\"},{\"@type\":\"Organization\",\"@id\":\"https:\\\/\\\/www.cfos-emobility.de\\\/network\\\/#organization\",\"name\":\"cFos eMobility GmbH\",\"url\":\"https:\\\/\\\/www.cfos-emobility.de\\\/network\\\/\",\"logo\":{\"@type\":\"ImageObject\",\"inLanguage\":\"de\",\"@id\":\"https:\\\/\\\/www.cfos-emobility.de\\\/network\\\/#\\\/schema\\\/logo\\\/image\\\/\",\"url\":\"https:\\\/\\\/www.cfos-emobility.de\\\/network\\\/wp-content\\\/uploads\\\/2021\\\/12\\\/cfos-emobility-logo.jpg\",\"contentUrl\":\"https:\\\/\\\/www.cfos-emobility.de\\\/network\\\/wp-content\\\/uploads\\\/2021\\\/12\\\/cfos-emobility-logo.jpg\",\"width\":221,\"height\":80,\"caption\":\"cFos eMobility GmbH\"},\"image\":{\"@id\":\"https:\\\/\\\/www.cfos-emobility.de\\\/network\\\/#\\\/schema\\\/logo\\\/image\\\/\"},\"sameAs\":[\"https:\\\/\\\/x.com\\\/cFosEmobility\"]}]}<\/script>\n<!-- \/ Yoast SEO plugin. -->","yoast_head_json":{"title":"Erkl\u00e4rung der Dokumentationsseite \"Laderegel E-Auto - cFos eMobility Network","robots":{"index":"index","follow":"follow","max-snippet":"max-snippet:-1","max-image-preview":"max-image-preview:large","max-video-preview":"max-video-preview:-1"},"canonical":"https:\/\/www.cfos-emobility.de\/network\/erklaerung-der-dokumentationsseite-laderegel-e-auto\/","og_locale":"de_DE","og_type":"article","og_title":"Erkl\u00e4rung der Dokumentationsseite \"Laderegel E-Auto - cFos eMobility Network","og_description":"[vc_row][vc_column][vc_column_text css=&#8220;&#8220; css_params=&#8220;&#8220;]Zusammenfassende Erl\u00e4uterung Dokumentationseite: Laderegeln[\/vc_column_text][vc_column_text css=&#8220;&#8220; css_params=&#8220;&#8220;] Laderegeln im cFos Charging Manager \u2013 Erkl\u00e4rung und Einrichtung 1. Wo werden Laderegeln definiert und gepflegt? Laderegeln werden im cFos Charging Manager f\u00fcr jede Wallbox individuell definiert. Sie k\u00f6nnen entweder direkt bei der jeweiligen Wallbox oder \u00fcber Benutzer- bzw. RFID-Zuweisungen festgelegt werden. Wallbox-spezifische Regeln: Direkt in der [&hellip;]","og_url":"https:\/\/www.cfos-emobility.de\/network\/erklaerung-der-dokumentationsseite-laderegel-e-auto\/","og_site_name":"cFos eMobility Network","twitter_card":"summary_large_image","twitter_site":"@cFosEmobility","twitter_misc":{"Gesch\u00e4tzte Lesezeit":"3\u00a0Minuten"},"schema":{"@context":"https:\/\/schema.org","@graph":[{"@type":"WebPage","@id":"https:\/\/www.cfos-emobility.de\/network\/erklaerung-der-dokumentationsseite-laderegel-e-auto\/","url":"https:\/\/www.cfos-emobility.de\/network\/erklaerung-der-dokumentationsseite-laderegel-e-auto\/","name":"Erkl\u00e4rung der Dokumentationsseite \"Laderegel E-Auto - cFos eMobility Network","isPartOf":{"@id":"https:\/\/www.cfos-emobility.de\/network\/#website"},"datePublished":"2025-02-28T16:56:14+00:00","breadcrumb":{"@id":"https:\/\/www.cfos-emobility.de\/network\/erklaerung-der-dokumentationsseite-laderegel-e-auto\/#breadcrumb"},"inLanguage":"de","potentialAction":[{"@type":"ReadAction","target":["https:\/\/www.cfos-emobility.de\/network\/erklaerung-der-dokumentationsseite-laderegel-e-auto\/"]}]},{"@type":"BreadcrumbList","@id":"https:\/\/www.cfos-emobility.de\/network\/erklaerung-der-dokumentationsseite-laderegel-e-auto\/#breadcrumb","itemListElement":[{"@type":"ListItem","position":1,"name":"Startseite","item":"https:\/\/www.cfos-emobility.de\/network\/"},{"@type":"ListItem","position":2,"name":"Erkl\u00e4rung der Dokumentationsseite &#8222;Laderegel E-Auto"}]},{"@type":"WebSite","@id":"https:\/\/www.cfos-emobility.de\/network\/#website","url":"https:\/\/www.cfos-emobility.de\/network\/","name":"cFos eMobility Network","description":"Das cFos Power Brain Community Portal","publisher":{"@id":"https:\/\/www.cfos-emobility.de\/network\/#organization"},"potentialAction":[{"@type":"SearchAction","target":{"@type":"EntryPoint","urlTemplate":"https:\/\/www.cfos-emobility.de\/network\/?s={search_term_string}"},"query-input":{"@type":"PropertyValueSpecification","valueRequired":true,"valueName":"search_term_string"}}],"inLanguage":"de"},{"@type":"Organization","@id":"https:\/\/www.cfos-emobility.de\/network\/#organization","name":"cFos eMobility GmbH","url":"https:\/\/www.cfos-emobility.de\/network\/","logo":{"@type":"ImageObject","inLanguage":"de","@id":"https:\/\/www.cfos-emobility.de\/network\/#\/schema\/logo\/image\/","url":"https:\/\/www.cfos-emobility.de\/network\/wp-content\/uploads\/2021\/12\/cfos-emobility-logo.jpg","contentUrl":"https:\/\/www.cfos-emobility.de\/network\/wp-content\/uploads\/2021\/12\/cfos-emobility-logo.jpg","width":221,"height":80,"caption":"cFos eMobility GmbH"},"image":{"@id":"https:\/\/www.cfos-emobility.de\/network\/#\/schema\/logo\/image\/"},"sameAs":["https:\/\/x.com\/cFosEmobility"]}]}},"_links":{"self":[{"href":"https:\/\/www.cfos-emobility.de\/network\/wp-json\/wp\/v2\/pages\/5325","targetHints":{"allow":["GET"]}}],"collection":[{"href":"https:\/\/www.cfos-emobility.de\/network\/wp-json\/wp\/v2\/pages"}],"about":[{"href":"https:\/\/www.cfos-emobility.de\/network\/wp-json\/wp\/v2\/types\/page"}],"author":[{"embeddable":true,"href":"https:\/\/www.cfos-emobility.de\/network\/wp-json\/wp\/v2\/users\/1"}],"replies":[{"embeddable":true,"href":"https:\/\/www.cfos-emobility.de\/network\/wp-json\/wp\/v2\/comments?post=5325"}],"version-history":[{"count":0,"href":"https:\/\/www.cfos-emobility.de\/network\/wp-json\/wp\/v2\/pages\/5325\/revisions"}],"wp:attachment":[{"href":"https:\/\/www.cfos-emobility.de\/network\/wp-json\/wp\/v2\/media?parent=5325"}],"wp:term":[{"taxonomy":"category","embeddable":true,"href":"https:\/\/www.cfos-emobility.de\/network\/wp-json\/wp\/v2\/categories?post=5325"},{"taxonomy":"post_tag","embeddable":true,"href":"https:\/\/www.cfos-emobility.de\/network\/wp-json\/wp\/v2\/tags?post=5325"}],"curies":[{"name":"wp","href":"https:\/\/api.w.org\/{rel}","templated":true}]}}