{"id":7373,"date":"2026-04-26T20:08:08","date_gmt":"2026-04-26T18:08:08","guid":{"rendered":"https:\/\/www.cfos-emobility.de\/network\/antworten\/wallbox-schaelt-mehrmal-an-und-aus-phasenwechsel-von-3-auf-1-klappt-nicht\/"},"modified":"2026-04-26T20:08:08","modified_gmt":"2026-04-26T18:08:08","slug":"wallbox-schaelt-mehrmal-an-und-aus-phasenwechsel-von-3-auf-1-klappt-nicht","status":"publish","type":"cma_thread","link":"https:\/\/www.cfos-emobility.de\/network\/antworten\/wallbox-schaelt-mehrmal-an-und-aus-phasenwechsel-von-3-auf-1-klappt-nicht\/","title":{"rendered":"Wallbox sch\u00e4lt mehrmal an und aus, Phasenwechsel von 3 auf 1 klappt nicht"},"content":{"rendered":"<p>Hallo Zusammen,<\/p>\n<p>auch meine Anfrage an Support wurde stumpf an die Community weitergeschoben &#8211; &#8222;.<em>..Spezialfall&#8230;.eine L\u00f6sung Ihres Problems k\u00f6nnte auch andere Nutzer interessieren.&#8220;<\/em><\/p>\n<p>Wenn ich \u00dcberschusslade gibt es Zeitfenster in denen das Laden gestartet und gleich wieder gestoppt wird und dies dann mehrmals hintereinander.<br \/>\nInzwischen ist mir auch aufgefallen das dies passiert wenn von 3-phasigem auf 1-phasigen Laden umgeschalten werden sollte. Der Wechsel auf einphasig passiert auch nicht. Stattdessen wird das Laden beendet und der PV-\u00dcberschuss wird nicht genutzt. \ud83d\ude41<br \/>\nDieses Verhalten kann ja nicht wirklich gut sein f\u00fcr die Wallbox und\/oder das Fahrzeug. Au\u00dferdem ist es nat\u00fcrlich bl\u00f6de das wertvoller PV-\u00dcberschuss nicht im Auto landet<br \/>\nWoher kommt das und wie l\u00e4sst sich das vermeiden?<\/p>\n<p>Exemplarisch habe ich mal ein Screenshot und das entsprechende Log mit angeh\u00e4ngt.<br \/>\nDanke<\/p>\n","protected":false},"excerpt":{"rendered":"<p>Hallo Zusammen, auch meine Anfrage an Support wurde stumpf an die Community weitergeschoben &#8211; &#8222;&#8230;Spezialfall&#8230;.eine L\u00f6sung Ihres Problems k\u00f6nnte auch andere Nutzer interessieren.&#8220; Wenn ich \u00dcberschusslade gibt es Zeitfenster in denen das Laden gestartet und gleich wieder gestoppt wird und dies dann mehrmals hintereinander. Inzwischen ist mir auch aufgefallen das dies passiert wenn von 3-phasigem [&hellip;]<\/p>\n","protected":false},"author":816,"featured_media":0,"template":"","tags":[31,48],"cma_category":[],"cma_difficulty_level":[],"class_list":["post-7373","cma_thread","type-cma_thread","status-publish","hentry","tag-phasenumschaltung","tag-pv-ueberschuss"],"yoast_head":"<!-- This site is optimized with the Yoast SEO plugin v27.4 - https:\/\/yoast.com\/product\/yoast-seo-wordpress\/ -->\n<title>Wallbox sch\u00e4lt mehrmal an und aus, Phasenwechsel von 3 auf 1 klappt nicht - cFos eMobility Network<\/title>\n<meta name=\"robots\" content=\"index, follow, max-snippet:-1, max-image-preview:large, max-video-preview:-1\" \/>\n<link rel=\"canonical\" href=\"https:\/\/www.cfos-emobility.de\/network\/antworten\/wallbox-schaelt-mehrmal-an-und-aus-phasenwechsel-von-3-auf-1-klappt-nicht\/\" \/>\n<meta property=\"og:locale\" content=\"de_DE\" \/>\n<meta property=\"og:type\" content=\"article\" \/>\n<meta property=\"og:title\" content=\"Wallbox sch\u00e4lt mehrmal an und aus, Phasenwechsel von 3 auf 1 klappt nicht - cFos eMobility Network\" \/>\n<meta property=\"og:description\" content=\"Hallo Zusammen, auch meine Anfrage an Support wurde stumpf an die Community weitergeschoben &#8211; &#8222;...Spezialfall&#8230;.eine L\u00f6sung Ihres Problems k\u00f6nnte auch andere Nutzer interessieren.&#8220; Wenn ich \u00dcberschusslade gibt es Zeitfenster in denen das Laden gestartet und gleich wieder gestoppt wird und dies dann mehrmals hintereinander. Inzwischen ist mir auch aufgefallen das dies passiert wenn von 3-phasigem [&hellip;]\" \/>\n<meta property=\"og:url\" content=\"https:\/\/www.cfos-emobility.de\/network\/antworten\/wallbox-schaelt-mehrmal-an-und-aus-phasenwechsel-von-3-auf-1-klappt-nicht\/\" \/>\n<meta property=\"og:site_name\" content=\"cFos eMobility Network\" \/>\n<meta name=\"twitter:card\" content=\"summary_large_image\" \/>\n<meta name=\"twitter:site\" content=\"@cFosEmobility\" \/>\n<meta name=\"twitter:label1\" content=\"Gesch\u00e4tzte Lesezeit\" \/>\n\t<meta name=\"twitter:data1\" content=\"1\u00a0Minute\" \/>\n<script type=\"application\/ld+json\" class=\"yoast-schema-graph\">{\"@context\":\"https:\\\/\\\/schema.org\",\"@graph\":[{\"@type\":\"WebPage\",\"@id\":\"https:\\\/\\\/www.cfos-emobility.de\\\/network\\\/antworten\\\/wallbox-schaelt-mehrmal-an-und-aus-phasenwechsel-von-3-auf-1-klappt-nicht\\\/\",\"url\":\"https:\\\/\\\/www.cfos-emobility.de\\\/network\\\/antworten\\\/wallbox-schaelt-mehrmal-an-und-aus-phasenwechsel-von-3-auf-1-klappt-nicht\\\/\",\"name\":\"Wallbox sch\u00e4lt mehrmal an und aus, Phasenwechsel von 3 auf 1 klappt nicht - cFos eMobility Network\",\"isPartOf\":{\"@id\":\"https:\\\/\\\/www.cfos-emobility.de\\\/network\\\/#website\"},\"datePublished\":\"2026-04-26T18:08:08+00:00\",\"breadcrumb\":{\"@id\":\"https:\\\/\\\/www.cfos-emobility.de\\\/network\\\/antworten\\\/wallbox-schaelt-mehrmal-an-und-aus-phasenwechsel-von-3-auf-1-klappt-nicht\\\/#breadcrumb\"},\"inLanguage\":\"de\",\"potentialAction\":[{\"@type\":\"ReadAction\",\"target\":[\"https:\\\/\\\/www.cfos-emobility.de\\\/network\\\/antworten\\\/wallbox-schaelt-mehrmal-an-und-aus-phasenwechsel-von-3-auf-1-klappt-nicht\\\/\"]}]},{\"@type\":\"BreadcrumbList\",\"@id\":\"https:\\\/\\\/www.cfos-emobility.de\\\/network\\\/antworten\\\/wallbox-schaelt-mehrmal-an-und-aus-phasenwechsel-von-3-auf-1-klappt-nicht\\\/#breadcrumb\",\"itemListElement\":[{\"@type\":\"ListItem\",\"position\":1,\"name\":\"Startseite\",\"item\":\"https:\\\/\\\/www.cfos-emobility.de\\\/network\\\/\"},{\"@type\":\"ListItem\",\"position\":2,\"name\":\"Fragen\",\"item\":\"https:\\\/\\\/www.cfos-emobility.de\\\/network\\\/antworten\\\/\"},{\"@type\":\"ListItem\",\"position\":3,\"name\":\"Wallbox sch\u00e4lt mehrmal an und aus, Phasenwechsel von 3 auf 1 klappt nicht\"}]},{\"@type\":\"WebSite\",\"@id\":\"https:\\\/\\\/www.cfos-emobility.de\\\/network\\\/#website\",\"url\":\"https:\\\/\\\/www.cfos-emobility.de\\\/network\\\/\",\"name\":\"cFos eMobility Network\",\"description\":\"Das cFos Power Brain Community Portal\",\"publisher\":{\"@id\":\"https:\\\/\\\/www.cfos-emobility.de\\\/network\\\/#organization\"},\"potentialAction\":[{\"@type\":\"SearchAction\",\"target\":{\"@type\":\"EntryPoint\",\"urlTemplate\":\"https:\\\/\\\/www.cfos-emobility.de\\\/network\\\/?s={search_term_string}\"},\"query-input\":{\"@type\":\"PropertyValueSpecification\",\"valueRequired\":true,\"valueName\":\"search_term_string\"}}],\"inLanguage\":\"de\"},{\"@type\":\"Organization\",\"@id\":\"https:\\\/\\\/www.cfos-emobility.de\\\/network\\\/#organization\",\"name\":\"cFos eMobility GmbH\",\"url\":\"https:\\\/\\\/www.cfos-emobility.de\\\/network\\\/\",\"logo\":{\"@type\":\"ImageObject\",\"inLanguage\":\"de\",\"@id\":\"https:\\\/\\\/www.cfos-emobility.de\\\/network\\\/#\\\/schema\\\/logo\\\/image\\\/\",\"url\":\"https:\\\/\\\/www.cfos-emobility.de\\\/network\\\/wp-content\\\/uploads\\\/2021\\\/12\\\/cfos-emobility-logo.jpg\",\"contentUrl\":\"https:\\\/\\\/www.cfos-emobility.de\\\/network\\\/wp-content\\\/uploads\\\/2021\\\/12\\\/cfos-emobility-logo.jpg\",\"width\":221,\"height\":80,\"caption\":\"cFos eMobility GmbH\"},\"image\":{\"@id\":\"https:\\\/\\\/www.cfos-emobility.de\\\/network\\\/#\\\/schema\\\/logo\\\/image\\\/\"},\"sameAs\":[\"https:\\\/\\\/x.com\\\/cFosEmobility\"]}]}<\/script>\n<!-- \/ Yoast SEO plugin. -->","yoast_head_json":{"title":"Wallbox sch\u00e4lt mehrmal an und aus, Phasenwechsel von 3 auf 1 klappt nicht - cFos eMobility Network","robots":{"index":"index","follow":"follow","max-snippet":"max-snippet:-1","max-image-preview":"max-image-preview:large","max-video-preview":"max-video-preview:-1"},"canonical":"https:\/\/www.cfos-emobility.de\/network\/antworten\/wallbox-schaelt-mehrmal-an-und-aus-phasenwechsel-von-3-auf-1-klappt-nicht\/","og_locale":"de_DE","og_type":"article","og_title":"Wallbox sch\u00e4lt mehrmal an und aus, Phasenwechsel von 3 auf 1 klappt nicht - cFos eMobility Network","og_description":"Hallo Zusammen, auch meine Anfrage an Support wurde stumpf an die Community weitergeschoben &#8211; &#8222;...Spezialfall&#8230;.eine L\u00f6sung Ihres Problems k\u00f6nnte auch andere Nutzer interessieren.&#8220; Wenn ich \u00dcberschusslade gibt es Zeitfenster in denen das Laden gestartet und gleich wieder gestoppt wird und dies dann mehrmals hintereinander. Inzwischen ist mir auch aufgefallen das dies passiert wenn von 3-phasigem [&hellip;]","og_url":"https:\/\/www.cfos-emobility.de\/network\/antworten\/wallbox-schaelt-mehrmal-an-und-aus-phasenwechsel-von-3-auf-1-klappt-nicht\/","og_site_name":"cFos eMobility Network","twitter_card":"summary_large_image","twitter_site":"@cFosEmobility","twitter_misc":{"Gesch\u00e4tzte Lesezeit":"1\u00a0Minute"},"schema":{"@context":"https:\/\/schema.org","@graph":[{"@type":"WebPage","@id":"https:\/\/www.cfos-emobility.de\/network\/antworten\/wallbox-schaelt-mehrmal-an-und-aus-phasenwechsel-von-3-auf-1-klappt-nicht\/","url":"https:\/\/www.cfos-emobility.de\/network\/antworten\/wallbox-schaelt-mehrmal-an-und-aus-phasenwechsel-von-3-auf-1-klappt-nicht\/","name":"Wallbox sch\u00e4lt mehrmal an und aus, Phasenwechsel von 3 auf 1 klappt nicht - cFos eMobility Network","isPartOf":{"@id":"https:\/\/www.cfos-emobility.de\/network\/#website"},"datePublished":"2026-04-26T18:08:08+00:00","breadcrumb":{"@id":"https:\/\/www.cfos-emobility.de\/network\/antworten\/wallbox-schaelt-mehrmal-an-und-aus-phasenwechsel-von-3-auf-1-klappt-nicht\/#breadcrumb"},"inLanguage":"de","potentialAction":[{"@type":"ReadAction","target":["https:\/\/www.cfos-emobility.de\/network\/antworten\/wallbox-schaelt-mehrmal-an-und-aus-phasenwechsel-von-3-auf-1-klappt-nicht\/"]}]},{"@type":"BreadcrumbList","@id":"https:\/\/www.cfos-emobility.de\/network\/antworten\/wallbox-schaelt-mehrmal-an-und-aus-phasenwechsel-von-3-auf-1-klappt-nicht\/#breadcrumb","itemListElement":[{"@type":"ListItem","position":1,"name":"Startseite","item":"https:\/\/www.cfos-emobility.de\/network\/"},{"@type":"ListItem","position":2,"name":"Fragen","item":"https:\/\/www.cfos-emobility.de\/network\/antworten\/"},{"@type":"ListItem","position":3,"name":"Wallbox sch\u00e4lt mehrmal an und aus, Phasenwechsel von 3 auf 1 klappt nicht"}]},{"@type":"WebSite","@id":"https:\/\/www.cfos-emobility.de\/network\/#website","url":"https:\/\/www.cfos-emobility.de\/network\/","name":"cFos eMobility Network","description":"Das cFos Power Brain Community Portal","publisher":{"@id":"https:\/\/www.cfos-emobility.de\/network\/#organization"},"potentialAction":[{"@type":"SearchAction","target":{"@type":"EntryPoint","urlTemplate":"https:\/\/www.cfos-emobility.de\/network\/?s={search_term_string}"},"query-input":{"@type":"PropertyValueSpecification","valueRequired":true,"valueName":"search_term_string"}}],"inLanguage":"de"},{"@type":"Organization","@id":"https:\/\/www.cfos-emobility.de\/network\/#organization","name":"cFos eMobility GmbH","url":"https:\/\/www.cfos-emobility.de\/network\/","logo":{"@type":"ImageObject","inLanguage":"de","@id":"https:\/\/www.cfos-emobility.de\/network\/#\/schema\/logo\/image\/","url":"https:\/\/www.cfos-emobility.de\/network\/wp-content\/uploads\/2021\/12\/cfos-emobility-logo.jpg","contentUrl":"https:\/\/www.cfos-emobility.de\/network\/wp-content\/uploads\/2021\/12\/cfos-emobility-logo.jpg","width":221,"height":80,"caption":"cFos eMobility GmbH"},"image":{"@id":"https:\/\/www.cfos-emobility.de\/network\/#\/schema\/logo\/image\/"},"sameAs":["https:\/\/x.com\/cFosEmobility"]}]}},"_links":{"self":[{"href":"https:\/\/www.cfos-emobility.de\/network\/wp-json\/wp\/v2\/cma_thread\/7373","targetHints":{"allow":["GET"]}}],"collection":[{"href":"https:\/\/www.cfos-emobility.de\/network\/wp-json\/wp\/v2\/cma_thread"}],"about":[{"href":"https:\/\/www.cfos-emobility.de\/network\/wp-json\/wp\/v2\/types\/cma_thread"}],"author":[{"embeddable":true,"href":"https:\/\/www.cfos-emobility.de\/network\/wp-json\/wp\/v2\/users\/816"}],"wp:attachment":[{"href":"https:\/\/www.cfos-emobility.de\/network\/wp-json\/wp\/v2\/media?parent=7373"}],"wp:term":[{"taxonomy":"post_tag","embeddable":true,"href":"https:\/\/www.cfos-emobility.de\/network\/wp-json\/wp\/v2\/tags?post=7373"},{"taxonomy":"cma_category","embeddable":true,"href":"https:\/\/www.cfos-emobility.de\/network\/wp-json\/wp\/v2\/cma_category?post=7373"},{"taxonomy":"cma_difficulty_level","embeddable":true,"href":"https:\/\/www.cfos-emobility.de\/network\/wp-json\/wp\/v2\/cma_difficulty_level?post=7373"}],"curies":[{"name":"wp","href":"https:\/\/api.w.org\/{rel}","templated":true}]}}

Wallbox schält mehrmal an und aus, Phasenwechsel von 3 auf 1 klappt nicht

<p>Hallo Zusammen,</p>
<p>auch meine Anfrage an Support wurde stumpf an die Community weitergeschoben &#8211; &#8222;.<em>..Spezialfall&#8230;.eine Lösung Ihres Problems könnte auch andere Nutzer interessieren.&#8220;</em></p>
<p>Wenn ich Überschusslade gibt es Zeitfenster in denen das Laden gestartet und gleich wieder gestoppt wird und dies dann mehrmals hintereinander.<br />
Inzwischen ist mir auch aufgefallen das dies passiert wenn von 3-phasigem auf 1-phasigen Laden umgeschalten werden sollte. Der Wechsel auf einphasig passiert auch nicht. Stattdessen wird das Laden beendet und der PV-Überschuss wird nicht genutzt. 🙁<br />
Dieses Verhalten kann ja nicht wirklich gut sein für die Wallbox und/oder das Fahrzeug. Außerdem ist es natürlich blöde das wertvoller PV-Überschuss nicht im Auto landet<br />
Woher kommt das und wie lässt sich das vermeiden?</p>
<p>Exemplarisch habe ich mal ein Screenshot und das entsprechende Log mit angehängt.<br />
Danke</p>

<p>Hallo Zusammen, auch meine Anfrage an Support wurde stumpf an die Community weitergeschoben &#8211; &#8222;&#8230;Spezialfall&#8230;.eine Lösung Ihres Problems könnte auch andere Nutzer interessieren.&#8220; Wenn ich Überschusslade gibt es Zeitfenster in denen das Laden gestartet und gleich wieder gestoppt wird und dies dann mehrmals hintereinander. Inzwischen ist mir auch aufgefallen das dies passiert wenn von 3-phasigem [&hellip;]</p>

<!-- This site is optimized with the Yoast SEO plugin v27.4 - https://yoast.com/product/yoast-seo-wordpress/ -->
<title>Wallbox schält mehrmal an und aus, Phasenwechsel von 3 auf 1 klappt nicht - cFos eMobility Network</title>
<meta name="robots" content="index, follow, max-snippet:-1, max-image-preview:large, max-video-preview:-1" />
<link rel="canonical" href="https://www.cfos-emobility.de/network/antworten/wallbox-schaelt-mehrmal-an-und-aus-phasenwechsel-von-3-auf-1-klappt-nicht/" />
<meta property="og:locale" content="de_DE" />
<meta property="og:type" content="article" />
<meta property="og:title" content="Wallbox schält mehrmal an und aus, Phasenwechsel von 3 auf 1 klappt nicht - cFos eMobility Network" />
<meta property="og:description" content="Hallo Zusammen, auch meine Anfrage an Support wurde stumpf an die Community weitergeschoben &#8211; &#8222;...Spezialfall&#8230;.eine Lösung Ihres Problems könnte auch andere Nutzer interessieren.&#8220; Wenn ich Überschusslade gibt es Zeitfenster in denen das Laden gestartet und gleich wieder gestoppt wird und dies dann mehrmals hintereinander. Inzwischen ist mir auch aufgefallen das dies passiert wenn von 3-phasigem [&hellip;]" />
<meta property="og:url" content="https://www.cfos-emobility.de/network/antworten/wallbox-schaelt-mehrmal-an-und-aus-phasenwechsel-von-3-auf-1-klappt-nicht/" />
<meta property="og:site_name" content="cFos eMobility Network" />
<meta name="twitter:card" content="summary_large_image" />
<meta name="twitter:site" content="@cFosEmobility" />
<meta name="twitter:label1" content="Geschätzte Lesezeit" />
	<meta name="twitter:data1" content="1 Minute" />
<script type="application/ld+json" class="yoast-schema-graph">{"@context":"https:\/\/schema.org","@graph":[{"@type":"WebPage","@id":"https:\/\/www.cfos-emobility.de\/network\/antworten\/wallbox-schaelt-mehrmal-an-und-aus-phasenwechsel-von-3-auf-1-klappt-nicht\/","url":"https:\/\/www.cfos-emobility.de\/network\/antworten\/wallbox-schaelt-mehrmal-an-und-aus-phasenwechsel-von-3-auf-1-klappt-nicht\/","name":"Wallbox schält mehrmal an und aus, Phasenwechsel von 3 auf 1 klappt nicht - cFos eMobility Network","isPartOf":{"@id":"https:\/\/www.cfos-emobility.de\/network\/#website"},"datePublished":"2026-04-26T18:08:08+00:00","breadcrumb":{"@id":"https:\/\/www.cfos-emobility.de\/network\/antworten\/wallbox-schaelt-mehrmal-an-und-aus-phasenwechsel-von-3-auf-1-klappt-nicht\/#breadcrumb"},"inLanguage":"de","potentialAction":[{"@type":"ReadAction","target":["https:\/\/www.cfos-emobility.de\/network\/antworten\/wallbox-schaelt-mehrmal-an-und-aus-phasenwechsel-von-3-auf-1-klappt-nicht\/"]}]},{"@type":"BreadcrumbList","@id":"https:\/\/www.cfos-emobility.de\/network\/antworten\/wallbox-schaelt-mehrmal-an-und-aus-phasenwechsel-von-3-auf-1-klappt-nicht\/#breadcrumb","itemListElement":[{"@type":"ListItem","position":1,"name":"Startseite","item":"https:\/\/www.cfos-emobility.de\/network\/"},{"@type":"ListItem","position":2,"name":"Fragen","item":"https:\/\/www.cfos-emobility.de\/network\/antworten\/"},{"@type":"ListItem","position":3,"name":"Wallbox schält mehrmal an und aus, Phasenwechsel von 3 auf 1 klappt nicht"}]},{"@type":"WebSite","@id":"https:\/\/www.cfos-emobility.de\/network\/#website","url":"https:\/\/www.cfos-emobility.de\/network\/","name":"cFos eMobility Network","description":"Das cFos Power Brain Community Portal","publisher":{"@id":"https:\/\/www.cfos-emobility.de\/network\/#organization"},"potentialAction":[{"@type":"SearchAction","target":{"@type":"EntryPoint","urlTemplate":"https:\/\/www.cfos-emobility.de\/network\/?s={search_term_string}"},"query-input":{"@type":"PropertyValueSpecification","valueRequired":true,"valueName":"search_term_string"}}],"inLanguage":"de"},{"@type":"Organization","@id":"https:\/\/www.cfos-emobility.de\/network\/#organization","name":"cFos eMobility GmbH","url":"https:\/\/www.cfos-emobility.de\/network\/","logo":{"@type":"ImageObject","inLanguage":"de","@id":"https:\/\/www.cfos-emobility.de\/network\/#\/schema\/logo\/image\/","url":"https:\/\/www.cfos-emobility.de\/network\/wp-content\/uploads\/2021\/12\/cfos-emobility-logo.jpg","contentUrl":"https:\/\/www.cfos-emobility.de\/network\/wp-content\/uploads\/2021\/12\/cfos-emobility-logo.jpg","width":221,"height":80,"caption":"cFos eMobility GmbH"},"image":{"@id":"https:\/\/www.cfos-emobility.de\/network\/#\/schema\/logo\/image\/"},"sameAs":["https:\/\/x.com\/cFosEmobility"]}]}</script>
<!-- / Yoast SEO plugin. -->

Wallbox schält mehrmal an und aus, Phasenwechsel von 3 auf 1 klappt nicht - cFos eMobility Network

Hallo Zusammen, auch meine Anfrage an Support wurde stumpf an die Community weitergeschoben &#8211; &#8222;...Spezialfall&#8230;.eine Lösung Ihres Problems könnte auch andere Nutzer interessieren.&#8220; Wenn ich Überschusslade gibt es Zeitfenster in denen das Laden gestartet und gleich wieder gestoppt wird und dies dann mehrmals hintereinander. Inzwischen ist mir auch aufgefallen das dies passiert wenn von 3-phasigem [&hellip;]
