{"id":6859,"date":"2025-12-06T15:39:57","date_gmt":"2025-12-06T14:39:57","guid":{"rendered":"https:\/\/www.cfos-emobility.de\/network\/antworten\/netzbezug-mit-festem-zeitplan-ich-kriegs-nicht-hin\/"},"modified":"2025-12-07T20:30:28","modified_gmt":"2025-12-07T19:30:28","slug":"netzbezug-mit-festem-zeitplan-ich-kriegs-nicht-hin","status":"publish","type":"cma_thread","link":"https:\/\/www.cfos-emobility.de\/network\/antworten\/netzbezug-mit-festem-zeitplan-ich-kriegs-nicht-hin\/","title":{"rendered":"Netzbezug mit festem Zeitplan &#8211; ich krieg&#8217;s nicht hin"},"content":{"rendered":"<p>Hallo, ich dachte das muss doch ein Kinderspiel sein &#8211; ist es aber offensichtlich nicht. Ich habe die Power Brain in einer verschlossenen Garage, ben\u00f6tige also keine Benutzer \/ RFID Authentifizierung. Mein Stromtarif ist dynamisch und ich habe regelm\u00e4\u00dfig den g\u00fcnstigsten Strompreis zwischen 00:00 und 05:00 Uhr. Zun\u00e4chst habe ich es mit der Bedingung &#8222;Uhrzeit&#8220; versucht und nun auch mit &#8222;Zeitbereich mit Formeln&#8220;. Das ganze im Setup des Lastmanagements, nicht unter einem Benutzer (ich habe keine Benutzer definiert). Das Ziel ist jedes ggf. angesteckte Fahrzeug in diesem Zeitraum m\u00f6glichst dreiphasig zu laden. Nur mit dieser Regel funktioniert das jedenfalls nicht. Unter Start sehe ich das Pausenzeichen, die Regel scheint also aktiv zu sein, aber geladen wird nicht. Was \u00fcbersehe ich?<\/p>\n","protected":false},"excerpt":{"rendered":"<p>Hallo, ich dachte das muss doch ein Kinderspiel sein &#8211; ist es aber offensichtlich nicht. Ich habe die Power Brain in einer verschlossenen Garage, ben\u00f6tige also keine Benutzer \/ RFID Authentifizierung. Mein Stromtarif ist dynamisch und ich habe regelm\u00e4\u00dfig den g\u00fcnstigsten Strompreis zwischen 00:00 und 05:00 Uhr. Zun\u00e4chst habe ich es mit der Bedingung &#8222;Uhrzeit&#8220; [&hellip;]<\/p>\n","protected":false},"author":774,"featured_media":0,"template":"","tags":[225],"cma_category":[2],"cma_difficulty_level":[],"class_list":["post-6859","cma_thread","type-cma_thread","status-publish","hentry","tag-laderegel","cma_category-cfos-emobility"],"yoast_head":"<!-- This site is optimized with the Yoast SEO plugin v27.4 - https:\/\/yoast.com\/product\/yoast-seo-wordpress\/ -->\n<title>Netzbezug mit festem Zeitplan - ich krieg&#039;s nicht hin - cFos eMobility Network<\/title>\n<meta name=\"robots\" content=\"index, follow, max-snippet:-1, max-image-preview:large, max-video-preview:-1\" \/>\n<link rel=\"canonical\" href=\"https:\/\/www.cfos-emobility.de\/network\/antworten\/netzbezug-mit-festem-zeitplan-ich-kriegs-nicht-hin\/\" \/>\n<meta property=\"og:locale\" content=\"de_DE\" \/>\n<meta property=\"og:type\" content=\"article\" \/>\n<meta property=\"og:title\" content=\"Netzbezug mit festem Zeitplan - ich krieg&#039;s nicht hin - cFos eMobility Network\" \/>\n<meta property=\"og:description\" content=\"Hallo, ich dachte das muss doch ein Kinderspiel sein &#8211; ist es aber offensichtlich nicht. Ich habe die Power Brain in einer verschlossenen Garage, ben\u00f6tige also keine Benutzer \/ RFID Authentifizierung. Mein Stromtarif ist dynamisch und ich habe regelm\u00e4\u00dfig den g\u00fcnstigsten Strompreis zwischen 00:00 und 05:00 Uhr. Zun\u00e4chst habe ich es mit der Bedingung &#8222;Uhrzeit&#8220; [&hellip;]\" \/>\n<meta property=\"og:url\" content=\"https:\/\/www.cfos-emobility.de\/network\/antworten\/netzbezug-mit-festem-zeitplan-ich-kriegs-nicht-hin\/\" \/>\n<meta property=\"og:site_name\" content=\"cFos eMobility Network\" \/>\n<meta property=\"article:modified_time\" content=\"2025-12-07T19:30:28+00:00\" \/>\n<meta name=\"twitter:card\" content=\"summary_large_image\" \/>\n<meta name=\"twitter:site\" content=\"@cFosEmobility\" \/>\n<meta name=\"twitter:label1\" content=\"Gesch\u00e4tzte Lesezeit\" \/>\n\t<meta name=\"twitter:data1\" content=\"1\u00a0Minute\" \/>\n<script type=\"application\/ld+json\" class=\"yoast-schema-graph\">{\"@context\":\"https:\\\/\\\/schema.org\",\"@graph\":[{\"@type\":\"WebPage\",\"@id\":\"https:\\\/\\\/www.cfos-emobility.de\\\/network\\\/antworten\\\/netzbezug-mit-festem-zeitplan-ich-kriegs-nicht-hin\\\/\",\"url\":\"https:\\\/\\\/www.cfos-emobility.de\\\/network\\\/antworten\\\/netzbezug-mit-festem-zeitplan-ich-kriegs-nicht-hin\\\/\",\"name\":\"Netzbezug mit festem Zeitplan - ich krieg's nicht hin - cFos eMobility Network\",\"isPartOf\":{\"@id\":\"https:\\\/\\\/www.cfos-emobility.de\\\/network\\\/#website\"},\"datePublished\":\"2025-12-06T14:39:57+00:00\",\"dateModified\":\"2025-12-07T19:30:28+00:00\",\"breadcrumb\":{\"@id\":\"https:\\\/\\\/www.cfos-emobility.de\\\/network\\\/antworten\\\/netzbezug-mit-festem-zeitplan-ich-kriegs-nicht-hin\\\/#breadcrumb\"},\"inLanguage\":\"de\",\"potentialAction\":[{\"@type\":\"ReadAction\",\"target\":[\"https:\\\/\\\/www.cfos-emobility.de\\\/network\\\/antworten\\\/netzbezug-mit-festem-zeitplan-ich-kriegs-nicht-hin\\\/\"]}]},{\"@type\":\"BreadcrumbList\",\"@id\":\"https:\\\/\\\/www.cfos-emobility.de\\\/network\\\/antworten\\\/netzbezug-mit-festem-zeitplan-ich-kriegs-nicht-hin\\\/#breadcrumb\",\"itemListElement\":[{\"@type\":\"ListItem\",\"position\":1,\"name\":\"Startseite\",\"item\":\"https:\\\/\\\/www.cfos-emobility.de\\\/network\\\/\"},{\"@type\":\"ListItem\",\"position\":2,\"name\":\"Fragen\",\"item\":\"https:\\\/\\\/www.cfos-emobility.de\\\/network\\\/antworten\\\/\"},{\"@type\":\"ListItem\",\"position\":3,\"name\":\"Netzbezug mit festem Zeitplan &#8211; ich krieg&#8217;s nicht hin\"}]},{\"@type\":\"WebSite\",\"@id\":\"https:\\\/\\\/www.cfos-emobility.de\\\/network\\\/#website\",\"url\":\"https:\\\/\\\/www.cfos-emobility.de\\\/network\\\/\",\"name\":\"cFos eMobility Network\",\"description\":\"Das cFos Power Brain Community Portal\",\"publisher\":{\"@id\":\"https:\\\/\\\/www.cfos-emobility.de\\\/network\\\/#organization\"},\"potentialAction\":[{\"@type\":\"SearchAction\",\"target\":{\"@type\":\"EntryPoint\",\"urlTemplate\":\"https:\\\/\\\/www.cfos-emobility.de\\\/network\\\/?s={search_term_string}\"},\"query-input\":{\"@type\":\"PropertyValueSpecification\",\"valueRequired\":true,\"valueName\":\"search_term_string\"}}],\"inLanguage\":\"de\"},{\"@type\":\"Organization\",\"@id\":\"https:\\\/\\\/www.cfos-emobility.de\\\/network\\\/#organization\",\"name\":\"cFos eMobility GmbH\",\"url\":\"https:\\\/\\\/www.cfos-emobility.de\\\/network\\\/\",\"logo\":{\"@type\":\"ImageObject\",\"inLanguage\":\"de\",\"@id\":\"https:\\\/\\\/www.cfos-emobility.de\\\/network\\\/#\\\/schema\\\/logo\\\/image\\\/\",\"url\":\"https:\\\/\\\/www.cfos-emobility.de\\\/network\\\/wp-content\\\/uploads\\\/2021\\\/12\\\/cfos-emobility-logo.jpg\",\"contentUrl\":\"https:\\\/\\\/www.cfos-emobility.de\\\/network\\\/wp-content\\\/uploads\\\/2021\\\/12\\\/cfos-emobility-logo.jpg\",\"width\":221,\"height\":80,\"caption\":\"cFos eMobility GmbH\"},\"image\":{\"@id\":\"https:\\\/\\\/www.cfos-emobility.de\\\/network\\\/#\\\/schema\\\/logo\\\/image\\\/\"},\"sameAs\":[\"https:\\\/\\\/x.com\\\/cFosEmobility\"]}]}<\/script>\n<!-- \/ Yoast SEO plugin. -->","yoast_head_json":{"title":"Netzbezug mit festem Zeitplan - ich krieg's nicht hin - cFos eMobility Network","robots":{"index":"index","follow":"follow","max-snippet":"max-snippet:-1","max-image-preview":"max-image-preview:large","max-video-preview":"max-video-preview:-1"},"canonical":"https:\/\/www.cfos-emobility.de\/network\/antworten\/netzbezug-mit-festem-zeitplan-ich-kriegs-nicht-hin\/","og_locale":"de_DE","og_type":"article","og_title":"Netzbezug mit festem Zeitplan - ich krieg's nicht hin - cFos eMobility Network","og_description":"Hallo, ich dachte das muss doch ein Kinderspiel sein &#8211; ist es aber offensichtlich nicht. Ich habe die Power Brain in einer verschlossenen Garage, ben\u00f6tige also keine Benutzer \/ RFID Authentifizierung. Mein Stromtarif ist dynamisch und ich habe regelm\u00e4\u00dfig den g\u00fcnstigsten Strompreis zwischen 00:00 und 05:00 Uhr. Zun\u00e4chst habe ich es mit der Bedingung &#8222;Uhrzeit&#8220; [&hellip;]","og_url":"https:\/\/www.cfos-emobility.de\/network\/antworten\/netzbezug-mit-festem-zeitplan-ich-kriegs-nicht-hin\/","og_site_name":"cFos eMobility Network","article_modified_time":"2025-12-07T19:30:28+00:00","twitter_card":"summary_large_image","twitter_site":"@cFosEmobility","twitter_misc":{"Gesch\u00e4tzte Lesezeit":"1\u00a0Minute"},"schema":{"@context":"https:\/\/schema.org","@graph":[{"@type":"WebPage","@id":"https:\/\/www.cfos-emobility.de\/network\/antworten\/netzbezug-mit-festem-zeitplan-ich-kriegs-nicht-hin\/","url":"https:\/\/www.cfos-emobility.de\/network\/antworten\/netzbezug-mit-festem-zeitplan-ich-kriegs-nicht-hin\/","name":"Netzbezug mit festem Zeitplan - ich krieg's nicht hin - cFos eMobility Network","isPartOf":{"@id":"https:\/\/www.cfos-emobility.de\/network\/#website"},"datePublished":"2025-12-06T14:39:57+00:00","dateModified":"2025-12-07T19:30:28+00:00","breadcrumb":{"@id":"https:\/\/www.cfos-emobility.de\/network\/antworten\/netzbezug-mit-festem-zeitplan-ich-kriegs-nicht-hin\/#breadcrumb"},"inLanguage":"de","potentialAction":[{"@type":"ReadAction","target":["https:\/\/www.cfos-emobility.de\/network\/antworten\/netzbezug-mit-festem-zeitplan-ich-kriegs-nicht-hin\/"]}]},{"@type":"BreadcrumbList","@id":"https:\/\/www.cfos-emobility.de\/network\/antworten\/netzbezug-mit-festem-zeitplan-ich-kriegs-nicht-hin\/#breadcrumb","itemListElement":[{"@type":"ListItem","position":1,"name":"Startseite","item":"https:\/\/www.cfos-emobility.de\/network\/"},{"@type":"ListItem","position":2,"name":"Fragen","item":"https:\/\/www.cfos-emobility.de\/network\/antworten\/"},{"@type":"ListItem","position":3,"name":"Netzbezug mit festem Zeitplan &#8211; ich krieg&#8217;s nicht hin"}]},{"@type":"WebSite","@id":"https:\/\/www.cfos-emobility.de\/network\/#website","url":"https:\/\/www.cfos-emobility.de\/network\/","name":"cFos eMobility Network","description":"Das cFos Power Brain Community Portal","publisher":{"@id":"https:\/\/www.cfos-emobility.de\/network\/#organization"},"potentialAction":[{"@type":"SearchAction","target":{"@type":"EntryPoint","urlTemplate":"https:\/\/www.cfos-emobility.de\/network\/?s={search_term_string}"},"query-input":{"@type":"PropertyValueSpecification","valueRequired":true,"valueName":"search_term_string"}}],"inLanguage":"de"},{"@type":"Organization","@id":"https:\/\/www.cfos-emobility.de\/network\/#organization","name":"cFos eMobility GmbH","url":"https:\/\/www.cfos-emobility.de\/network\/","logo":{"@type":"ImageObject","inLanguage":"de","@id":"https:\/\/www.cfos-emobility.de\/network\/#\/schema\/logo\/image\/","url":"https:\/\/www.cfos-emobility.de\/network\/wp-content\/uploads\/2021\/12\/cfos-emobility-logo.jpg","contentUrl":"https:\/\/www.cfos-emobility.de\/network\/wp-content\/uploads\/2021\/12\/cfos-emobility-logo.jpg","width":221,"height":80,"caption":"cFos eMobility GmbH"},"image":{"@id":"https:\/\/www.cfos-emobility.de\/network\/#\/schema\/logo\/image\/"},"sameAs":["https:\/\/x.com\/cFosEmobility"]}]}},"_links":{"self":[{"href":"https:\/\/www.cfos-emobility.de\/network\/wp-json\/wp\/v2\/cma_thread\/6859","targetHints":{"allow":["GET"]}}],"collection":[{"href":"https:\/\/www.cfos-emobility.de\/network\/wp-json\/wp\/v2\/cma_thread"}],"about":[{"href":"https:\/\/www.cfos-emobility.de\/network\/wp-json\/wp\/v2\/types\/cma_thread"}],"author":[{"embeddable":true,"href":"https:\/\/www.cfos-emobility.de\/network\/wp-json\/wp\/v2\/users\/774"}],"wp:attachment":[{"href":"https:\/\/www.cfos-emobility.de\/network\/wp-json\/wp\/v2\/media?parent=6859"}],"wp:term":[{"taxonomy":"post_tag","embeddable":true,"href":"https:\/\/www.cfos-emobility.de\/network\/wp-json\/wp\/v2\/tags?post=6859"},{"taxonomy":"cma_category","embeddable":true,"href":"https:\/\/www.cfos-emobility.de\/network\/wp-json\/wp\/v2\/cma_category?post=6859"},{"taxonomy":"cma_difficulty_level","embeddable":true,"href":"https:\/\/www.cfos-emobility.de\/network\/wp-json\/wp\/v2\/cma_difficulty_level?post=6859"}],"curies":[{"name":"wp","href":"https:\/\/api.w.org\/{rel}","templated":true}]}}

<p>Hallo, ich dachte das muss doch ein Kinderspiel sein &#8211; ist es aber offensichtlich nicht. Ich habe die Power Brain in einer verschlossenen Garage, benötige also keine Benutzer / RFID Authentifizierung. Mein Stromtarif ist dynamisch und ich habe regelmäßig den günstigsten Strompreis zwischen 00:00 und 05:00 Uhr. Zunächst habe ich es mit der Bedingung &#8222;Uhrzeit&#8220; versucht und nun auch mit &#8222;Zeitbereich mit Formeln&#8220;. Das ganze im Setup des Lastmanagements, nicht unter einem Benutzer (ich habe keine Benutzer definiert). Das Ziel ist jedes ggf. angesteckte Fahrzeug in diesem Zeitraum möglichst dreiphasig zu laden. Nur mit dieser Regel funktioniert das jedenfalls nicht. Unter Start sehe ich das Pausenzeichen, die Regel scheint also aktiv zu sein, aber geladen wird nicht. Was übersehe ich?</p>

<p>Hallo, ich dachte das muss doch ein Kinderspiel sein &#8211; ist es aber offensichtlich nicht. Ich habe die Power Brain in einer verschlossenen Garage, benötige also keine Benutzer / RFID Authentifizierung. Mein Stromtarif ist dynamisch und ich habe regelmäßig den günstigsten Strompreis zwischen 00:00 und 05:00 Uhr. Zunächst habe ich es mit der Bedingung &#8222;Uhrzeit&#8220; [&hellip;]</p>

<!-- This site is optimized with the Yoast SEO plugin v27.4 - https://yoast.com/product/yoast-seo-wordpress/ -->
<title>Netzbezug mit festem Zeitplan - ich krieg&#039;s nicht hin - cFos eMobility Network</title>
<meta name="robots" content="index, follow, max-snippet:-1, max-image-preview:large, max-video-preview:-1" />
<link rel="canonical" href="https://www.cfos-emobility.de/network/antworten/netzbezug-mit-festem-zeitplan-ich-kriegs-nicht-hin/" />
<meta property="og:locale" content="de_DE" />
<meta property="og:type" content="article" />
<meta property="og:title" content="Netzbezug mit festem Zeitplan - ich krieg&#039;s nicht hin - cFos eMobility Network" />
<meta property="og:description" content="Hallo, ich dachte das muss doch ein Kinderspiel sein &#8211; ist es aber offensichtlich nicht. Ich habe die Power Brain in einer verschlossenen Garage, benötige also keine Benutzer / RFID Authentifizierung. Mein Stromtarif ist dynamisch und ich habe regelmäßig den günstigsten Strompreis zwischen 00:00 und 05:00 Uhr. Zunächst habe ich es mit der Bedingung &#8222;Uhrzeit&#8220; [&hellip;]" />
<meta property="og:url" content="https://www.cfos-emobility.de/network/antworten/netzbezug-mit-festem-zeitplan-ich-kriegs-nicht-hin/" />
<meta property="og:site_name" content="cFos eMobility Network" />
<meta property="article:modified_time" content="2025-12-07T19:30:28+00:00" />
<meta name="twitter:card" content="summary_large_image" />
<meta name="twitter:site" content="@cFosEmobility" />
<meta name="twitter:label1" content="Geschätzte Lesezeit" />
	<meta name="twitter:data1" content="1 Minute" />
<script type="application/ld+json" class="yoast-schema-graph">{"@context":"https:\/\/schema.org","@graph":[{"@type":"WebPage","@id":"https:\/\/www.cfos-emobility.de\/network\/antworten\/netzbezug-mit-festem-zeitplan-ich-kriegs-nicht-hin\/","url":"https:\/\/www.cfos-emobility.de\/network\/antworten\/netzbezug-mit-festem-zeitplan-ich-kriegs-nicht-hin\/","name":"Netzbezug mit festem Zeitplan - ich krieg's nicht hin - cFos eMobility Network","isPartOf":{"@id":"https:\/\/www.cfos-emobility.de\/network\/#website"},"datePublished":"2025-12-06T14:39:57+00:00","dateModified":"2025-12-07T19:30:28+00:00","breadcrumb":{"@id":"https:\/\/www.cfos-emobility.de\/network\/antworten\/netzbezug-mit-festem-zeitplan-ich-kriegs-nicht-hin\/#breadcrumb"},"inLanguage":"de","potentialAction":[{"@type":"ReadAction","target":["https:\/\/www.cfos-emobility.de\/network\/antworten\/netzbezug-mit-festem-zeitplan-ich-kriegs-nicht-hin\/"]}]},{"@type":"BreadcrumbList","@id":"https:\/\/www.cfos-emobility.de\/network\/antworten\/netzbezug-mit-festem-zeitplan-ich-kriegs-nicht-hin\/#breadcrumb","itemListElement":[{"@type":"ListItem","position":1,"name":"Startseite","item":"https:\/\/www.cfos-emobility.de\/network\/"},{"@type":"ListItem","position":2,"name":"Fragen","item":"https:\/\/www.cfos-emobility.de\/network\/antworten\/"},{"@type":"ListItem","position":3,"name":"Netzbezug mit festem Zeitplan &#8211; ich krieg&#8217;s nicht hin"}]},{"@type":"WebSite","@id":"https:\/\/www.cfos-emobility.de\/network\/#website","url":"https:\/\/www.cfos-emobility.de\/network\/","name":"cFos eMobility Network","description":"Das cFos Power Brain Community Portal","publisher":{"@id":"https:\/\/www.cfos-emobility.de\/network\/#organization"},"potentialAction":[{"@type":"SearchAction","target":{"@type":"EntryPoint","urlTemplate":"https:\/\/www.cfos-emobility.de\/network\/?s={search_term_string}"},"query-input":{"@type":"PropertyValueSpecification","valueRequired":true,"valueName":"search_term_string"}}],"inLanguage":"de"},{"@type":"Organization","@id":"https:\/\/www.cfos-emobility.de\/network\/#organization","name":"cFos eMobility GmbH","url":"https:\/\/www.cfos-emobility.de\/network\/","logo":{"@type":"ImageObject","inLanguage":"de","@id":"https:\/\/www.cfos-emobility.de\/network\/#\/schema\/logo\/image\/","url":"https:\/\/www.cfos-emobility.de\/network\/wp-content\/uploads\/2021\/12\/cfos-emobility-logo.jpg","contentUrl":"https:\/\/www.cfos-emobility.de\/network\/wp-content\/uploads\/2021\/12\/cfos-emobility-logo.jpg","width":221,"height":80,"caption":"cFos eMobility GmbH"},"image":{"@id":"https:\/\/www.cfos-emobility.de\/network\/#\/schema\/logo\/image\/"},"sameAs":["https:\/\/x.com\/cFosEmobility"]}]}</script>
<!-- / Yoast SEO plugin. -->

Hallo, ich dachte das muss doch ein Kinderspiel sein &#8211; ist es aber offensichtlich nicht. Ich habe die Power Brain in einer verschlossenen Garage, benötige also keine Benutzer / RFID Authentifizierung. Mein Stromtarif ist dynamisch und ich habe regelmäßig den günstigsten Strompreis zwischen 00:00 und 05:00 Uhr. Zunächst habe ich es mit der Bedingung &#8222;Uhrzeit&#8220; [&hellip;]
