{"id":6230,"date":"2025-07-27T13:02:46","date_gmt":"2025-07-27T11:02:46","guid":{"rendered":"https:\/\/www.cfos-emobility.de\/network\/antworten\/ueberschussladen-auch-mit-phasenumschaltung-funktioniert-aber-kein-11-kw-laden-most-of\/"},"modified":"2025-09-04T20:41:26","modified_gmt":"2025-09-04T18:41:26","slug":"ueberschussladen-auch-mit-phasenumschaltung-funktioniert-aber-kein-11-kw-laden-most-of","status":"publish","type":"cma_thread","link":"https:\/\/www.cfos-emobility.de\/network\/antworten\/ueberschussladen-auch-mit-phasenumschaltung-funktioniert-aber-kein-11-kw-laden-most-of\/","title":{"rendered":"\u00dcberschussladen auch mit Phasenumschaltung funktioniert, aber kein 11 kW Laden (most of)"},"content":{"rendered":"<p>Hallo Community,<\/p>\n<p>hilfe, mein Elektriker ( der in der Solarfirma alle Wallboxen einrichtet) kommt nach 5 Stunden nicht weiter.(wird mir auch langsam zu teuer) ich selbst habe jetzt auch seit Wochen viele (zu viele) Stunden verbracht. immerhin habe ich von Herrn Carazo erfahren, dass man bei \u00dcberschussladen die Phasenumschaltung aktivieren muss. Das habe ich jetzt konfiguriert, ebenso den Cloud Zugriff von zu Hause. Klappt.<\/p>\n<p>Aber ich kann keine 11 kW laden. Habe schon alles versucht: vorher Laderegeln deaktiviert&#8230;.<\/p>\n<p>Herr Carazo meint, das sei ein &#8222;Spezialfall&#8220; und ich soll das in die Community stellen. ich denke, nur \u00dcberschussladen und 11 kW Laden ist bei so einer Wallbox, die so vieles kann, kein Spezialfall.<\/p>\n<p>Aber ich stell jetzt mal alle Einstellungen meiner Wallbox per Scrollshot rein mit der Bitte, dass jemand von euch Spezialisten dr\u00fcberschaut und mir hoffentlich weiterhelfen kann. Syslog k\u00f6nnte ich auch liefern, habe ich auch schon l\u00e4nger Herrn Carazo gesendet.<\/p>\n<p>Am Ende noch 2 Screenshots, bei denen man sieht, dass ich charge at most kW eingestellt habe, aber \u00dcberschussladen l\u00e4uft.<\/p>\n<p>vielen vielen Dank schon mal,<\/p>\n<p>Norbert<\/p>\n","protected":false},"excerpt":{"rendered":"<p>Hallo Community, hilfe, mein Elektriker ( der in der Solarfirma alle Wallboxen einrichtet) kommt nach 5 Stunden nicht weiter.(wird mir auch langsam zu teuer) ich selbst habe jetzt auch seit Wochen viele (zu viele) Stunden verbracht. immerhin habe ich von Herrn Carazo erfahren, dass man bei \u00dcberschussladen die Phasenumschaltung aktivieren muss. Das habe ich jetzt [&hellip;]<\/p>\n","protected":false},"author":709,"featured_media":0,"template":"","tags":[],"cma_category":[],"cma_difficulty_level":[],"class_list":["post-6230","cma_thread","type-cma_thread","status-publish","hentry"],"yoast_head":"<!-- This site is optimized with the Yoast SEO plugin v27.5 - https:\/\/yoast.com\/product\/yoast-seo-wordpress\/ -->\n<title>\u00dcberschussladen auch mit Phasenumschaltung funktioniert, aber kein 11 kW Laden (most of) - cFos eMobility Network<\/title>\n<meta name=\"robots\" content=\"index, follow, max-snippet:-1, max-image-preview:large, max-video-preview:-1\" \/>\n<link rel=\"canonical\" href=\"https:\/\/www.cfos-emobility.de\/network\/antworten\/ueberschussladen-auch-mit-phasenumschaltung-funktioniert-aber-kein-11-kw-laden-most-of\/\" \/>\n<meta property=\"og:locale\" content=\"de_DE\" \/>\n<meta property=\"og:type\" content=\"article\" \/>\n<meta property=\"og:title\" content=\"\u00dcberschussladen auch mit Phasenumschaltung funktioniert, aber kein 11 kW Laden (most of) - cFos eMobility Network\" \/>\n<meta property=\"og:description\" content=\"Hallo Community, hilfe, mein Elektriker ( der in der Solarfirma alle Wallboxen einrichtet) kommt nach 5 Stunden nicht weiter.(wird mir auch langsam zu teuer) ich selbst habe jetzt auch seit Wochen viele (zu viele) Stunden verbracht. immerhin habe ich von Herrn Carazo erfahren, dass man bei \u00dcberschussladen die Phasenumschaltung aktivieren muss. Das habe ich jetzt [&hellip;]\" \/>\n<meta property=\"og:url\" content=\"https:\/\/www.cfos-emobility.de\/network\/antworten\/ueberschussladen-auch-mit-phasenumschaltung-funktioniert-aber-kein-11-kw-laden-most-of\/\" \/>\n<meta property=\"og:site_name\" content=\"cFos eMobility Network\" \/>\n<meta property=\"article:modified_time\" content=\"2025-09-04T18:41:26+00:00\" \/>\n<meta name=\"twitter:card\" content=\"summary_large_image\" \/>\n<meta name=\"twitter:site\" content=\"@cFosEmobility\" \/>\n<meta name=\"twitter:label1\" content=\"Gesch\u00e4tzte Lesezeit\" \/>\n\t<meta name=\"twitter:data1\" content=\"1\u00a0Minute\" \/>\n<script type=\"application\/ld+json\" class=\"yoast-schema-graph\">{\"@context\":\"https:\\\/\\\/schema.org\",\"@graph\":[{\"@type\":\"WebPage\",\"@id\":\"https:\\\/\\\/www.cfos-emobility.de\\\/network\\\/antworten\\\/ueberschussladen-auch-mit-phasenumschaltung-funktioniert-aber-kein-11-kw-laden-most-of\\\/\",\"url\":\"https:\\\/\\\/www.cfos-emobility.de\\\/network\\\/antworten\\\/ueberschussladen-auch-mit-phasenumschaltung-funktioniert-aber-kein-11-kw-laden-most-of\\\/\",\"name\":\"\u00dcberschussladen auch mit Phasenumschaltung funktioniert, aber kein 11 kW Laden (most of) - cFos eMobility Network\",\"isPartOf\":{\"@id\":\"https:\\\/\\\/www.cfos-emobility.de\\\/network\\\/#website\"},\"datePublished\":\"2025-07-27T11:02:46+00:00\",\"dateModified\":\"2025-09-04T18:41:26+00:00\",\"breadcrumb\":{\"@id\":\"https:\\\/\\\/www.cfos-emobility.de\\\/network\\\/antworten\\\/ueberschussladen-auch-mit-phasenumschaltung-funktioniert-aber-kein-11-kw-laden-most-of\\\/#breadcrumb\"},\"inLanguage\":\"de\",\"potentialAction\":[{\"@type\":\"ReadAction\",\"target\":[\"https:\\\/\\\/www.cfos-emobility.de\\\/network\\\/antworten\\\/ueberschussladen-auch-mit-phasenumschaltung-funktioniert-aber-kein-11-kw-laden-most-of\\\/\"]}]},{\"@type\":\"BreadcrumbList\",\"@id\":\"https:\\\/\\\/www.cfos-emobility.de\\\/network\\\/antworten\\\/ueberschussladen-auch-mit-phasenumschaltung-funktioniert-aber-kein-11-kw-laden-most-of\\\/#breadcrumb\",\"itemListElement\":[{\"@type\":\"ListItem\",\"position\":1,\"name\":\"Startseite\",\"item\":\"https:\\\/\\\/www.cfos-emobility.de\\\/network\\\/\"},{\"@type\":\"ListItem\",\"position\":2,\"name\":\"Fragen\",\"item\":\"https:\\\/\\\/www.cfos-emobility.de\\\/network\\\/antworten\\\/\"},{\"@type\":\"ListItem\",\"position\":3,\"name\":\"\u00dcberschussladen auch mit Phasenumschaltung funktioniert, aber kein 11 kW Laden (most of)\"}]},{\"@type\":\"WebSite\",\"@id\":\"https:\\\/\\\/www.cfos-emobility.de\\\/network\\\/#website\",\"url\":\"https:\\\/\\\/www.cfos-emobility.de\\\/network\\\/\",\"name\":\"cFos eMobility Network\",\"description\":\"Das cFos Power Brain Community Portal\",\"publisher\":{\"@id\":\"https:\\\/\\\/www.cfos-emobility.de\\\/network\\\/#organization\"},\"potentialAction\":[{\"@type\":\"SearchAction\",\"target\":{\"@type\":\"EntryPoint\",\"urlTemplate\":\"https:\\\/\\\/www.cfos-emobility.de\\\/network\\\/?s={search_term_string}\"},\"query-input\":{\"@type\":\"PropertyValueSpecification\",\"valueRequired\":true,\"valueName\":\"search_term_string\"}}],\"inLanguage\":\"de\"},{\"@type\":\"Organization\",\"@id\":\"https:\\\/\\\/www.cfos-emobility.de\\\/network\\\/#organization\",\"name\":\"cFos eMobility GmbH\",\"url\":\"https:\\\/\\\/www.cfos-emobility.de\\\/network\\\/\",\"logo\":{\"@type\":\"ImageObject\",\"inLanguage\":\"de\",\"@id\":\"https:\\\/\\\/www.cfos-emobility.de\\\/network\\\/#\\\/schema\\\/logo\\\/image\\\/\",\"url\":\"https:\\\/\\\/www.cfos-emobility.de\\\/network\\\/wp-content\\\/uploads\\\/2021\\\/12\\\/cfos-emobility-logo.jpg\",\"contentUrl\":\"https:\\\/\\\/www.cfos-emobility.de\\\/network\\\/wp-content\\\/uploads\\\/2021\\\/12\\\/cfos-emobility-logo.jpg\",\"width\":221,\"height\":80,\"caption\":\"cFos eMobility GmbH\"},\"image\":{\"@id\":\"https:\\\/\\\/www.cfos-emobility.de\\\/network\\\/#\\\/schema\\\/logo\\\/image\\\/\"},\"sameAs\":[\"https:\\\/\\\/x.com\\\/cFosEmobility\"]}]}<\/script>\n<!-- \/ Yoast SEO plugin. -->","yoast_head_json":{"title":"\u00dcberschussladen auch mit Phasenumschaltung funktioniert, aber kein 11 kW Laden (most of) - cFos eMobility Network","robots":{"index":"index","follow":"follow","max-snippet":"max-snippet:-1","max-image-preview":"max-image-preview:large","max-video-preview":"max-video-preview:-1"},"canonical":"https:\/\/www.cfos-emobility.de\/network\/antworten\/ueberschussladen-auch-mit-phasenumschaltung-funktioniert-aber-kein-11-kw-laden-most-of\/","og_locale":"de_DE","og_type":"article","og_title":"\u00dcberschussladen auch mit Phasenumschaltung funktioniert, aber kein 11 kW Laden (most of) - cFos eMobility Network","og_description":"Hallo Community, hilfe, mein Elektriker ( der in der Solarfirma alle Wallboxen einrichtet) kommt nach 5 Stunden nicht weiter.(wird mir auch langsam zu teuer) ich selbst habe jetzt auch seit Wochen viele (zu viele) Stunden verbracht. immerhin habe ich von Herrn Carazo erfahren, dass man bei \u00dcberschussladen die Phasenumschaltung aktivieren muss. Das habe ich jetzt [&hellip;]","og_url":"https:\/\/www.cfos-emobility.de\/network\/antworten\/ueberschussladen-auch-mit-phasenumschaltung-funktioniert-aber-kein-11-kw-laden-most-of\/","og_site_name":"cFos eMobility Network","article_modified_time":"2025-09-04T18:41:26+00:00","twitter_card":"summary_large_image","twitter_site":"@cFosEmobility","twitter_misc":{"Gesch\u00e4tzte Lesezeit":"1\u00a0Minute"},"schema":{"@context":"https:\/\/schema.org","@graph":[{"@type":"WebPage","@id":"https:\/\/www.cfos-emobility.de\/network\/antworten\/ueberschussladen-auch-mit-phasenumschaltung-funktioniert-aber-kein-11-kw-laden-most-of\/","url":"https:\/\/www.cfos-emobility.de\/network\/antworten\/ueberschussladen-auch-mit-phasenumschaltung-funktioniert-aber-kein-11-kw-laden-most-of\/","name":"\u00dcberschussladen auch mit Phasenumschaltung funktioniert, aber kein 11 kW Laden (most of) - cFos eMobility Network","isPartOf":{"@id":"https:\/\/www.cfos-emobility.de\/network\/#website"},"datePublished":"2025-07-27T11:02:46+00:00","dateModified":"2025-09-04T18:41:26+00:00","breadcrumb":{"@id":"https:\/\/www.cfos-emobility.de\/network\/antworten\/ueberschussladen-auch-mit-phasenumschaltung-funktioniert-aber-kein-11-kw-laden-most-of\/#breadcrumb"},"inLanguage":"de","potentialAction":[{"@type":"ReadAction","target":["https:\/\/www.cfos-emobility.de\/network\/antworten\/ueberschussladen-auch-mit-phasenumschaltung-funktioniert-aber-kein-11-kw-laden-most-of\/"]}]},{"@type":"BreadcrumbList","@id":"https:\/\/www.cfos-emobility.de\/network\/antworten\/ueberschussladen-auch-mit-phasenumschaltung-funktioniert-aber-kein-11-kw-laden-most-of\/#breadcrumb","itemListElement":[{"@type":"ListItem","position":1,"name":"Startseite","item":"https:\/\/www.cfos-emobility.de\/network\/"},{"@type":"ListItem","position":2,"name":"Fragen","item":"https:\/\/www.cfos-emobility.de\/network\/antworten\/"},{"@type":"ListItem","position":3,"name":"\u00dcberschussladen auch mit Phasenumschaltung funktioniert, aber kein 11 kW Laden (most of)"}]},{"@type":"WebSite","@id":"https:\/\/www.cfos-emobility.de\/network\/#website","url":"https:\/\/www.cfos-emobility.de\/network\/","name":"cFos eMobility Network","description":"Das cFos Power Brain Community Portal","publisher":{"@id":"https:\/\/www.cfos-emobility.de\/network\/#organization"},"potentialAction":[{"@type":"SearchAction","target":{"@type":"EntryPoint","urlTemplate":"https:\/\/www.cfos-emobility.de\/network\/?s={search_term_string}"},"query-input":{"@type":"PropertyValueSpecification","valueRequired":true,"valueName":"search_term_string"}}],"inLanguage":"de"},{"@type":"Organization","@id":"https:\/\/www.cfos-emobility.de\/network\/#organization","name":"cFos eMobility GmbH","url":"https:\/\/www.cfos-emobility.de\/network\/","logo":{"@type":"ImageObject","inLanguage":"de","@id":"https:\/\/www.cfos-emobility.de\/network\/#\/schema\/logo\/image\/","url":"https:\/\/www.cfos-emobility.de\/network\/wp-content\/uploads\/2021\/12\/cfos-emobility-logo.jpg","contentUrl":"https:\/\/www.cfos-emobility.de\/network\/wp-content\/uploads\/2021\/12\/cfos-emobility-logo.jpg","width":221,"height":80,"caption":"cFos eMobility GmbH"},"image":{"@id":"https:\/\/www.cfos-emobility.de\/network\/#\/schema\/logo\/image\/"},"sameAs":["https:\/\/x.com\/cFosEmobility"]}]}},"_links":{"self":[{"href":"https:\/\/www.cfos-emobility.de\/network\/wp-json\/wp\/v2\/cma_thread\/6230","targetHints":{"allow":["GET"]}}],"collection":[{"href":"https:\/\/www.cfos-emobility.de\/network\/wp-json\/wp\/v2\/cma_thread"}],"about":[{"href":"https:\/\/www.cfos-emobility.de\/network\/wp-json\/wp\/v2\/types\/cma_thread"}],"author":[{"embeddable":true,"href":"https:\/\/www.cfos-emobility.de\/network\/wp-json\/wp\/v2\/users\/709"}],"wp:attachment":[{"href":"https:\/\/www.cfos-emobility.de\/network\/wp-json\/wp\/v2\/media?parent=6230"}],"wp:term":[{"taxonomy":"post_tag","embeddable":true,"href":"https:\/\/www.cfos-emobility.de\/network\/wp-json\/wp\/v2\/tags?post=6230"},{"taxonomy":"cma_category","embeddable":true,"href":"https:\/\/www.cfos-emobility.de\/network\/wp-json\/wp\/v2\/cma_category?post=6230"},{"taxonomy":"cma_difficulty_level","embeddable":true,"href":"https:\/\/www.cfos-emobility.de\/network\/wp-json\/wp\/v2\/cma_difficulty_level?post=6230"}],"curies":[{"name":"wp","href":"https:\/\/api.w.org\/{rel}","templated":true}]}}

Überschussladen auch mit Phasenumschaltung funktioniert, aber kein 11 kW Laden (most of)

<p>Hallo Community,</p>
<p>hilfe, mein Elektriker ( der in der Solarfirma alle Wallboxen einrichtet) kommt nach 5 Stunden nicht weiter.(wird mir auch langsam zu teuer) ich selbst habe jetzt auch seit Wochen viele (zu viele) Stunden verbracht. immerhin habe ich von Herrn Carazo erfahren, dass man bei Überschussladen die Phasenumschaltung aktivieren muss. Das habe ich jetzt konfiguriert, ebenso den Cloud Zugriff von zu Hause. Klappt.</p>
<p>Aber ich kann keine 11 kW laden. Habe schon alles versucht: vorher Laderegeln deaktiviert&#8230;.</p>
<p>Herr Carazo meint, das sei ein &#8222;Spezialfall&#8220; und ich soll das in die Community stellen. ich denke, nur Überschussladen und 11 kW Laden ist bei so einer Wallbox, die so vieles kann, kein Spezialfall.</p>
<p>Aber ich stell jetzt mal alle Einstellungen meiner Wallbox per Scrollshot rein mit der Bitte, dass jemand von euch Spezialisten drüberschaut und mir hoffentlich weiterhelfen kann. Syslog könnte ich auch liefern, habe ich auch schon länger Herrn Carazo gesendet.</p>
<p>Am Ende noch 2 Screenshots, bei denen man sieht, dass ich charge at most kW eingestellt habe, aber Überschussladen läuft.</p>
<p>vielen vielen Dank schon mal,</p>
<p>Norbert</p>

<p>Hallo Community, hilfe, mein Elektriker ( der in der Solarfirma alle Wallboxen einrichtet) kommt nach 5 Stunden nicht weiter.(wird mir auch langsam zu teuer) ich selbst habe jetzt auch seit Wochen viele (zu viele) Stunden verbracht. immerhin habe ich von Herrn Carazo erfahren, dass man bei Überschussladen die Phasenumschaltung aktivieren muss. Das habe ich jetzt [&hellip;]</p>

<!-- This site is optimized with the Yoast SEO plugin v27.5 - https://yoast.com/product/yoast-seo-wordpress/ -->
<title>Überschussladen auch mit Phasenumschaltung funktioniert, aber kein 11 kW Laden (most of) - cFos eMobility Network</title>
<meta name="robots" content="index, follow, max-snippet:-1, max-image-preview:large, max-video-preview:-1" />
<link rel="canonical" href="https://www.cfos-emobility.de/network/antworten/ueberschussladen-auch-mit-phasenumschaltung-funktioniert-aber-kein-11-kw-laden-most-of/" />
<meta property="og:locale" content="de_DE" />
<meta property="og:type" content="article" />
<meta property="og:title" content="Überschussladen auch mit Phasenumschaltung funktioniert, aber kein 11 kW Laden (most of) - cFos eMobility Network" />
<meta property="og:description" content="Hallo Community, hilfe, mein Elektriker ( der in der Solarfirma alle Wallboxen einrichtet) kommt nach 5 Stunden nicht weiter.(wird mir auch langsam zu teuer) ich selbst habe jetzt auch seit Wochen viele (zu viele) Stunden verbracht. immerhin habe ich von Herrn Carazo erfahren, dass man bei Überschussladen die Phasenumschaltung aktivieren muss. Das habe ich jetzt [&hellip;]" />
<meta property="og:url" content="https://www.cfos-emobility.de/network/antworten/ueberschussladen-auch-mit-phasenumschaltung-funktioniert-aber-kein-11-kw-laden-most-of/" />
<meta property="og:site_name" content="cFos eMobility Network" />
<meta property="article:modified_time" content="2025-09-04T18:41:26+00:00" />
<meta name="twitter:card" content="summary_large_image" />
<meta name="twitter:site" content="@cFosEmobility" />
<meta name="twitter:label1" content="Geschätzte Lesezeit" />
	<meta name="twitter:data1" content="1 Minute" />
<script type="application/ld+json" class="yoast-schema-graph">{"@context":"https:\/\/schema.org","@graph":[{"@type":"WebPage","@id":"https:\/\/www.cfos-emobility.de\/network\/antworten\/ueberschussladen-auch-mit-phasenumschaltung-funktioniert-aber-kein-11-kw-laden-most-of\/","url":"https:\/\/www.cfos-emobility.de\/network\/antworten\/ueberschussladen-auch-mit-phasenumschaltung-funktioniert-aber-kein-11-kw-laden-most-of\/","name":"Überschussladen auch mit Phasenumschaltung funktioniert, aber kein 11 kW Laden (most of) - cFos eMobility Network","isPartOf":{"@id":"https:\/\/www.cfos-emobility.de\/network\/#website"},"datePublished":"2025-07-27T11:02:46+00:00","dateModified":"2025-09-04T18:41:26+00:00","breadcrumb":{"@id":"https:\/\/www.cfos-emobility.de\/network\/antworten\/ueberschussladen-auch-mit-phasenumschaltung-funktioniert-aber-kein-11-kw-laden-most-of\/#breadcrumb"},"inLanguage":"de","potentialAction":[{"@type":"ReadAction","target":["https:\/\/www.cfos-emobility.de\/network\/antworten\/ueberschussladen-auch-mit-phasenumschaltung-funktioniert-aber-kein-11-kw-laden-most-of\/"]}]},{"@type":"BreadcrumbList","@id":"https:\/\/www.cfos-emobility.de\/network\/antworten\/ueberschussladen-auch-mit-phasenumschaltung-funktioniert-aber-kein-11-kw-laden-most-of\/#breadcrumb","itemListElement":[{"@type":"ListItem","position":1,"name":"Startseite","item":"https:\/\/www.cfos-emobility.de\/network\/"},{"@type":"ListItem","position":2,"name":"Fragen","item":"https:\/\/www.cfos-emobility.de\/network\/antworten\/"},{"@type":"ListItem","position":3,"name":"Überschussladen auch mit Phasenumschaltung funktioniert, aber kein 11 kW Laden (most of)"}]},{"@type":"WebSite","@id":"https:\/\/www.cfos-emobility.de\/network\/#website","url":"https:\/\/www.cfos-emobility.de\/network\/","name":"cFos eMobility Network","description":"Das cFos Power Brain Community Portal","publisher":{"@id":"https:\/\/www.cfos-emobility.de\/network\/#organization"},"potentialAction":[{"@type":"SearchAction","target":{"@type":"EntryPoint","urlTemplate":"https:\/\/www.cfos-emobility.de\/network\/?s={search_term_string}"},"query-input":{"@type":"PropertyValueSpecification","valueRequired":true,"valueName":"search_term_string"}}],"inLanguage":"de"},{"@type":"Organization","@id":"https:\/\/www.cfos-emobility.de\/network\/#organization","name":"cFos eMobility GmbH","url":"https:\/\/www.cfos-emobility.de\/network\/","logo":{"@type":"ImageObject","inLanguage":"de","@id":"https:\/\/www.cfos-emobility.de\/network\/#\/schema\/logo\/image\/","url":"https:\/\/www.cfos-emobility.de\/network\/wp-content\/uploads\/2021\/12\/cfos-emobility-logo.jpg","contentUrl":"https:\/\/www.cfos-emobility.de\/network\/wp-content\/uploads\/2021\/12\/cfos-emobility-logo.jpg","width":221,"height":80,"caption":"cFos eMobility GmbH"},"image":{"@id":"https:\/\/www.cfos-emobility.de\/network\/#\/schema\/logo\/image\/"},"sameAs":["https:\/\/x.com\/cFosEmobility"]}]}</script>
<!-- / Yoast SEO plugin. -->

Überschussladen auch mit Phasenumschaltung funktioniert, aber kein 11 kW Laden (most of) - cFos eMobility Network

Hallo Community, hilfe, mein Elektriker ( der in der Solarfirma alle Wallboxen einrichtet) kommt nach 5 Stunden nicht weiter.(wird mir auch langsam zu teuer) ich selbst habe jetzt auch seit Wochen viele (zu viele) Stunden verbracht. immerhin habe ich von Herrn Carazo erfahren, dass man bei Überschussladen die Phasenumschaltung aktivieren muss. Das habe ich jetzt [&hellip;]
