{"id":6088,"date":"2025-06-30T14:05:02","date_gmt":"2025-06-30T12:05:02","guid":{"rendered":"https:\/\/www.cfos-emobility.de\/network\/antworten\/smart-453-eq-mit-3p-und-11kwh-laden-wie\/"},"modified":"2025-06-30T18:53:57","modified_gmt":"2025-06-30T16:53:57","slug":"smart-453-eq-mit-3p-und-11kwh-laden-wie","status":"publish","type":"cma_thread","link":"https:\/\/www.cfos-emobility.de\/network\/antworten\/smart-453-eq-mit-3p-und-11kwh-laden-wie\/","title":{"rendered":"Smart 453 EQ mit 3P und 11kWh laden &#8212;&#8211; wie?"},"content":{"rendered":"<p>Hallo,<\/p>\n<p>wir haben nun unseren 2. BEV.<\/p>\n<p>Mit der cfos bekomme ich den KIA EV6 problemlos mit 3 Phasen, 16A und somit 11 kW geladen.<\/p>\n<p>Nehme ich exakt gleichen RFID (und somit gleiche Einstellungen), klappt dennoch das Laden des Smart EQ nicht. Laden wird abgebrochen. Keine Fehlermeldung (weder am Smart noch der cfos)<\/p>\n<p>Laden mit 1 Phase, 16A und somit 3,7 kW klappt problemlos.<\/p>\n<p>Auch ein manuelles Umschalten von 1P auf 3P klappt nur f\u00fcr 1 Sekunde. Es erscheint L1.L2.L3 und 7A ganz kurz und geht dann auf 0A von 6A L1 zur\u00fcck. Und dann l\u00e4dt er ganrnicht mehr. Erst wenn ich wieder auf 1P und Auto aufwecken mache, l\u00e4dt er wieder 16A L1 = 3700 Watt.<\/p>\n<p>Das Auto kann an \u00f6ffentlichen S\u00e4ulen bis 22 kWh laden.<\/p>\n<p>&nbsp;<\/p>\n<p>Was muss ich ggf. einstellen? Hat das Problem noch jemand.<\/p>\n","protected":false},"excerpt":{"rendered":"<p>Hallo, wir haben nun unseren 2. BEV. Mit der cfos bekomme ich den KIA EV6 problemlos mit 3 Phasen, 16A und somit 11 kW geladen. Nehme ich exakt gleichen RFID (und somit gleiche Einstellungen), klappt dennoch das Laden des Smart EQ nicht. Laden wird abgebrochen. Keine Fehlermeldung (weder am Smart noch der cfos) Laden mit [&hellip;]<\/p>\n","protected":false},"author":173,"featured_media":0,"template":"","tags":[46,171],"cma_category":[2],"cma_difficulty_level":[],"class_list":["post-6088","cma_thread","type-cma_thread","status-publish","hentry","tag-konfiguration","tag-laderegeln","cma_category-cfos-emobility"],"yoast_head":"<!-- This site is optimized with the Yoast SEO plugin v27.5 - https:\/\/yoast.com\/product\/yoast-seo-wordpress\/ -->\n<title>Smart 453 EQ mit 3P und 11kWh laden - wie? - cFos eMobility Network<\/title>\n<meta name=\"robots\" content=\"index, follow, max-snippet:-1, max-image-preview:large, max-video-preview:-1\" \/>\n<link rel=\"canonical\" href=\"https:\/\/www.cfos-emobility.de\/network\/antworten\/smart-453-eq-mit-3p-und-11kwh-laden-wie\/\" \/>\n<meta property=\"og:locale\" content=\"de_DE\" \/>\n<meta property=\"og:type\" content=\"article\" \/>\n<meta property=\"og:title\" content=\"Smart 453 EQ mit 3P und 11kWh laden - wie? - cFos eMobility Network\" \/>\n<meta property=\"og:description\" content=\"Hallo, wir haben nun unseren 2. BEV. Mit der cfos bekomme ich den KIA EV6 problemlos mit 3 Phasen, 16A und somit 11 kW geladen. Nehme ich exakt gleichen RFID (und somit gleiche Einstellungen), klappt dennoch das Laden des Smart EQ nicht. Laden wird abgebrochen. Keine Fehlermeldung (weder am Smart noch der cfos) Laden mit [&hellip;]\" \/>\n<meta property=\"og:url\" content=\"https:\/\/www.cfos-emobility.de\/network\/antworten\/smart-453-eq-mit-3p-und-11kwh-laden-wie\/\" \/>\n<meta property=\"og:site_name\" content=\"cFos eMobility Network\" \/>\n<meta property=\"article:modified_time\" content=\"2025-06-30T16:53:57+00:00\" \/>\n<meta name=\"twitter:card\" content=\"summary_large_image\" \/>\n<meta name=\"twitter:site\" content=\"@cFosEmobility\" \/>\n<meta name=\"twitter:label1\" content=\"Gesch\u00e4tzte Lesezeit\" \/>\n\t<meta name=\"twitter:data1\" content=\"1\u00a0Minute\" \/>\n<script type=\"application\/ld+json\" class=\"yoast-schema-graph\">{\"@context\":\"https:\\\/\\\/schema.org\",\"@graph\":[{\"@type\":\"WebPage\",\"@id\":\"https:\\\/\\\/www.cfos-emobility.de\\\/network\\\/antworten\\\/smart-453-eq-mit-3p-und-11kwh-laden-wie\\\/\",\"url\":\"https:\\\/\\\/www.cfos-emobility.de\\\/network\\\/antworten\\\/smart-453-eq-mit-3p-und-11kwh-laden-wie\\\/\",\"name\":\"Smart 453 EQ mit 3P und 11kWh laden - wie? - cFos eMobility Network\",\"isPartOf\":{\"@id\":\"https:\\\/\\\/www.cfos-emobility.de\\\/network\\\/#website\"},\"datePublished\":\"2025-06-30T12:05:02+00:00\",\"dateModified\":\"2025-06-30T16:53:57+00:00\",\"breadcrumb\":{\"@id\":\"https:\\\/\\\/www.cfos-emobility.de\\\/network\\\/antworten\\\/smart-453-eq-mit-3p-und-11kwh-laden-wie\\\/#breadcrumb\"},\"inLanguage\":\"de\",\"potentialAction\":[{\"@type\":\"ReadAction\",\"target\":[\"https:\\\/\\\/www.cfos-emobility.de\\\/network\\\/antworten\\\/smart-453-eq-mit-3p-und-11kwh-laden-wie\\\/\"]}]},{\"@type\":\"BreadcrumbList\",\"@id\":\"https:\\\/\\\/www.cfos-emobility.de\\\/network\\\/antworten\\\/smart-453-eq-mit-3p-und-11kwh-laden-wie\\\/#breadcrumb\",\"itemListElement\":[{\"@type\":\"ListItem\",\"position\":1,\"name\":\"Startseite\",\"item\":\"https:\\\/\\\/www.cfos-emobility.de\\\/network\\\/\"},{\"@type\":\"ListItem\",\"position\":2,\"name\":\"Fragen\",\"item\":\"https:\\\/\\\/www.cfos-emobility.de\\\/network\\\/antworten\\\/\"},{\"@type\":\"ListItem\",\"position\":3,\"name\":\"Smart 453 EQ mit 3P und 11kWh laden &#8212;&#8211; wie?\"}]},{\"@type\":\"WebSite\",\"@id\":\"https:\\\/\\\/www.cfos-emobility.de\\\/network\\\/#website\",\"url\":\"https:\\\/\\\/www.cfos-emobility.de\\\/network\\\/\",\"name\":\"cFos eMobility Network\",\"description\":\"Das cFos Power Brain Community Portal\",\"publisher\":{\"@id\":\"https:\\\/\\\/www.cfos-emobility.de\\\/network\\\/#organization\"},\"potentialAction\":[{\"@type\":\"SearchAction\",\"target\":{\"@type\":\"EntryPoint\",\"urlTemplate\":\"https:\\\/\\\/www.cfos-emobility.de\\\/network\\\/?s={search_term_string}\"},\"query-input\":{\"@type\":\"PropertyValueSpecification\",\"valueRequired\":true,\"valueName\":\"search_term_string\"}}],\"inLanguage\":\"de\"},{\"@type\":\"Organization\",\"@id\":\"https:\\\/\\\/www.cfos-emobility.de\\\/network\\\/#organization\",\"name\":\"cFos eMobility GmbH\",\"url\":\"https:\\\/\\\/www.cfos-emobility.de\\\/network\\\/\",\"logo\":{\"@type\":\"ImageObject\",\"inLanguage\":\"de\",\"@id\":\"https:\\\/\\\/www.cfos-emobility.de\\\/network\\\/#\\\/schema\\\/logo\\\/image\\\/\",\"url\":\"https:\\\/\\\/www.cfos-emobility.de\\\/network\\\/wp-content\\\/uploads\\\/2021\\\/12\\\/cfos-emobility-logo.jpg\",\"contentUrl\":\"https:\\\/\\\/www.cfos-emobility.de\\\/network\\\/wp-content\\\/uploads\\\/2021\\\/12\\\/cfos-emobility-logo.jpg\",\"width\":221,\"height\":80,\"caption\":\"cFos eMobility GmbH\"},\"image\":{\"@id\":\"https:\\\/\\\/www.cfos-emobility.de\\\/network\\\/#\\\/schema\\\/logo\\\/image\\\/\"},\"sameAs\":[\"https:\\\/\\\/x.com\\\/cFosEmobility\"]}]}<\/script>\n<!-- \/ Yoast SEO plugin. -->","yoast_head_json":{"title":"Smart 453 EQ mit 3P und 11kWh laden - wie? - cFos eMobility Network","robots":{"index":"index","follow":"follow","max-snippet":"max-snippet:-1","max-image-preview":"max-image-preview:large","max-video-preview":"max-video-preview:-1"},"canonical":"https:\/\/www.cfos-emobility.de\/network\/antworten\/smart-453-eq-mit-3p-und-11kwh-laden-wie\/","og_locale":"de_DE","og_type":"article","og_title":"Smart 453 EQ mit 3P und 11kWh laden - wie? - cFos eMobility Network","og_description":"Hallo, wir haben nun unseren 2. BEV. Mit der cfos bekomme ich den KIA EV6 problemlos mit 3 Phasen, 16A und somit 11 kW geladen. Nehme ich exakt gleichen RFID (und somit gleiche Einstellungen), klappt dennoch das Laden des Smart EQ nicht. Laden wird abgebrochen. Keine Fehlermeldung (weder am Smart noch der cfos) Laden mit [&hellip;]","og_url":"https:\/\/www.cfos-emobility.de\/network\/antworten\/smart-453-eq-mit-3p-und-11kwh-laden-wie\/","og_site_name":"cFos eMobility Network","article_modified_time":"2025-06-30T16:53:57+00:00","twitter_card":"summary_large_image","twitter_site":"@cFosEmobility","twitter_misc":{"Gesch\u00e4tzte Lesezeit":"1\u00a0Minute"},"schema":{"@context":"https:\/\/schema.org","@graph":[{"@type":"WebPage","@id":"https:\/\/www.cfos-emobility.de\/network\/antworten\/smart-453-eq-mit-3p-und-11kwh-laden-wie\/","url":"https:\/\/www.cfos-emobility.de\/network\/antworten\/smart-453-eq-mit-3p-und-11kwh-laden-wie\/","name":"Smart 453 EQ mit 3P und 11kWh laden - wie? - cFos eMobility Network","isPartOf":{"@id":"https:\/\/www.cfos-emobility.de\/network\/#website"},"datePublished":"2025-06-30T12:05:02+00:00","dateModified":"2025-06-30T16:53:57+00:00","breadcrumb":{"@id":"https:\/\/www.cfos-emobility.de\/network\/antworten\/smart-453-eq-mit-3p-und-11kwh-laden-wie\/#breadcrumb"},"inLanguage":"de","potentialAction":[{"@type":"ReadAction","target":["https:\/\/www.cfos-emobility.de\/network\/antworten\/smart-453-eq-mit-3p-und-11kwh-laden-wie\/"]}]},{"@type":"BreadcrumbList","@id":"https:\/\/www.cfos-emobility.de\/network\/antworten\/smart-453-eq-mit-3p-und-11kwh-laden-wie\/#breadcrumb","itemListElement":[{"@type":"ListItem","position":1,"name":"Startseite","item":"https:\/\/www.cfos-emobility.de\/network\/"},{"@type":"ListItem","position":2,"name":"Fragen","item":"https:\/\/www.cfos-emobility.de\/network\/antworten\/"},{"@type":"ListItem","position":3,"name":"Smart 453 EQ mit 3P und 11kWh laden &#8212;&#8211; wie?"}]},{"@type":"WebSite","@id":"https:\/\/www.cfos-emobility.de\/network\/#website","url":"https:\/\/www.cfos-emobility.de\/network\/","name":"cFos eMobility Network","description":"Das cFos Power Brain Community Portal","publisher":{"@id":"https:\/\/www.cfos-emobility.de\/network\/#organization"},"potentialAction":[{"@type":"SearchAction","target":{"@type":"EntryPoint","urlTemplate":"https:\/\/www.cfos-emobility.de\/network\/?s={search_term_string}"},"query-input":{"@type":"PropertyValueSpecification","valueRequired":true,"valueName":"search_term_string"}}],"inLanguage":"de"},{"@type":"Organization","@id":"https:\/\/www.cfos-emobility.de\/network\/#organization","name":"cFos eMobility GmbH","url":"https:\/\/www.cfos-emobility.de\/network\/","logo":{"@type":"ImageObject","inLanguage":"de","@id":"https:\/\/www.cfos-emobility.de\/network\/#\/schema\/logo\/image\/","url":"https:\/\/www.cfos-emobility.de\/network\/wp-content\/uploads\/2021\/12\/cfos-emobility-logo.jpg","contentUrl":"https:\/\/www.cfos-emobility.de\/network\/wp-content\/uploads\/2021\/12\/cfos-emobility-logo.jpg","width":221,"height":80,"caption":"cFos eMobility GmbH"},"image":{"@id":"https:\/\/www.cfos-emobility.de\/network\/#\/schema\/logo\/image\/"},"sameAs":["https:\/\/x.com\/cFosEmobility"]}]}},"_links":{"self":[{"href":"https:\/\/www.cfos-emobility.de\/network\/wp-json\/wp\/v2\/cma_thread\/6088","targetHints":{"allow":["GET"]}}],"collection":[{"href":"https:\/\/www.cfos-emobility.de\/network\/wp-json\/wp\/v2\/cma_thread"}],"about":[{"href":"https:\/\/www.cfos-emobility.de\/network\/wp-json\/wp\/v2\/types\/cma_thread"}],"author":[{"embeddable":true,"href":"https:\/\/www.cfos-emobility.de\/network\/wp-json\/wp\/v2\/users\/173"}],"wp:attachment":[{"href":"https:\/\/www.cfos-emobility.de\/network\/wp-json\/wp\/v2\/media?parent=6088"}],"wp:term":[{"taxonomy":"post_tag","embeddable":true,"href":"https:\/\/www.cfos-emobility.de\/network\/wp-json\/wp\/v2\/tags?post=6088"},{"taxonomy":"cma_category","embeddable":true,"href":"https:\/\/www.cfos-emobility.de\/network\/wp-json\/wp\/v2\/cma_category?post=6088"},{"taxonomy":"cma_difficulty_level","embeddable":true,"href":"https:\/\/www.cfos-emobility.de\/network\/wp-json\/wp\/v2\/cma_difficulty_level?post=6088"}],"curies":[{"name":"wp","href":"https:\/\/api.w.org\/{rel}","templated":true}]}}

<p>Hallo,</p>
<p>wir haben nun unseren 2. BEV.</p>
<p>Mit der cfos bekomme ich den KIA EV6 problemlos mit 3 Phasen, 16A und somit 11 kW geladen.</p>
<p>Nehme ich exakt gleichen RFID (und somit gleiche Einstellungen), klappt dennoch das Laden des Smart EQ nicht. Laden wird abgebrochen. Keine Fehlermeldung (weder am Smart noch der cfos)</p>
<p>Laden mit 1 Phase, 16A und somit 3,7 kW klappt problemlos.</p>
<p>Auch ein manuelles Umschalten von 1P auf 3P klappt nur für 1 Sekunde. Es erscheint L1.L2.L3 und 7A ganz kurz und geht dann auf 0A von 6A L1 zurück. Und dann lädt er ganrnicht mehr. Erst wenn ich wieder auf 1P und Auto aufwecken mache, lädt er wieder 16A L1 = 3700 Watt.</p>
<p>Das Auto kann an öffentlichen Säulen bis 22 kWh laden.</p>
<p>&nbsp;</p>
<p>Was muss ich ggf. einstellen? Hat das Problem noch jemand.</p>

<!-- This site is optimized with the Yoast SEO plugin v27.5 - https://yoast.com/product/yoast-seo-wordpress/ -->
<title>Smart 453 EQ mit 3P und 11kWh laden - wie? - cFos eMobility Network</title>
<meta name="robots" content="index, follow, max-snippet:-1, max-image-preview:large, max-video-preview:-1" />
<link rel="canonical" href="https://www.cfos-emobility.de/network/antworten/smart-453-eq-mit-3p-und-11kwh-laden-wie/" />
<meta property="og:locale" content="de_DE" />
<meta property="og:type" content="article" />
<meta property="og:title" content="Smart 453 EQ mit 3P und 11kWh laden - wie? - cFos eMobility Network" />
<meta property="og:description" content="Hallo, wir haben nun unseren 2. BEV. Mit der cfos bekomme ich den KIA EV6 problemlos mit 3 Phasen, 16A und somit 11 kW geladen. Nehme ich exakt gleichen RFID (und somit gleiche Einstellungen), klappt dennoch das Laden des Smart EQ nicht. Laden wird abgebrochen. Keine Fehlermeldung (weder am Smart noch der cfos) Laden mit [&hellip;]" />
<meta property="og:url" content="https://www.cfos-emobility.de/network/antworten/smart-453-eq-mit-3p-und-11kwh-laden-wie/" />
<meta property="og:site_name" content="cFos eMobility Network" />
<meta property="article:modified_time" content="2025-06-30T16:53:57+00:00" />
<meta name="twitter:card" content="summary_large_image" />
<meta name="twitter:site" content="@cFosEmobility" />
<meta name="twitter:label1" content="Geschätzte Lesezeit" />
	<meta name="twitter:data1" content="1 Minute" />
<script type="application/ld+json" class="yoast-schema-graph">{"@context":"https:\/\/schema.org","@graph":[{"@type":"WebPage","@id":"https:\/\/www.cfos-emobility.de\/network\/antworten\/smart-453-eq-mit-3p-und-11kwh-laden-wie\/","url":"https:\/\/www.cfos-emobility.de\/network\/antworten\/smart-453-eq-mit-3p-und-11kwh-laden-wie\/","name":"Smart 453 EQ mit 3P und 11kWh laden - wie? - cFos eMobility Network","isPartOf":{"@id":"https:\/\/www.cfos-emobility.de\/network\/#website"},"datePublished":"2025-06-30T12:05:02+00:00","dateModified":"2025-06-30T16:53:57+00:00","breadcrumb":{"@id":"https:\/\/www.cfos-emobility.de\/network\/antworten\/smart-453-eq-mit-3p-und-11kwh-laden-wie\/#breadcrumb"},"inLanguage":"de","potentialAction":[{"@type":"ReadAction","target":["https:\/\/www.cfos-emobility.de\/network\/antworten\/smart-453-eq-mit-3p-und-11kwh-laden-wie\/"]}]},{"@type":"BreadcrumbList","@id":"https:\/\/www.cfos-emobility.de\/network\/antworten\/smart-453-eq-mit-3p-und-11kwh-laden-wie\/#breadcrumb","itemListElement":[{"@type":"ListItem","position":1,"name":"Startseite","item":"https:\/\/www.cfos-emobility.de\/network\/"},{"@type":"ListItem","position":2,"name":"Fragen","item":"https:\/\/www.cfos-emobility.de\/network\/antworten\/"},{"@type":"ListItem","position":3,"name":"Smart 453 EQ mit 3P und 11kWh laden &#8212;&#8211; wie?"}]},{"@type":"WebSite","@id":"https:\/\/www.cfos-emobility.de\/network\/#website","url":"https:\/\/www.cfos-emobility.de\/network\/","name":"cFos eMobility Network","description":"Das cFos Power Brain Community Portal","publisher":{"@id":"https:\/\/www.cfos-emobility.de\/network\/#organization"},"potentialAction":[{"@type":"SearchAction","target":{"@type":"EntryPoint","urlTemplate":"https:\/\/www.cfos-emobility.de\/network\/?s={search_term_string}"},"query-input":{"@type":"PropertyValueSpecification","valueRequired":true,"valueName":"search_term_string"}}],"inLanguage":"de"},{"@type":"Organization","@id":"https:\/\/www.cfos-emobility.de\/network\/#organization","name":"cFos eMobility GmbH","url":"https:\/\/www.cfos-emobility.de\/network\/","logo":{"@type":"ImageObject","inLanguage":"de","@id":"https:\/\/www.cfos-emobility.de\/network\/#\/schema\/logo\/image\/","url":"https:\/\/www.cfos-emobility.de\/network\/wp-content\/uploads\/2021\/12\/cfos-emobility-logo.jpg","contentUrl":"https:\/\/www.cfos-emobility.de\/network\/wp-content\/uploads\/2021\/12\/cfos-emobility-logo.jpg","width":221,"height":80,"caption":"cFos eMobility GmbH"},"image":{"@id":"https:\/\/www.cfos-emobility.de\/network\/#\/schema\/logo\/image\/"},"sameAs":["https:\/\/x.com\/cFosEmobility"]}]}</script>
<!-- / Yoast SEO plugin. -->
