{"id":5697,"date":"2025-03-30T11:30:50","date_gmt":"2025-03-30T09:30:50","guid":{"rendered":"https:\/\/www.cfos-emobility.de\/network\/antworten\/reduktion-ladeleistung-beim-pv-ueberschuss-laden\/"},"modified":"2025-10-20T17:39:50","modified_gmt":"2025-10-20T15:39:50","slug":"reduktion-ladeleistung-beim-pv-ueberschuss-laden","status":"publish","type":"cma_thread","link":"https:\/\/www.cfos-emobility.de\/network\/antworten\/reduktion-ladeleistung-beim-pv-ueberschuss-laden\/","title":{"rendered":"Reduktion Ladeleistung beim PV \u00dcberschuss laden"},"content":{"rendered":"<p>Hallo<\/p>\n<p>ich w\u00fcrde gerne mit PV \u00dcberschuss meinen PV Speicher parallel zum Fahrzeug laden.<br \/>\nD.h. die Ladeleistung des Fahrzeugs um einen in meiner Haustechnik berechneten Wert reduzieren, damit der PV Speicher den Rest \u00dcberschuss zum laden verwendet.<\/p>\n<p>Derzeit habe ich noch keinen praktikablen Weg gefunden dies umzusetzen.<br \/>\nIch habe den berechneten Wert an die Wallbox gesendet, als Z\u00e4hler, aber noch keine geeignete Rolle gefunden um mein Ziel zu erreichen.<br \/>\nIch habe auch versucht die maximale Ladeleitung zu reduzieren &#8211; das funktioniert leider nur bedingt weil nur der Strom pro Phase vorgeben werden kann, die Phasenumschaltung bei aktiver Laderegel nicht direkt gesteuert werden kann<\/p>\n<p>G\u00e4be es eine M\u00f6glichkeit die Laderegel mit einer Formel zu beeinflussen bzw die Berechnung des \u00dcberschuss mit einem zus\u00e4tzlichen Z\u00e4hler zu beeinflussen.<\/p>\n<p>Habt ihr dazu L\u00f6sungsans\u00e4tze ?<\/p>\n<p>Danke<\/p>\n","protected":false},"excerpt":{"rendered":"<p>Hallo ich w\u00fcrde gerne mit PV \u00dcberschuss meinen PV Speicher parallel zum Fahrzeug laden. D.h. die Ladeleistung des Fahrzeugs um einen in meiner Haustechnik berechneten Wert reduzieren, damit der PV Speicher den Rest \u00dcberschuss zum laden verwendet. Derzeit habe ich noch keinen praktikablen Weg gefunden dies umzusetzen. Ich habe den berechneten Wert an die Wallbox [&hellip;]<\/p>\n","protected":false},"author":458,"featured_media":0,"template":"","tags":[48],"cma_category":[],"cma_difficulty_level":[],"class_list":["post-5697","cma_thread","type-cma_thread","status-publish","hentry","tag-pv-ueberschuss"],"yoast_head":"<!-- This site is optimized with the Yoast SEO plugin v27.5 - https:\/\/yoast.com\/product\/yoast-seo-wordpress\/ -->\n<title>Reduktion Ladeleistung beim PV \u00dcberschuss laden - cFos eMobility Network<\/title>\n<meta name=\"robots\" content=\"index, follow, max-snippet:-1, max-image-preview:large, max-video-preview:-1\" \/>\n<link rel=\"canonical\" href=\"https:\/\/www.cfos-emobility.de\/network\/antworten\/reduktion-ladeleistung-beim-pv-ueberschuss-laden\/\" \/>\n<meta property=\"og:locale\" content=\"de_DE\" \/>\n<meta property=\"og:type\" content=\"article\" \/>\n<meta property=\"og:title\" content=\"Reduktion Ladeleistung beim PV \u00dcberschuss laden - cFos eMobility Network\" \/>\n<meta property=\"og:description\" content=\"Hallo ich w\u00fcrde gerne mit PV \u00dcberschuss meinen PV Speicher parallel zum Fahrzeug laden. D.h. die Ladeleistung des Fahrzeugs um einen in meiner Haustechnik berechneten Wert reduzieren, damit der PV Speicher den Rest \u00dcberschuss zum laden verwendet. Derzeit habe ich noch keinen praktikablen Weg gefunden dies umzusetzen. Ich habe den berechneten Wert an die Wallbox [&hellip;]\" \/>\n<meta property=\"og:url\" content=\"https:\/\/www.cfos-emobility.de\/network\/antworten\/reduktion-ladeleistung-beim-pv-ueberschuss-laden\/\" \/>\n<meta property=\"og:site_name\" content=\"cFos eMobility Network\" \/>\n<meta property=\"article:modified_time\" content=\"2025-10-20T15:39:50+00:00\" \/>\n<meta name=\"twitter:card\" content=\"summary_large_image\" \/>\n<meta name=\"twitter:site\" content=\"@cFosEmobility\" \/>\n<meta name=\"twitter:label1\" content=\"Gesch\u00e4tzte Lesezeit\" \/>\n\t<meta name=\"twitter:data1\" content=\"1\u00a0Minute\" \/>\n<script type=\"application\/ld+json\" class=\"yoast-schema-graph\">{\"@context\":\"https:\\\/\\\/schema.org\",\"@graph\":[{\"@type\":\"WebPage\",\"@id\":\"https:\\\/\\\/www.cfos-emobility.de\\\/network\\\/antworten\\\/reduktion-ladeleistung-beim-pv-ueberschuss-laden\\\/\",\"url\":\"https:\\\/\\\/www.cfos-emobility.de\\\/network\\\/antworten\\\/reduktion-ladeleistung-beim-pv-ueberschuss-laden\\\/\",\"name\":\"Reduktion Ladeleistung beim PV \u00dcberschuss laden - cFos eMobility Network\",\"isPartOf\":{\"@id\":\"https:\\\/\\\/www.cfos-emobility.de\\\/network\\\/#website\"},\"datePublished\":\"2025-03-30T09:30:50+00:00\",\"dateModified\":\"2025-10-20T15:39:50+00:00\",\"breadcrumb\":{\"@id\":\"https:\\\/\\\/www.cfos-emobility.de\\\/network\\\/antworten\\\/reduktion-ladeleistung-beim-pv-ueberschuss-laden\\\/#breadcrumb\"},\"inLanguage\":\"de\",\"potentialAction\":[{\"@type\":\"ReadAction\",\"target\":[\"https:\\\/\\\/www.cfos-emobility.de\\\/network\\\/antworten\\\/reduktion-ladeleistung-beim-pv-ueberschuss-laden\\\/\"]}]},{\"@type\":\"BreadcrumbList\",\"@id\":\"https:\\\/\\\/www.cfos-emobility.de\\\/network\\\/antworten\\\/reduktion-ladeleistung-beim-pv-ueberschuss-laden\\\/#breadcrumb\",\"itemListElement\":[{\"@type\":\"ListItem\",\"position\":1,\"name\":\"Startseite\",\"item\":\"https:\\\/\\\/www.cfos-emobility.de\\\/network\\\/\"},{\"@type\":\"ListItem\",\"position\":2,\"name\":\"Fragen\",\"item\":\"https:\\\/\\\/www.cfos-emobility.de\\\/network\\\/antworten\\\/\"},{\"@type\":\"ListItem\",\"position\":3,\"name\":\"Reduktion Ladeleistung beim PV \u00dcberschuss laden\"}]},{\"@type\":\"WebSite\",\"@id\":\"https:\\\/\\\/www.cfos-emobility.de\\\/network\\\/#website\",\"url\":\"https:\\\/\\\/www.cfos-emobility.de\\\/network\\\/\",\"name\":\"cFos eMobility Network\",\"description\":\"Das cFos Power Brain Community Portal\",\"publisher\":{\"@id\":\"https:\\\/\\\/www.cfos-emobility.de\\\/network\\\/#organization\"},\"potentialAction\":[{\"@type\":\"SearchAction\",\"target\":{\"@type\":\"EntryPoint\",\"urlTemplate\":\"https:\\\/\\\/www.cfos-emobility.de\\\/network\\\/?s={search_term_string}\"},\"query-input\":{\"@type\":\"PropertyValueSpecification\",\"valueRequired\":true,\"valueName\":\"search_term_string\"}}],\"inLanguage\":\"de\"},{\"@type\":\"Organization\",\"@id\":\"https:\\\/\\\/www.cfos-emobility.de\\\/network\\\/#organization\",\"name\":\"cFos eMobility GmbH\",\"url\":\"https:\\\/\\\/www.cfos-emobility.de\\\/network\\\/\",\"logo\":{\"@type\":\"ImageObject\",\"inLanguage\":\"de\",\"@id\":\"https:\\\/\\\/www.cfos-emobility.de\\\/network\\\/#\\\/schema\\\/logo\\\/image\\\/\",\"url\":\"https:\\\/\\\/www.cfos-emobility.de\\\/network\\\/wp-content\\\/uploads\\\/2021\\\/12\\\/cfos-emobility-logo.jpg\",\"contentUrl\":\"https:\\\/\\\/www.cfos-emobility.de\\\/network\\\/wp-content\\\/uploads\\\/2021\\\/12\\\/cfos-emobility-logo.jpg\",\"width\":221,\"height\":80,\"caption\":\"cFos eMobility GmbH\"},\"image\":{\"@id\":\"https:\\\/\\\/www.cfos-emobility.de\\\/network\\\/#\\\/schema\\\/logo\\\/image\\\/\"},\"sameAs\":[\"https:\\\/\\\/x.com\\\/cFosEmobility\"]}]}<\/script>\n<!-- \/ Yoast SEO plugin. -->","yoast_head_json":{"title":"Reduktion Ladeleistung beim PV \u00dcberschuss laden - cFos eMobility Network","robots":{"index":"index","follow":"follow","max-snippet":"max-snippet:-1","max-image-preview":"max-image-preview:large","max-video-preview":"max-video-preview:-1"},"canonical":"https:\/\/www.cfos-emobility.de\/network\/antworten\/reduktion-ladeleistung-beim-pv-ueberschuss-laden\/","og_locale":"de_DE","og_type":"article","og_title":"Reduktion Ladeleistung beim PV \u00dcberschuss laden - cFos eMobility Network","og_description":"Hallo ich w\u00fcrde gerne mit PV \u00dcberschuss meinen PV Speicher parallel zum Fahrzeug laden. D.h. die Ladeleistung des Fahrzeugs um einen in meiner Haustechnik berechneten Wert reduzieren, damit der PV Speicher den Rest \u00dcberschuss zum laden verwendet. Derzeit habe ich noch keinen praktikablen Weg gefunden dies umzusetzen. Ich habe den berechneten Wert an die Wallbox [&hellip;]","og_url":"https:\/\/www.cfos-emobility.de\/network\/antworten\/reduktion-ladeleistung-beim-pv-ueberschuss-laden\/","og_site_name":"cFos eMobility Network","article_modified_time":"2025-10-20T15:39:50+00:00","twitter_card":"summary_large_image","twitter_site":"@cFosEmobility","twitter_misc":{"Gesch\u00e4tzte Lesezeit":"1\u00a0Minute"},"schema":{"@context":"https:\/\/schema.org","@graph":[{"@type":"WebPage","@id":"https:\/\/www.cfos-emobility.de\/network\/antworten\/reduktion-ladeleistung-beim-pv-ueberschuss-laden\/","url":"https:\/\/www.cfos-emobility.de\/network\/antworten\/reduktion-ladeleistung-beim-pv-ueberschuss-laden\/","name":"Reduktion Ladeleistung beim PV \u00dcberschuss laden - cFos eMobility Network","isPartOf":{"@id":"https:\/\/www.cfos-emobility.de\/network\/#website"},"datePublished":"2025-03-30T09:30:50+00:00","dateModified":"2025-10-20T15:39:50+00:00","breadcrumb":{"@id":"https:\/\/www.cfos-emobility.de\/network\/antworten\/reduktion-ladeleistung-beim-pv-ueberschuss-laden\/#breadcrumb"},"inLanguage":"de","potentialAction":[{"@type":"ReadAction","target":["https:\/\/www.cfos-emobility.de\/network\/antworten\/reduktion-ladeleistung-beim-pv-ueberschuss-laden\/"]}]},{"@type":"BreadcrumbList","@id":"https:\/\/www.cfos-emobility.de\/network\/antworten\/reduktion-ladeleistung-beim-pv-ueberschuss-laden\/#breadcrumb","itemListElement":[{"@type":"ListItem","position":1,"name":"Startseite","item":"https:\/\/www.cfos-emobility.de\/network\/"},{"@type":"ListItem","position":2,"name":"Fragen","item":"https:\/\/www.cfos-emobility.de\/network\/antworten\/"},{"@type":"ListItem","position":3,"name":"Reduktion Ladeleistung beim PV \u00dcberschuss laden"}]},{"@type":"WebSite","@id":"https:\/\/www.cfos-emobility.de\/network\/#website","url":"https:\/\/www.cfos-emobility.de\/network\/","name":"cFos eMobility Network","description":"Das cFos Power Brain Community Portal","publisher":{"@id":"https:\/\/www.cfos-emobility.de\/network\/#organization"},"potentialAction":[{"@type":"SearchAction","target":{"@type":"EntryPoint","urlTemplate":"https:\/\/www.cfos-emobility.de\/network\/?s={search_term_string}"},"query-input":{"@type":"PropertyValueSpecification","valueRequired":true,"valueName":"search_term_string"}}],"inLanguage":"de"},{"@type":"Organization","@id":"https:\/\/www.cfos-emobility.de\/network\/#organization","name":"cFos eMobility GmbH","url":"https:\/\/www.cfos-emobility.de\/network\/","logo":{"@type":"ImageObject","inLanguage":"de","@id":"https:\/\/www.cfos-emobility.de\/network\/#\/schema\/logo\/image\/","url":"https:\/\/www.cfos-emobility.de\/network\/wp-content\/uploads\/2021\/12\/cfos-emobility-logo.jpg","contentUrl":"https:\/\/www.cfos-emobility.de\/network\/wp-content\/uploads\/2021\/12\/cfos-emobility-logo.jpg","width":221,"height":80,"caption":"cFos eMobility GmbH"},"image":{"@id":"https:\/\/www.cfos-emobility.de\/network\/#\/schema\/logo\/image\/"},"sameAs":["https:\/\/x.com\/cFosEmobility"]}]}},"_links":{"self":[{"href":"https:\/\/www.cfos-emobility.de\/network\/wp-json\/wp\/v2\/cma_thread\/5697","targetHints":{"allow":["GET"]}}],"collection":[{"href":"https:\/\/www.cfos-emobility.de\/network\/wp-json\/wp\/v2\/cma_thread"}],"about":[{"href":"https:\/\/www.cfos-emobility.de\/network\/wp-json\/wp\/v2\/types\/cma_thread"}],"author":[{"embeddable":true,"href":"https:\/\/www.cfos-emobility.de\/network\/wp-json\/wp\/v2\/users\/458"}],"wp:attachment":[{"href":"https:\/\/www.cfos-emobility.de\/network\/wp-json\/wp\/v2\/media?parent=5697"}],"wp:term":[{"taxonomy":"post_tag","embeddable":true,"href":"https:\/\/www.cfos-emobility.de\/network\/wp-json\/wp\/v2\/tags?post=5697"},{"taxonomy":"cma_category","embeddable":true,"href":"https:\/\/www.cfos-emobility.de\/network\/wp-json\/wp\/v2\/cma_category?post=5697"},{"taxonomy":"cma_difficulty_level","embeddable":true,"href":"https:\/\/www.cfos-emobility.de\/network\/wp-json\/wp\/v2\/cma_difficulty_level?post=5697"}],"curies":[{"name":"wp","href":"https:\/\/api.w.org\/{rel}","templated":true}]}}

Reduktion Ladeleistung beim PV Überschuss laden

<p>Hallo</p>
<p>ich würde gerne mit PV Überschuss meinen PV Speicher parallel zum Fahrzeug laden.<br />
D.h. die Ladeleistung des Fahrzeugs um einen in meiner Haustechnik berechneten Wert reduzieren, damit der PV Speicher den Rest Überschuss zum laden verwendet.</p>
<p>Derzeit habe ich noch keinen praktikablen Weg gefunden dies umzusetzen.<br />
Ich habe den berechneten Wert an die Wallbox gesendet, als Zähler, aber noch keine geeignete Rolle gefunden um mein Ziel zu erreichen.<br />
Ich habe auch versucht die maximale Ladeleitung zu reduzieren &#8211; das funktioniert leider nur bedingt weil nur der Strom pro Phase vorgeben werden kann, die Phasenumschaltung bei aktiver Laderegel nicht direkt gesteuert werden kann</p>
<p>Gäbe es eine Möglichkeit die Laderegel mit einer Formel zu beeinflussen bzw die Berechnung des Überschuss mit einem zusätzlichen Zähler zu beeinflussen.</p>
<p>Habt ihr dazu Lösungsansätze ?</p>
<p>Danke</p>

<p>Hallo ich würde gerne mit PV Überschuss meinen PV Speicher parallel zum Fahrzeug laden. D.h. die Ladeleistung des Fahrzeugs um einen in meiner Haustechnik berechneten Wert reduzieren, damit der PV Speicher den Rest Überschuss zum laden verwendet. Derzeit habe ich noch keinen praktikablen Weg gefunden dies umzusetzen. Ich habe den berechneten Wert an die Wallbox [&hellip;]</p>

<!-- This site is optimized with the Yoast SEO plugin v27.5 - https://yoast.com/product/yoast-seo-wordpress/ -->
<title>Reduktion Ladeleistung beim PV Überschuss laden - cFos eMobility Network</title>
<meta name="robots" content="index, follow, max-snippet:-1, max-image-preview:large, max-video-preview:-1" />
<link rel="canonical" href="https://www.cfos-emobility.de/network/antworten/reduktion-ladeleistung-beim-pv-ueberschuss-laden/" />
<meta property="og:locale" content="de_DE" />
<meta property="og:type" content="article" />
<meta property="og:title" content="Reduktion Ladeleistung beim PV Überschuss laden - cFos eMobility Network" />
<meta property="og:description" content="Hallo ich würde gerne mit PV Überschuss meinen PV Speicher parallel zum Fahrzeug laden. D.h. die Ladeleistung des Fahrzeugs um einen in meiner Haustechnik berechneten Wert reduzieren, damit der PV Speicher den Rest Überschuss zum laden verwendet. Derzeit habe ich noch keinen praktikablen Weg gefunden dies umzusetzen. Ich habe den berechneten Wert an die Wallbox [&hellip;]" />
<meta property="og:url" content="https://www.cfos-emobility.de/network/antworten/reduktion-ladeleistung-beim-pv-ueberschuss-laden/" />
<meta property="og:site_name" content="cFos eMobility Network" />
<meta property="article:modified_time" content="2025-10-20T15:39:50+00:00" />
<meta name="twitter:card" content="summary_large_image" />
<meta name="twitter:site" content="@cFosEmobility" />
<meta name="twitter:label1" content="Geschätzte Lesezeit" />
	<meta name="twitter:data1" content="1 Minute" />
<script type="application/ld+json" class="yoast-schema-graph">{"@context":"https:\/\/schema.org","@graph":[{"@type":"WebPage","@id":"https:\/\/www.cfos-emobility.de\/network\/antworten\/reduktion-ladeleistung-beim-pv-ueberschuss-laden\/","url":"https:\/\/www.cfos-emobility.de\/network\/antworten\/reduktion-ladeleistung-beim-pv-ueberschuss-laden\/","name":"Reduktion Ladeleistung beim PV Überschuss laden - cFos eMobility Network","isPartOf":{"@id":"https:\/\/www.cfos-emobility.de\/network\/#website"},"datePublished":"2025-03-30T09:30:50+00:00","dateModified":"2025-10-20T15:39:50+00:00","breadcrumb":{"@id":"https:\/\/www.cfos-emobility.de\/network\/antworten\/reduktion-ladeleistung-beim-pv-ueberschuss-laden\/#breadcrumb"},"inLanguage":"de","potentialAction":[{"@type":"ReadAction","target":["https:\/\/www.cfos-emobility.de\/network\/antworten\/reduktion-ladeleistung-beim-pv-ueberschuss-laden\/"]}]},{"@type":"BreadcrumbList","@id":"https:\/\/www.cfos-emobility.de\/network\/antworten\/reduktion-ladeleistung-beim-pv-ueberschuss-laden\/#breadcrumb","itemListElement":[{"@type":"ListItem","position":1,"name":"Startseite","item":"https:\/\/www.cfos-emobility.de\/network\/"},{"@type":"ListItem","position":2,"name":"Fragen","item":"https:\/\/www.cfos-emobility.de\/network\/antworten\/"},{"@type":"ListItem","position":3,"name":"Reduktion Ladeleistung beim PV Überschuss laden"}]},{"@type":"WebSite","@id":"https:\/\/www.cfos-emobility.de\/network\/#website","url":"https:\/\/www.cfos-emobility.de\/network\/","name":"cFos eMobility Network","description":"Das cFos Power Brain Community Portal","publisher":{"@id":"https:\/\/www.cfos-emobility.de\/network\/#organization"},"potentialAction":[{"@type":"SearchAction","target":{"@type":"EntryPoint","urlTemplate":"https:\/\/www.cfos-emobility.de\/network\/?s={search_term_string}"},"query-input":{"@type":"PropertyValueSpecification","valueRequired":true,"valueName":"search_term_string"}}],"inLanguage":"de"},{"@type":"Organization","@id":"https:\/\/www.cfos-emobility.de\/network\/#organization","name":"cFos eMobility GmbH","url":"https:\/\/www.cfos-emobility.de\/network\/","logo":{"@type":"ImageObject","inLanguage":"de","@id":"https:\/\/www.cfos-emobility.de\/network\/#\/schema\/logo\/image\/","url":"https:\/\/www.cfos-emobility.de\/network\/wp-content\/uploads\/2021\/12\/cfos-emobility-logo.jpg","contentUrl":"https:\/\/www.cfos-emobility.de\/network\/wp-content\/uploads\/2021\/12\/cfos-emobility-logo.jpg","width":221,"height":80,"caption":"cFos eMobility GmbH"},"image":{"@id":"https:\/\/www.cfos-emobility.de\/network\/#\/schema\/logo\/image\/"},"sameAs":["https:\/\/x.com\/cFosEmobility"]}]}</script>
<!-- / Yoast SEO plugin. -->

Reduktion Ladeleistung beim PV Überschuss laden - cFos eMobility Network

Hallo ich würde gerne mit PV Überschuss meinen PV Speicher parallel zum Fahrzeug laden. D.h. die Ladeleistung des Fahrzeugs um einen in meiner Haustechnik berechneten Wert reduzieren, damit der PV Speicher den Rest Überschuss zum laden verwendet. Derzeit habe ich noch keinen praktikablen Weg gefunden dies umzusetzen. Ich habe den berechneten Wert an die Wallbox [&hellip;]
