{"id":5691,"date":"2025-03-28T14:05:39","date_gmt":"2025-03-28T13:05:39","guid":{"rendered":"https:\/\/www.cfos-emobility.de\/network\/antworten\/benutzerdefinierte-variablen-in-laderegeln-anpassen\/"},"modified":"2025-03-31T18:18:29","modified_gmt":"2025-03-31T16:18:29","slug":"benutzerdefinierte-variablen-in-laderegeln-anpassen","status":"publish","type":"cma_thread","link":"https:\/\/www.cfos-emobility.de\/network\/antworten\/benutzerdefinierte-variablen-in-laderegeln-anpassen\/","title":{"rendered":"Benutzerdefinierte Variablen in Laderegeln anpassen"},"content":{"rendered":"<p>Hallo zusammen,<\/p>\n<p>&nbsp;<\/p>\n<p>zwecks Batteriesteuerung brauche ich eine Variable, die angibt, ob gerade mit PV-\u00dcberschuss oder mit Volllast unter Netzbezug geladen wird. Hierzu habe ich die Variable &#8222;speicher_limit&#8220; angelegt (siehe Anhang). In meiner Vorstellung soll diese =1 sein, wenn der Laderegelsatz f\u00fcr PV-\u00dcberschuss aktiv ist und =2, wenn der Laderegelsatz f\u00fcr Netzbezug (=Volllast Laden) aktiv ist.<\/p>\n<p>&nbsp;<\/p>\n<p>Kurz zu meiner Laderegelanordnung: Ich habe einen einzigen Benutzer angelegt, dessen Benutzerladeregeln den Laderegelsatz f\u00fcr PV-\u00dcberschuss beinhalten. Diesem Benutzer ist eine RFID zugeteilt, die einen Laderegelsatz zum Netzbezug beinhaltet. Bei dieser RFID ist die Option &#8222;Benutzerladeregeln (de-)aktivieren&#8220; angehakt. Dieses Setup funktioniert ohne irgendeine Art von Batteriesteuerung perfekt.<\/p>\n<p>&nbsp;<\/p>\n<p>Im Anhang habe ich mal meine Idee f\u00fcr die beiden Laderegels\u00e4tze f\u00fcr \u00dcberschuss und f\u00fcr Netzbezug angef\u00fcgt. Diese funktionieren leider nicht richtig. Zwar wird die Variable <em>CM.speicher_limit<\/em> im Falle der \u00dcberschussladung auf 1 gesetzt, jedoch erfolgt das nicht beim Umschalten auf Netzbezug. Hier bleibt der Wert weiterhin stur auf 1.<\/p>\n<p>&nbsp;<\/p>\n<p>Hat jemand einen L\u00f6sungsvorschlag wo ich die \u00dcberschreibung der Variablen einf\u00fcgen kann, damit diese, sobald der jeweilige Laderegelsatz l\u00e4uft, durchgef\u00fchrt wird? Welche Haken\/Optionen sind zu setzen?<\/p>\n<p>&nbsp;<\/p>\n<p>Danke vorab und kommt gut ins Wochenende!<\/p>\n","protected":false},"excerpt":{"rendered":"<p>Hallo zusammen, &nbsp; zwecks Batteriesteuerung brauche ich eine Variable, die angibt, ob gerade mit PV-\u00dcberschuss oder mit Volllast unter Netzbezug geladen wird. Hierzu habe ich die Variable &#8222;speicher_limit&#8220; angelegt (siehe Anhang). In meiner Vorstellung soll diese =1 sein, wenn der Laderegelsatz f\u00fcr PV-\u00dcberschuss aktiv ist und =2, wenn der Laderegelsatz f\u00fcr Netzbezug (=Volllast Laden) aktiv [&hellip;]<\/p>\n","protected":false},"author":579,"featured_media":0,"template":"","tags":[448,237],"cma_category":[],"cma_difficulty_level":[],"class_list":["post-5691","cma_thread","type-cma_thread","status-publish","hentry","tag-ladegeregeln","tag-variablen"],"yoast_head":"<!-- This site is optimized with the Yoast SEO plugin v27.5 - https:\/\/yoast.com\/product\/yoast-seo-wordpress\/ -->\n<title>Benutzerdefinierte Variablen in Laderegeln anpassen - cFos eMobility Network<\/title>\n<meta name=\"robots\" content=\"index, follow, max-snippet:-1, max-image-preview:large, max-video-preview:-1\" \/>\n<link rel=\"canonical\" href=\"https:\/\/www.cfos-emobility.de\/network\/antworten\/benutzerdefinierte-variablen-in-laderegeln-anpassen\/\" \/>\n<meta property=\"og:locale\" content=\"de_DE\" \/>\n<meta property=\"og:type\" content=\"article\" \/>\n<meta property=\"og:title\" content=\"Benutzerdefinierte Variablen in Laderegeln anpassen - cFos eMobility Network\" \/>\n<meta property=\"og:description\" content=\"Hallo zusammen, &nbsp; zwecks Batteriesteuerung brauche ich eine Variable, die angibt, ob gerade mit PV-\u00dcberschuss oder mit Volllast unter Netzbezug geladen wird. Hierzu habe ich die Variable &#8222;speicher_limit&#8220; angelegt (siehe Anhang). In meiner Vorstellung soll diese =1 sein, wenn der Laderegelsatz f\u00fcr PV-\u00dcberschuss aktiv ist und =2, wenn der Laderegelsatz f\u00fcr Netzbezug (=Volllast Laden) aktiv [&hellip;]\" \/>\n<meta property=\"og:url\" content=\"https:\/\/www.cfos-emobility.de\/network\/antworten\/benutzerdefinierte-variablen-in-laderegeln-anpassen\/\" \/>\n<meta property=\"og:site_name\" content=\"cFos eMobility Network\" \/>\n<meta property=\"article:modified_time\" content=\"2025-03-31T16:18:29+00:00\" \/>\n<meta name=\"twitter:card\" content=\"summary_large_image\" \/>\n<meta name=\"twitter:site\" content=\"@cFosEmobility\" \/>\n<meta name=\"twitter:label1\" content=\"Gesch\u00e4tzte Lesezeit\" \/>\n\t<meta name=\"twitter:data1\" content=\"1\u00a0Minute\" \/>\n<script type=\"application\/ld+json\" class=\"yoast-schema-graph\">{\"@context\":\"https:\\\/\\\/schema.org\",\"@graph\":[{\"@type\":\"WebPage\",\"@id\":\"https:\\\/\\\/www.cfos-emobility.de\\\/network\\\/antworten\\\/benutzerdefinierte-variablen-in-laderegeln-anpassen\\\/\",\"url\":\"https:\\\/\\\/www.cfos-emobility.de\\\/network\\\/antworten\\\/benutzerdefinierte-variablen-in-laderegeln-anpassen\\\/\",\"name\":\"Benutzerdefinierte Variablen in Laderegeln anpassen - cFos eMobility Network\",\"isPartOf\":{\"@id\":\"https:\\\/\\\/www.cfos-emobility.de\\\/network\\\/#website\"},\"datePublished\":\"2025-03-28T13:05:39+00:00\",\"dateModified\":\"2025-03-31T16:18:29+00:00\",\"breadcrumb\":{\"@id\":\"https:\\\/\\\/www.cfos-emobility.de\\\/network\\\/antworten\\\/benutzerdefinierte-variablen-in-laderegeln-anpassen\\\/#breadcrumb\"},\"inLanguage\":\"de\",\"potentialAction\":[{\"@type\":\"ReadAction\",\"target\":[\"https:\\\/\\\/www.cfos-emobility.de\\\/network\\\/antworten\\\/benutzerdefinierte-variablen-in-laderegeln-anpassen\\\/\"]}]},{\"@type\":\"BreadcrumbList\",\"@id\":\"https:\\\/\\\/www.cfos-emobility.de\\\/network\\\/antworten\\\/benutzerdefinierte-variablen-in-laderegeln-anpassen\\\/#breadcrumb\",\"itemListElement\":[{\"@type\":\"ListItem\",\"position\":1,\"name\":\"Startseite\",\"item\":\"https:\\\/\\\/www.cfos-emobility.de\\\/network\\\/\"},{\"@type\":\"ListItem\",\"position\":2,\"name\":\"Fragen\",\"item\":\"https:\\\/\\\/www.cfos-emobility.de\\\/network\\\/antworten\\\/\"},{\"@type\":\"ListItem\",\"position\":3,\"name\":\"Benutzerdefinierte Variablen in Laderegeln anpassen\"}]},{\"@type\":\"WebSite\",\"@id\":\"https:\\\/\\\/www.cfos-emobility.de\\\/network\\\/#website\",\"url\":\"https:\\\/\\\/www.cfos-emobility.de\\\/network\\\/\",\"name\":\"cFos eMobility Network\",\"description\":\"Das cFos Power Brain Community Portal\",\"publisher\":{\"@id\":\"https:\\\/\\\/www.cfos-emobility.de\\\/network\\\/#organization\"},\"potentialAction\":[{\"@type\":\"SearchAction\",\"target\":{\"@type\":\"EntryPoint\",\"urlTemplate\":\"https:\\\/\\\/www.cfos-emobility.de\\\/network\\\/?s={search_term_string}\"},\"query-input\":{\"@type\":\"PropertyValueSpecification\",\"valueRequired\":true,\"valueName\":\"search_term_string\"}}],\"inLanguage\":\"de\"},{\"@type\":\"Organization\",\"@id\":\"https:\\\/\\\/www.cfos-emobility.de\\\/network\\\/#organization\",\"name\":\"cFos eMobility GmbH\",\"url\":\"https:\\\/\\\/www.cfos-emobility.de\\\/network\\\/\",\"logo\":{\"@type\":\"ImageObject\",\"inLanguage\":\"de\",\"@id\":\"https:\\\/\\\/www.cfos-emobility.de\\\/network\\\/#\\\/schema\\\/logo\\\/image\\\/\",\"url\":\"https:\\\/\\\/www.cfos-emobility.de\\\/network\\\/wp-content\\\/uploads\\\/2021\\\/12\\\/cfos-emobility-logo.jpg\",\"contentUrl\":\"https:\\\/\\\/www.cfos-emobility.de\\\/network\\\/wp-content\\\/uploads\\\/2021\\\/12\\\/cfos-emobility-logo.jpg\",\"width\":221,\"height\":80,\"caption\":\"cFos eMobility GmbH\"},\"image\":{\"@id\":\"https:\\\/\\\/www.cfos-emobility.de\\\/network\\\/#\\\/schema\\\/logo\\\/image\\\/\"},\"sameAs\":[\"https:\\\/\\\/x.com\\\/cFosEmobility\"]}]}<\/script>\n<!-- \/ Yoast SEO plugin. -->","yoast_head_json":{"title":"Benutzerdefinierte Variablen in Laderegeln anpassen - cFos eMobility Network","robots":{"index":"index","follow":"follow","max-snippet":"max-snippet:-1","max-image-preview":"max-image-preview:large","max-video-preview":"max-video-preview:-1"},"canonical":"https:\/\/www.cfos-emobility.de\/network\/antworten\/benutzerdefinierte-variablen-in-laderegeln-anpassen\/","og_locale":"de_DE","og_type":"article","og_title":"Benutzerdefinierte Variablen in Laderegeln anpassen - cFos eMobility Network","og_description":"Hallo zusammen, &nbsp; zwecks Batteriesteuerung brauche ich eine Variable, die angibt, ob gerade mit PV-\u00dcberschuss oder mit Volllast unter Netzbezug geladen wird. Hierzu habe ich die Variable &#8222;speicher_limit&#8220; angelegt (siehe Anhang). In meiner Vorstellung soll diese =1 sein, wenn der Laderegelsatz f\u00fcr PV-\u00dcberschuss aktiv ist und =2, wenn der Laderegelsatz f\u00fcr Netzbezug (=Volllast Laden) aktiv [&hellip;]","og_url":"https:\/\/www.cfos-emobility.de\/network\/antworten\/benutzerdefinierte-variablen-in-laderegeln-anpassen\/","og_site_name":"cFos eMobility Network","article_modified_time":"2025-03-31T16:18:29+00:00","twitter_card":"summary_large_image","twitter_site":"@cFosEmobility","twitter_misc":{"Gesch\u00e4tzte Lesezeit":"1\u00a0Minute"},"schema":{"@context":"https:\/\/schema.org","@graph":[{"@type":"WebPage","@id":"https:\/\/www.cfos-emobility.de\/network\/antworten\/benutzerdefinierte-variablen-in-laderegeln-anpassen\/","url":"https:\/\/www.cfos-emobility.de\/network\/antworten\/benutzerdefinierte-variablen-in-laderegeln-anpassen\/","name":"Benutzerdefinierte Variablen in Laderegeln anpassen - cFos eMobility Network","isPartOf":{"@id":"https:\/\/www.cfos-emobility.de\/network\/#website"},"datePublished":"2025-03-28T13:05:39+00:00","dateModified":"2025-03-31T16:18:29+00:00","breadcrumb":{"@id":"https:\/\/www.cfos-emobility.de\/network\/antworten\/benutzerdefinierte-variablen-in-laderegeln-anpassen\/#breadcrumb"},"inLanguage":"de","potentialAction":[{"@type":"ReadAction","target":["https:\/\/www.cfos-emobility.de\/network\/antworten\/benutzerdefinierte-variablen-in-laderegeln-anpassen\/"]}]},{"@type":"BreadcrumbList","@id":"https:\/\/www.cfos-emobility.de\/network\/antworten\/benutzerdefinierte-variablen-in-laderegeln-anpassen\/#breadcrumb","itemListElement":[{"@type":"ListItem","position":1,"name":"Startseite","item":"https:\/\/www.cfos-emobility.de\/network\/"},{"@type":"ListItem","position":2,"name":"Fragen","item":"https:\/\/www.cfos-emobility.de\/network\/antworten\/"},{"@type":"ListItem","position":3,"name":"Benutzerdefinierte Variablen in Laderegeln anpassen"}]},{"@type":"WebSite","@id":"https:\/\/www.cfos-emobility.de\/network\/#website","url":"https:\/\/www.cfos-emobility.de\/network\/","name":"cFos eMobility Network","description":"Das cFos Power Brain Community Portal","publisher":{"@id":"https:\/\/www.cfos-emobility.de\/network\/#organization"},"potentialAction":[{"@type":"SearchAction","target":{"@type":"EntryPoint","urlTemplate":"https:\/\/www.cfos-emobility.de\/network\/?s={search_term_string}"},"query-input":{"@type":"PropertyValueSpecification","valueRequired":true,"valueName":"search_term_string"}}],"inLanguage":"de"},{"@type":"Organization","@id":"https:\/\/www.cfos-emobility.de\/network\/#organization","name":"cFos eMobility GmbH","url":"https:\/\/www.cfos-emobility.de\/network\/","logo":{"@type":"ImageObject","inLanguage":"de","@id":"https:\/\/www.cfos-emobility.de\/network\/#\/schema\/logo\/image\/","url":"https:\/\/www.cfos-emobility.de\/network\/wp-content\/uploads\/2021\/12\/cfos-emobility-logo.jpg","contentUrl":"https:\/\/www.cfos-emobility.de\/network\/wp-content\/uploads\/2021\/12\/cfos-emobility-logo.jpg","width":221,"height":80,"caption":"cFos eMobility GmbH"},"image":{"@id":"https:\/\/www.cfos-emobility.de\/network\/#\/schema\/logo\/image\/"},"sameAs":["https:\/\/x.com\/cFosEmobility"]}]}},"_links":{"self":[{"href":"https:\/\/www.cfos-emobility.de\/network\/wp-json\/wp\/v2\/cma_thread\/5691","targetHints":{"allow":["GET"]}}],"collection":[{"href":"https:\/\/www.cfos-emobility.de\/network\/wp-json\/wp\/v2\/cma_thread"}],"about":[{"href":"https:\/\/www.cfos-emobility.de\/network\/wp-json\/wp\/v2\/types\/cma_thread"}],"author":[{"embeddable":true,"href":"https:\/\/www.cfos-emobility.de\/network\/wp-json\/wp\/v2\/users\/579"}],"wp:attachment":[{"href":"https:\/\/www.cfos-emobility.de\/network\/wp-json\/wp\/v2\/media?parent=5691"}],"wp:term":[{"taxonomy":"post_tag","embeddable":true,"href":"https:\/\/www.cfos-emobility.de\/network\/wp-json\/wp\/v2\/tags?post=5691"},{"taxonomy":"cma_category","embeddable":true,"href":"https:\/\/www.cfos-emobility.de\/network\/wp-json\/wp\/v2\/cma_category?post=5691"},{"taxonomy":"cma_difficulty_level","embeddable":true,"href":"https:\/\/www.cfos-emobility.de\/network\/wp-json\/wp\/v2\/cma_difficulty_level?post=5691"}],"curies":[{"name":"wp","href":"https:\/\/api.w.org\/{rel}","templated":true}]}}

<p>Hallo zusammen,</p>
<p>&nbsp;</p>
<p>zwecks Batteriesteuerung brauche ich eine Variable, die angibt, ob gerade mit PV-Überschuss oder mit Volllast unter Netzbezug geladen wird. Hierzu habe ich die Variable &#8222;speicher_limit&#8220; angelegt (siehe Anhang). In meiner Vorstellung soll diese =1 sein, wenn der Laderegelsatz für PV-Überschuss aktiv ist und =2, wenn der Laderegelsatz für Netzbezug (=Volllast Laden) aktiv ist.</p>
<p>&nbsp;</p>
<p>Kurz zu meiner Laderegelanordnung: Ich habe einen einzigen Benutzer angelegt, dessen Benutzerladeregeln den Laderegelsatz für PV-Überschuss beinhalten. Diesem Benutzer ist eine RFID zugeteilt, die einen Laderegelsatz zum Netzbezug beinhaltet. Bei dieser RFID ist die Option &#8222;Benutzerladeregeln (de-)aktivieren&#8220; angehakt. Dieses Setup funktioniert ohne irgendeine Art von Batteriesteuerung perfekt.</p>
<p>&nbsp;</p>
<p>Im Anhang habe ich mal meine Idee für die beiden Laderegelsätze für Überschuss und für Netzbezug angefügt. Diese funktionieren leider nicht richtig. Zwar wird die Variable <em>CM.speicher_limit</em> im Falle der Überschussladung auf 1 gesetzt, jedoch erfolgt das nicht beim Umschalten auf Netzbezug. Hier bleibt der Wert weiterhin stur auf 1.</p>
<p>&nbsp;</p>
<p>Hat jemand einen Lösungsvorschlag wo ich die Überschreibung der Variablen einfügen kann, damit diese, sobald der jeweilige Laderegelsatz läuft, durchgeführt wird? Welche Haken/Optionen sind zu setzen?</p>
<p>&nbsp;</p>
<p>Danke vorab und kommt gut ins Wochenende!</p>

<p>Hallo zusammen, &nbsp; zwecks Batteriesteuerung brauche ich eine Variable, die angibt, ob gerade mit PV-Überschuss oder mit Volllast unter Netzbezug geladen wird. Hierzu habe ich die Variable &#8222;speicher_limit&#8220; angelegt (siehe Anhang). In meiner Vorstellung soll diese =1 sein, wenn der Laderegelsatz für PV-Überschuss aktiv ist und =2, wenn der Laderegelsatz für Netzbezug (=Volllast Laden) aktiv [&hellip;]</p>

<!-- This site is optimized with the Yoast SEO plugin v27.5 - https://yoast.com/product/yoast-seo-wordpress/ -->
<title>Benutzerdefinierte Variablen in Laderegeln anpassen - cFos eMobility Network</title>
<meta name="robots" content="index, follow, max-snippet:-1, max-image-preview:large, max-video-preview:-1" />
<link rel="canonical" href="https://www.cfos-emobility.de/network/antworten/benutzerdefinierte-variablen-in-laderegeln-anpassen/" />
<meta property="og:locale" content="de_DE" />
<meta property="og:type" content="article" />
<meta property="og:title" content="Benutzerdefinierte Variablen in Laderegeln anpassen - cFos eMobility Network" />
<meta property="og:description" content="Hallo zusammen, &nbsp; zwecks Batteriesteuerung brauche ich eine Variable, die angibt, ob gerade mit PV-Überschuss oder mit Volllast unter Netzbezug geladen wird. Hierzu habe ich die Variable &#8222;speicher_limit&#8220; angelegt (siehe Anhang). In meiner Vorstellung soll diese =1 sein, wenn der Laderegelsatz für PV-Überschuss aktiv ist und =2, wenn der Laderegelsatz für Netzbezug (=Volllast Laden) aktiv [&hellip;]" />
<meta property="og:url" content="https://www.cfos-emobility.de/network/antworten/benutzerdefinierte-variablen-in-laderegeln-anpassen/" />
<meta property="og:site_name" content="cFos eMobility Network" />
<meta property="article:modified_time" content="2025-03-31T16:18:29+00:00" />
<meta name="twitter:card" content="summary_large_image" />
<meta name="twitter:site" content="@cFosEmobility" />
<meta name="twitter:label1" content="Geschätzte Lesezeit" />
	<meta name="twitter:data1" content="1 Minute" />
<script type="application/ld+json" class="yoast-schema-graph">{"@context":"https:\/\/schema.org","@graph":[{"@type":"WebPage","@id":"https:\/\/www.cfos-emobility.de\/network\/antworten\/benutzerdefinierte-variablen-in-laderegeln-anpassen\/","url":"https:\/\/www.cfos-emobility.de\/network\/antworten\/benutzerdefinierte-variablen-in-laderegeln-anpassen\/","name":"Benutzerdefinierte Variablen in Laderegeln anpassen - cFos eMobility Network","isPartOf":{"@id":"https:\/\/www.cfos-emobility.de\/network\/#website"},"datePublished":"2025-03-28T13:05:39+00:00","dateModified":"2025-03-31T16:18:29+00:00","breadcrumb":{"@id":"https:\/\/www.cfos-emobility.de\/network\/antworten\/benutzerdefinierte-variablen-in-laderegeln-anpassen\/#breadcrumb"},"inLanguage":"de","potentialAction":[{"@type":"ReadAction","target":["https:\/\/www.cfos-emobility.de\/network\/antworten\/benutzerdefinierte-variablen-in-laderegeln-anpassen\/"]}]},{"@type":"BreadcrumbList","@id":"https:\/\/www.cfos-emobility.de\/network\/antworten\/benutzerdefinierte-variablen-in-laderegeln-anpassen\/#breadcrumb","itemListElement":[{"@type":"ListItem","position":1,"name":"Startseite","item":"https:\/\/www.cfos-emobility.de\/network\/"},{"@type":"ListItem","position":2,"name":"Fragen","item":"https:\/\/www.cfos-emobility.de\/network\/antworten\/"},{"@type":"ListItem","position":3,"name":"Benutzerdefinierte Variablen in Laderegeln anpassen"}]},{"@type":"WebSite","@id":"https:\/\/www.cfos-emobility.de\/network\/#website","url":"https:\/\/www.cfos-emobility.de\/network\/","name":"cFos eMobility Network","description":"Das cFos Power Brain Community Portal","publisher":{"@id":"https:\/\/www.cfos-emobility.de\/network\/#organization"},"potentialAction":[{"@type":"SearchAction","target":{"@type":"EntryPoint","urlTemplate":"https:\/\/www.cfos-emobility.de\/network\/?s={search_term_string}"},"query-input":{"@type":"PropertyValueSpecification","valueRequired":true,"valueName":"search_term_string"}}],"inLanguage":"de"},{"@type":"Organization","@id":"https:\/\/www.cfos-emobility.de\/network\/#organization","name":"cFos eMobility GmbH","url":"https:\/\/www.cfos-emobility.de\/network\/","logo":{"@type":"ImageObject","inLanguage":"de","@id":"https:\/\/www.cfos-emobility.de\/network\/#\/schema\/logo\/image\/","url":"https:\/\/www.cfos-emobility.de\/network\/wp-content\/uploads\/2021\/12\/cfos-emobility-logo.jpg","contentUrl":"https:\/\/www.cfos-emobility.de\/network\/wp-content\/uploads\/2021\/12\/cfos-emobility-logo.jpg","width":221,"height":80,"caption":"cFos eMobility GmbH"},"image":{"@id":"https:\/\/www.cfos-emobility.de\/network\/#\/schema\/logo\/image\/"},"sameAs":["https:\/\/x.com\/cFosEmobility"]}]}</script>
<!-- / Yoast SEO plugin. -->

Hallo zusammen, &nbsp; zwecks Batteriesteuerung brauche ich eine Variable, die angibt, ob gerade mit PV-Überschuss oder mit Volllast unter Netzbezug geladen wird. Hierzu habe ich die Variable &#8222;speicher_limit&#8220; angelegt (siehe Anhang). In meiner Vorstellung soll diese =1 sein, wenn der Laderegelsatz für PV-Überschuss aktiv ist und =2, wenn der Laderegelsatz für Netzbezug (=Volllast Laden) aktiv [&hellip;]
