{"id":563,"date":"2022-06-09T18:26:41","date_gmt":"2022-06-09T16:26:41","guid":{"rendered":"https:\/\/www.cfos-emobility.de\/network\/antworten\/verbrauchsmessung-je-pkw\/"},"modified":"2022-06-09T21:04:10","modified_gmt":"2022-06-09T19:04:10","slug":"verbrauchsmessung-je-pkw","status":"publish","type":"cma_thread","link":"https:\/\/www.cfos-emobility.de\/network\/antworten\/verbrauchsmessung-je-pkw\/","title":{"rendered":"Verbrauchsmessung je PKW"},"content":{"rendered":"<p>Hallo,<\/p>\n<p>bisher habe ich dazu keine Informationen gefunden.<\/p>\n<p>Wir wollen auf unserem Gemeinschaftsparkplatz einige Lades\u00e4ule errichten. Die Messung soll pro PKW und nicht pro Lades\u00e4ule erfolgen. Wo finde ich dazu weitere Erl\u00e4uterungen.<\/p>\n<p>Gru\u00df Lothar<\/p>\n<p>&nbsp;<\/p>\n","protected":false},"excerpt":{"rendered":"<p>Hallo, bisher habe ich dazu keine Informationen gefunden. Wir wollen auf unserem Gemeinschaftsparkplatz einige Lades\u00e4ule errichten. Die Messung soll pro PKW und nicht pro Lades\u00e4ule erfolgen. Wo finde ich dazu weitere Erl\u00e4uterungen. Gru\u00df Lothar &nbsp;<\/p>\n","protected":false},"author":68,"featured_media":0,"template":"","tags":[32],"cma_category":[2],"cma_difficulty_level":[],"class_list":["post-563","cma_thread","type-cma_thread","status-publish","hentry","tag-zaehler","cma_category-cfos-emobility"],"yoast_head":"<!-- This site is optimized with the Yoast SEO plugin v27.5 - https:\/\/yoast.com\/product\/yoast-seo-wordpress\/ -->\n<title>Verbrauchsmessung je PKW - cFos eMobility Network<\/title>\n<meta name=\"robots\" content=\"index, follow, max-snippet:-1, max-image-preview:large, max-video-preview:-1\" \/>\n<link rel=\"canonical\" href=\"https:\/\/www.cfos-emobility.de\/network\/antworten\/verbrauchsmessung-je-pkw\/\" \/>\n<meta property=\"og:locale\" content=\"de_DE\" \/>\n<meta property=\"og:type\" content=\"article\" \/>\n<meta property=\"og:title\" content=\"Verbrauchsmessung je PKW - cFos eMobility Network\" \/>\n<meta property=\"og:description\" content=\"Hallo, bisher habe ich dazu keine Informationen gefunden. Wir wollen auf unserem Gemeinschaftsparkplatz einige Lades\u00e4ule errichten. Die Messung soll pro PKW und nicht pro Lades\u00e4ule erfolgen. Wo finde ich dazu weitere Erl\u00e4uterungen. Gru\u00df Lothar &nbsp;\" \/>\n<meta property=\"og:url\" content=\"https:\/\/www.cfos-emobility.de\/network\/antworten\/verbrauchsmessung-je-pkw\/\" \/>\n<meta property=\"og:site_name\" content=\"cFos eMobility Network\" \/>\n<meta property=\"article:modified_time\" content=\"2022-06-09T19:04:10+00:00\" \/>\n<meta name=\"twitter:card\" content=\"summary_large_image\" \/>\n<meta name=\"twitter:site\" content=\"@cFosEmobility\" \/>\n<script type=\"application\/ld+json\" class=\"yoast-schema-graph\">{\"@context\":\"https:\\\/\\\/schema.org\",\"@graph\":[{\"@type\":\"WebPage\",\"@id\":\"https:\\\/\\\/www.cfos-emobility.de\\\/network\\\/antworten\\\/verbrauchsmessung-je-pkw\\\/\",\"url\":\"https:\\\/\\\/www.cfos-emobility.de\\\/network\\\/antworten\\\/verbrauchsmessung-je-pkw\\\/\",\"name\":\"Verbrauchsmessung je PKW - cFos eMobility Network\",\"isPartOf\":{\"@id\":\"https:\\\/\\\/www.cfos-emobility.de\\\/network\\\/#website\"},\"datePublished\":\"2022-06-09T16:26:41+00:00\",\"dateModified\":\"2022-06-09T19:04:10+00:00\",\"breadcrumb\":{\"@id\":\"https:\\\/\\\/www.cfos-emobility.de\\\/network\\\/antworten\\\/verbrauchsmessung-je-pkw\\\/#breadcrumb\"},\"inLanguage\":\"de\",\"potentialAction\":[{\"@type\":\"ReadAction\",\"target\":[\"https:\\\/\\\/www.cfos-emobility.de\\\/network\\\/antworten\\\/verbrauchsmessung-je-pkw\\\/\"]}]},{\"@type\":\"BreadcrumbList\",\"@id\":\"https:\\\/\\\/www.cfos-emobility.de\\\/network\\\/antworten\\\/verbrauchsmessung-je-pkw\\\/#breadcrumb\",\"itemListElement\":[{\"@type\":\"ListItem\",\"position\":1,\"name\":\"Startseite\",\"item\":\"https:\\\/\\\/www.cfos-emobility.de\\\/network\\\/\"},{\"@type\":\"ListItem\",\"position\":2,\"name\":\"Fragen\",\"item\":\"https:\\\/\\\/www.cfos-emobility.de\\\/network\\\/antworten\\\/\"},{\"@type\":\"ListItem\",\"position\":3,\"name\":\"Verbrauchsmessung je PKW\"}]},{\"@type\":\"WebSite\",\"@id\":\"https:\\\/\\\/www.cfos-emobility.de\\\/network\\\/#website\",\"url\":\"https:\\\/\\\/www.cfos-emobility.de\\\/network\\\/\",\"name\":\"cFos eMobility Network\",\"description\":\"Das cFos Power Brain Community Portal\",\"publisher\":{\"@id\":\"https:\\\/\\\/www.cfos-emobility.de\\\/network\\\/#organization\"},\"potentialAction\":[{\"@type\":\"SearchAction\",\"target\":{\"@type\":\"EntryPoint\",\"urlTemplate\":\"https:\\\/\\\/www.cfos-emobility.de\\\/network\\\/?s={search_term_string}\"},\"query-input\":{\"@type\":\"PropertyValueSpecification\",\"valueRequired\":true,\"valueName\":\"search_term_string\"}}],\"inLanguage\":\"de\"},{\"@type\":\"Organization\",\"@id\":\"https:\\\/\\\/www.cfos-emobility.de\\\/network\\\/#organization\",\"name\":\"cFos eMobility GmbH\",\"url\":\"https:\\\/\\\/www.cfos-emobility.de\\\/network\\\/\",\"logo\":{\"@type\":\"ImageObject\",\"inLanguage\":\"de\",\"@id\":\"https:\\\/\\\/www.cfos-emobility.de\\\/network\\\/#\\\/schema\\\/logo\\\/image\\\/\",\"url\":\"https:\\\/\\\/www.cfos-emobility.de\\\/network\\\/wp-content\\\/uploads\\\/2021\\\/12\\\/cfos-emobility-logo.jpg\",\"contentUrl\":\"https:\\\/\\\/www.cfos-emobility.de\\\/network\\\/wp-content\\\/uploads\\\/2021\\\/12\\\/cfos-emobility-logo.jpg\",\"width\":221,\"height\":80,\"caption\":\"cFos eMobility GmbH\"},\"image\":{\"@id\":\"https:\\\/\\\/www.cfos-emobility.de\\\/network\\\/#\\\/schema\\\/logo\\\/image\\\/\"},\"sameAs\":[\"https:\\\/\\\/x.com\\\/cFosEmobility\"]}]}<\/script>\n<!-- \/ Yoast SEO plugin. -->","yoast_head_json":{"title":"Verbrauchsmessung je PKW - cFos eMobility Network","robots":{"index":"index","follow":"follow","max-snippet":"max-snippet:-1","max-image-preview":"max-image-preview:large","max-video-preview":"max-video-preview:-1"},"canonical":"https:\/\/www.cfos-emobility.de\/network\/antworten\/verbrauchsmessung-je-pkw\/","og_locale":"de_DE","og_type":"article","og_title":"Verbrauchsmessung je PKW - cFos eMobility Network","og_description":"Hallo, bisher habe ich dazu keine Informationen gefunden. Wir wollen auf unserem Gemeinschaftsparkplatz einige Lades\u00e4ule errichten. Die Messung soll pro PKW und nicht pro Lades\u00e4ule erfolgen. Wo finde ich dazu weitere Erl\u00e4uterungen. Gru\u00df Lothar &nbsp;","og_url":"https:\/\/www.cfos-emobility.de\/network\/antworten\/verbrauchsmessung-je-pkw\/","og_site_name":"cFos eMobility Network","article_modified_time":"2022-06-09T19:04:10+00:00","twitter_card":"summary_large_image","twitter_site":"@cFosEmobility","schema":{"@context":"https:\/\/schema.org","@graph":[{"@type":"WebPage","@id":"https:\/\/www.cfos-emobility.de\/network\/antworten\/verbrauchsmessung-je-pkw\/","url":"https:\/\/www.cfos-emobility.de\/network\/antworten\/verbrauchsmessung-je-pkw\/","name":"Verbrauchsmessung je PKW - cFos eMobility Network","isPartOf":{"@id":"https:\/\/www.cfos-emobility.de\/network\/#website"},"datePublished":"2022-06-09T16:26:41+00:00","dateModified":"2022-06-09T19:04:10+00:00","breadcrumb":{"@id":"https:\/\/www.cfos-emobility.de\/network\/antworten\/verbrauchsmessung-je-pkw\/#breadcrumb"},"inLanguage":"de","potentialAction":[{"@type":"ReadAction","target":["https:\/\/www.cfos-emobility.de\/network\/antworten\/verbrauchsmessung-je-pkw\/"]}]},{"@type":"BreadcrumbList","@id":"https:\/\/www.cfos-emobility.de\/network\/antworten\/verbrauchsmessung-je-pkw\/#breadcrumb","itemListElement":[{"@type":"ListItem","position":1,"name":"Startseite","item":"https:\/\/www.cfos-emobility.de\/network\/"},{"@type":"ListItem","position":2,"name":"Fragen","item":"https:\/\/www.cfos-emobility.de\/network\/antworten\/"},{"@type":"ListItem","position":3,"name":"Verbrauchsmessung je PKW"}]},{"@type":"WebSite","@id":"https:\/\/www.cfos-emobility.de\/network\/#website","url":"https:\/\/www.cfos-emobility.de\/network\/","name":"cFos eMobility Network","description":"Das cFos Power Brain Community Portal","publisher":{"@id":"https:\/\/www.cfos-emobility.de\/network\/#organization"},"potentialAction":[{"@type":"SearchAction","target":{"@type":"EntryPoint","urlTemplate":"https:\/\/www.cfos-emobility.de\/network\/?s={search_term_string}"},"query-input":{"@type":"PropertyValueSpecification","valueRequired":true,"valueName":"search_term_string"}}],"inLanguage":"de"},{"@type":"Organization","@id":"https:\/\/www.cfos-emobility.de\/network\/#organization","name":"cFos eMobility GmbH","url":"https:\/\/www.cfos-emobility.de\/network\/","logo":{"@type":"ImageObject","inLanguage":"de","@id":"https:\/\/www.cfos-emobility.de\/network\/#\/schema\/logo\/image\/","url":"https:\/\/www.cfos-emobility.de\/network\/wp-content\/uploads\/2021\/12\/cfos-emobility-logo.jpg","contentUrl":"https:\/\/www.cfos-emobility.de\/network\/wp-content\/uploads\/2021\/12\/cfos-emobility-logo.jpg","width":221,"height":80,"caption":"cFos eMobility GmbH"},"image":{"@id":"https:\/\/www.cfos-emobility.de\/network\/#\/schema\/logo\/image\/"},"sameAs":["https:\/\/x.com\/cFosEmobility"]}]}},"_links":{"self":[{"href":"https:\/\/www.cfos-emobility.de\/network\/wp-json\/wp\/v2\/cma_thread\/563","targetHints":{"allow":["GET"]}}],"collection":[{"href":"https:\/\/www.cfos-emobility.de\/network\/wp-json\/wp\/v2\/cma_thread"}],"about":[{"href":"https:\/\/www.cfos-emobility.de\/network\/wp-json\/wp\/v2\/types\/cma_thread"}],"author":[{"embeddable":true,"href":"https:\/\/www.cfos-emobility.de\/network\/wp-json\/wp\/v2\/users\/68"}],"wp:attachment":[{"href":"https:\/\/www.cfos-emobility.de\/network\/wp-json\/wp\/v2\/media?parent=563"}],"wp:term":[{"taxonomy":"post_tag","embeddable":true,"href":"https:\/\/www.cfos-emobility.de\/network\/wp-json\/wp\/v2\/tags?post=563"},{"taxonomy":"cma_category","embeddable":true,"href":"https:\/\/www.cfos-emobility.de\/network\/wp-json\/wp\/v2\/cma_category?post=563"},{"taxonomy":"cma_difficulty_level","embeddable":true,"href":"https:\/\/www.cfos-emobility.de\/network\/wp-json\/wp\/v2\/cma_difficulty_level?post=563"}],"curies":[{"name":"wp","href":"https:\/\/api.w.org\/{rel}","templated":true}]}}

<p>Hallo,</p>
<p>bisher habe ich dazu keine Informationen gefunden.</p>
<p>Wir wollen auf unserem Gemeinschaftsparkplatz einige Ladesäule errichten. Die Messung soll pro PKW und nicht pro Ladesäule erfolgen. Wo finde ich dazu weitere Erläuterungen.</p>
<p>Gruß Lothar</p>
<p>&nbsp;</p>

<p>Hallo, bisher habe ich dazu keine Informationen gefunden. Wir wollen auf unserem Gemeinschaftsparkplatz einige Ladesäule errichten. Die Messung soll pro PKW und nicht pro Ladesäule erfolgen. Wo finde ich dazu weitere Erläuterungen. Gruß Lothar &nbsp;</p>

<!-- This site is optimized with the Yoast SEO plugin v27.5 - https://yoast.com/product/yoast-seo-wordpress/ -->
<title>Verbrauchsmessung je PKW - cFos eMobility Network</title>
<meta name="robots" content="index, follow, max-snippet:-1, max-image-preview:large, max-video-preview:-1" />
<link rel="canonical" href="https://www.cfos-emobility.de/network/antworten/verbrauchsmessung-je-pkw/" />
<meta property="og:locale" content="de_DE" />
<meta property="og:type" content="article" />
<meta property="og:title" content="Verbrauchsmessung je PKW - cFos eMobility Network" />
<meta property="og:description" content="Hallo, bisher habe ich dazu keine Informationen gefunden. Wir wollen auf unserem Gemeinschaftsparkplatz einige Ladesäule errichten. Die Messung soll pro PKW und nicht pro Ladesäule erfolgen. Wo finde ich dazu weitere Erläuterungen. Gruß Lothar &nbsp;" />
<meta property="og:url" content="https://www.cfos-emobility.de/network/antworten/verbrauchsmessung-je-pkw/" />
<meta property="og:site_name" content="cFos eMobility Network" />
<meta property="article:modified_time" content="2022-06-09T19:04:10+00:00" />
<meta name="twitter:card" content="summary_large_image" />
<meta name="twitter:site" content="@cFosEmobility" />
<script type="application/ld+json" class="yoast-schema-graph">{"@context":"https:\/\/schema.org","@graph":[{"@type":"WebPage","@id":"https:\/\/www.cfos-emobility.de\/network\/antworten\/verbrauchsmessung-je-pkw\/","url":"https:\/\/www.cfos-emobility.de\/network\/antworten\/verbrauchsmessung-je-pkw\/","name":"Verbrauchsmessung je PKW - cFos eMobility Network","isPartOf":{"@id":"https:\/\/www.cfos-emobility.de\/network\/#website"},"datePublished":"2022-06-09T16:26:41+00:00","dateModified":"2022-06-09T19:04:10+00:00","breadcrumb":{"@id":"https:\/\/www.cfos-emobility.de\/network\/antworten\/verbrauchsmessung-je-pkw\/#breadcrumb"},"inLanguage":"de","potentialAction":[{"@type":"ReadAction","target":["https:\/\/www.cfos-emobility.de\/network\/antworten\/verbrauchsmessung-je-pkw\/"]}]},{"@type":"BreadcrumbList","@id":"https:\/\/www.cfos-emobility.de\/network\/antworten\/verbrauchsmessung-je-pkw\/#breadcrumb","itemListElement":[{"@type":"ListItem","position":1,"name":"Startseite","item":"https:\/\/www.cfos-emobility.de\/network\/"},{"@type":"ListItem","position":2,"name":"Fragen","item":"https:\/\/www.cfos-emobility.de\/network\/antworten\/"},{"@type":"ListItem","position":3,"name":"Verbrauchsmessung je PKW"}]},{"@type":"WebSite","@id":"https:\/\/www.cfos-emobility.de\/network\/#website","url":"https:\/\/www.cfos-emobility.de\/network\/","name":"cFos eMobility Network","description":"Das cFos Power Brain Community Portal","publisher":{"@id":"https:\/\/www.cfos-emobility.de\/network\/#organization"},"potentialAction":[{"@type":"SearchAction","target":{"@type":"EntryPoint","urlTemplate":"https:\/\/www.cfos-emobility.de\/network\/?s={search_term_string}"},"query-input":{"@type":"PropertyValueSpecification","valueRequired":true,"valueName":"search_term_string"}}],"inLanguage":"de"},{"@type":"Organization","@id":"https:\/\/www.cfos-emobility.de\/network\/#organization","name":"cFos eMobility GmbH","url":"https:\/\/www.cfos-emobility.de\/network\/","logo":{"@type":"ImageObject","inLanguage":"de","@id":"https:\/\/www.cfos-emobility.de\/network\/#\/schema\/logo\/image\/","url":"https:\/\/www.cfos-emobility.de\/network\/wp-content\/uploads\/2021\/12\/cfos-emobility-logo.jpg","contentUrl":"https:\/\/www.cfos-emobility.de\/network\/wp-content\/uploads\/2021\/12\/cfos-emobility-logo.jpg","width":221,"height":80,"caption":"cFos eMobility GmbH"},"image":{"@id":"https:\/\/www.cfos-emobility.de\/network\/#\/schema\/logo\/image\/"},"sameAs":["https:\/\/x.com\/cFosEmobility"]}]}</script>
<!-- / Yoast SEO plugin. -->

Hallo, bisher habe ich dazu keine Informationen gefunden. Wir wollen auf unserem Gemeinschaftsparkplatz einige Ladesäule errichten. Die Messung soll pro PKW und nicht pro Ladesäule erfolgen. Wo finde ich dazu weitere Erläuterungen. Gruß Lothar &nbsp;
