{"id":5422,"date":"2025-03-08T22:57:39","date_gmt":"2025-03-08T21:57:39","guid":{"rendered":"https:\/\/www.cfos-emobility.de\/network\/antworten\/was-ist-der-standardmaessige-ueberschuss\/"},"modified":"2025-03-10T18:38:53","modified_gmt":"2025-03-10T17:38:53","slug":"was-ist-der-standardmaessige-ueberschuss","status":"publish","type":"cma_thread","link":"https:\/\/www.cfos-emobility.de\/network\/antworten\/was-ist-der-standardmaessige-ueberschuss\/","title":{"rendered":"Was ist der standardm\u00e4\u00dfige \u00dcberschuss?"},"content":{"rendered":"<p>In der Dokumentation wird der \u00dcberschuss mit der poetischen Umschreibung<\/p>\n<p>\u201e<em>Um den PV-\u00dcberschuss korrekt zu erfassen, wird der \u00dcberschuss als Netzbezug minus Ladeleistung der Elektroautos (mit umgekehrtem Vorzeichen) berechnet. Dieser Wert wird als das, was ins Netz eingespeist worden w\u00e4re, betrachtet, wenn kein Auto laden w\u00fcrde.<\/em>\u201c<\/p>\n<p>beschrieben. An anderer Stelle steht noch etwas verst\u00e4ndlicher:<\/p>\n<p>\u201eAls Solar\u00fcberschuss muss folgender Wert angezeigt werden: -(Netzbezug \u2013 Wallboxleistung)\u201c<\/p>\n<p>In dem angeh\u00e4ngten Screenshot sehe ich die folgenden Werte:<\/p>\n<p>Netzbezug\u00a0\u00a0\u00a0\u00a0\u00a0\u00a0\u00a0\u00a0\u00a0\u00a0\u00a0\u00a0\u00a0\u00a0\u00a0\u00a0\u00a0\u00a0\u00a0\u00a0\u00a0\u00a0\u00a0\u00a0 0 kW<br \/>\nWallboxleistung\u00a0\u00a0\u00a0\u00a0\u00a0\u00a0\u00a0\u00a0\u00a0\u00a0\u00a0\u00a0\u00a0 0 kW<br \/>\nPV-\u00dcberschuss\u00a0\u00a0\u00a0\u00a0\u00a0\u00a0\u00a0\u00a0\u00a0\u00a0\u00a0\u00a0\u00a0\u00a0\u00a0 1,6 kW<br \/>\nBatterieleistung\u00a0\u00a0\u00a0\u00a0\u00a0\u00a0\u00a0\u00a0\u00a0\u00a0\u00a0\u00a0\u00a0\u00a0 1,6 kW<\/p>\n<p>Somit ist der PV-\u00dcberschuss offenbar um die Batterieleistung verf\u00e4lscht. Inzwischen gibt es in den Einstellungen f\u00fcr den Wallboxz\u00e4hler eine Einstellung \u201eF\u00fcr Hybridwechselrichter\u201c. Die habe ich bisher auf \u201enie\u201c stehen gehabt. Somit d\u00fcrfte die Batterieleistung nicht einbezogen werden, wird sie aber offenbar.<\/p>\n","protected":false},"excerpt":{"rendered":"<p>In der Dokumentation wird der \u00dcberschuss mit der poetischen Umschreibung \u201eUm den PV-\u00dcberschuss korrekt zu erfassen, wird der \u00dcberschuss als Netzbezug minus Ladeleistung der Elektroautos (mit umgekehrtem Vorzeichen) berechnet. Dieser Wert wird als das, was ins Netz eingespeist worden w\u00e4re, betrachtet, wenn kein Auto laden w\u00fcrde.\u201c beschrieben. An anderer Stelle steht noch etwas verst\u00e4ndlicher: \u201eAls [&hellip;]<\/p>\n","protected":false},"author":393,"featured_media":0,"template":"","tags":[431,137],"cma_category":[],"cma_difficulty_level":[],"class_list":["post-5422","cma_thread","type-cma_thread","status-publish","hentry","tag-hybridwechselrichter","tag-ueberschuss"],"yoast_head":"<!-- This site is optimized with the Yoast SEO plugin v27.5 - https:\/\/yoast.com\/product\/yoast-seo-wordpress\/ -->\n<title>Was ist der standardm\u00e4\u00dfige \u00dcberschuss? - cFos eMobility Network<\/title>\n<meta name=\"robots\" content=\"index, follow, max-snippet:-1, max-image-preview:large, max-video-preview:-1\" \/>\n<link rel=\"canonical\" href=\"https:\/\/www.cfos-emobility.de\/network\/antworten\/was-ist-der-standardmaessige-ueberschuss\/\" \/>\n<meta property=\"og:locale\" content=\"de_DE\" \/>\n<meta property=\"og:type\" content=\"article\" \/>\n<meta property=\"og:title\" content=\"Was ist der standardm\u00e4\u00dfige \u00dcberschuss? - cFos eMobility Network\" \/>\n<meta property=\"og:description\" content=\"In der Dokumentation wird der \u00dcberschuss mit der poetischen Umschreibung \u201eUm den PV-\u00dcberschuss korrekt zu erfassen, wird der \u00dcberschuss als Netzbezug minus Ladeleistung der Elektroautos (mit umgekehrtem Vorzeichen) berechnet. Dieser Wert wird als das, was ins Netz eingespeist worden w\u00e4re, betrachtet, wenn kein Auto laden w\u00fcrde.\u201c beschrieben. An anderer Stelle steht noch etwas verst\u00e4ndlicher: \u201eAls [&hellip;]\" \/>\n<meta property=\"og:url\" content=\"https:\/\/www.cfos-emobility.de\/network\/antworten\/was-ist-der-standardmaessige-ueberschuss\/\" \/>\n<meta property=\"og:site_name\" content=\"cFos eMobility Network\" \/>\n<meta property=\"article:modified_time\" content=\"2025-03-10T17:38:53+00:00\" \/>\n<meta name=\"twitter:card\" content=\"summary_large_image\" \/>\n<meta name=\"twitter:site\" content=\"@cFosEmobility\" \/>\n<meta name=\"twitter:label1\" content=\"Gesch\u00e4tzte Lesezeit\" \/>\n\t<meta name=\"twitter:data1\" content=\"1\u00a0Minute\" \/>\n<script type=\"application\/ld+json\" class=\"yoast-schema-graph\">{\"@context\":\"https:\\\/\\\/schema.org\",\"@graph\":[{\"@type\":\"WebPage\",\"@id\":\"https:\\\/\\\/www.cfos-emobility.de\\\/network\\\/antworten\\\/was-ist-der-standardmaessige-ueberschuss\\\/\",\"url\":\"https:\\\/\\\/www.cfos-emobility.de\\\/network\\\/antworten\\\/was-ist-der-standardmaessige-ueberschuss\\\/\",\"name\":\"Was ist der standardm\u00e4\u00dfige \u00dcberschuss? - cFos eMobility Network\",\"isPartOf\":{\"@id\":\"https:\\\/\\\/www.cfos-emobility.de\\\/network\\\/#website\"},\"datePublished\":\"2025-03-08T21:57:39+00:00\",\"dateModified\":\"2025-03-10T17:38:53+00:00\",\"breadcrumb\":{\"@id\":\"https:\\\/\\\/www.cfos-emobility.de\\\/network\\\/antworten\\\/was-ist-der-standardmaessige-ueberschuss\\\/#breadcrumb\"},\"inLanguage\":\"de\",\"potentialAction\":[{\"@type\":\"ReadAction\",\"target\":[\"https:\\\/\\\/www.cfos-emobility.de\\\/network\\\/antworten\\\/was-ist-der-standardmaessige-ueberschuss\\\/\"]}]},{\"@type\":\"BreadcrumbList\",\"@id\":\"https:\\\/\\\/www.cfos-emobility.de\\\/network\\\/antworten\\\/was-ist-der-standardmaessige-ueberschuss\\\/#breadcrumb\",\"itemListElement\":[{\"@type\":\"ListItem\",\"position\":1,\"name\":\"Startseite\",\"item\":\"https:\\\/\\\/www.cfos-emobility.de\\\/network\\\/\"},{\"@type\":\"ListItem\",\"position\":2,\"name\":\"Fragen\",\"item\":\"https:\\\/\\\/www.cfos-emobility.de\\\/network\\\/antworten\\\/\"},{\"@type\":\"ListItem\",\"position\":3,\"name\":\"Was ist der standardm\u00e4\u00dfige \u00dcberschuss?\"}]},{\"@type\":\"WebSite\",\"@id\":\"https:\\\/\\\/www.cfos-emobility.de\\\/network\\\/#website\",\"url\":\"https:\\\/\\\/www.cfos-emobility.de\\\/network\\\/\",\"name\":\"cFos eMobility Network\",\"description\":\"Das cFos Power Brain Community Portal\",\"publisher\":{\"@id\":\"https:\\\/\\\/www.cfos-emobility.de\\\/network\\\/#organization\"},\"potentialAction\":[{\"@type\":\"SearchAction\",\"target\":{\"@type\":\"EntryPoint\",\"urlTemplate\":\"https:\\\/\\\/www.cfos-emobility.de\\\/network\\\/?s={search_term_string}\"},\"query-input\":{\"@type\":\"PropertyValueSpecification\",\"valueRequired\":true,\"valueName\":\"search_term_string\"}}],\"inLanguage\":\"de\"},{\"@type\":\"Organization\",\"@id\":\"https:\\\/\\\/www.cfos-emobility.de\\\/network\\\/#organization\",\"name\":\"cFos eMobility GmbH\",\"url\":\"https:\\\/\\\/www.cfos-emobility.de\\\/network\\\/\",\"logo\":{\"@type\":\"ImageObject\",\"inLanguage\":\"de\",\"@id\":\"https:\\\/\\\/www.cfos-emobility.de\\\/network\\\/#\\\/schema\\\/logo\\\/image\\\/\",\"url\":\"https:\\\/\\\/www.cfos-emobility.de\\\/network\\\/wp-content\\\/uploads\\\/2021\\\/12\\\/cfos-emobility-logo.jpg\",\"contentUrl\":\"https:\\\/\\\/www.cfos-emobility.de\\\/network\\\/wp-content\\\/uploads\\\/2021\\\/12\\\/cfos-emobility-logo.jpg\",\"width\":221,\"height\":80,\"caption\":\"cFos eMobility GmbH\"},\"image\":{\"@id\":\"https:\\\/\\\/www.cfos-emobility.de\\\/network\\\/#\\\/schema\\\/logo\\\/image\\\/\"},\"sameAs\":[\"https:\\\/\\\/x.com\\\/cFosEmobility\"]}]}<\/script>\n<!-- \/ Yoast SEO plugin. -->","yoast_head_json":{"title":"Was ist der standardm\u00e4\u00dfige \u00dcberschuss? - cFos eMobility Network","robots":{"index":"index","follow":"follow","max-snippet":"max-snippet:-1","max-image-preview":"max-image-preview:large","max-video-preview":"max-video-preview:-1"},"canonical":"https:\/\/www.cfos-emobility.de\/network\/antworten\/was-ist-der-standardmaessige-ueberschuss\/","og_locale":"de_DE","og_type":"article","og_title":"Was ist der standardm\u00e4\u00dfige \u00dcberschuss? - cFos eMobility Network","og_description":"In der Dokumentation wird der \u00dcberschuss mit der poetischen Umschreibung \u201eUm den PV-\u00dcberschuss korrekt zu erfassen, wird der \u00dcberschuss als Netzbezug minus Ladeleistung der Elektroautos (mit umgekehrtem Vorzeichen) berechnet. Dieser Wert wird als das, was ins Netz eingespeist worden w\u00e4re, betrachtet, wenn kein Auto laden w\u00fcrde.\u201c beschrieben. An anderer Stelle steht noch etwas verst\u00e4ndlicher: \u201eAls [&hellip;]","og_url":"https:\/\/www.cfos-emobility.de\/network\/antworten\/was-ist-der-standardmaessige-ueberschuss\/","og_site_name":"cFos eMobility Network","article_modified_time":"2025-03-10T17:38:53+00:00","twitter_card":"summary_large_image","twitter_site":"@cFosEmobility","twitter_misc":{"Gesch\u00e4tzte Lesezeit":"1\u00a0Minute"},"schema":{"@context":"https:\/\/schema.org","@graph":[{"@type":"WebPage","@id":"https:\/\/www.cfos-emobility.de\/network\/antworten\/was-ist-der-standardmaessige-ueberschuss\/","url":"https:\/\/www.cfos-emobility.de\/network\/antworten\/was-ist-der-standardmaessige-ueberschuss\/","name":"Was ist der standardm\u00e4\u00dfige \u00dcberschuss? - cFos eMobility Network","isPartOf":{"@id":"https:\/\/www.cfos-emobility.de\/network\/#website"},"datePublished":"2025-03-08T21:57:39+00:00","dateModified":"2025-03-10T17:38:53+00:00","breadcrumb":{"@id":"https:\/\/www.cfos-emobility.de\/network\/antworten\/was-ist-der-standardmaessige-ueberschuss\/#breadcrumb"},"inLanguage":"de","potentialAction":[{"@type":"ReadAction","target":["https:\/\/www.cfos-emobility.de\/network\/antworten\/was-ist-der-standardmaessige-ueberschuss\/"]}]},{"@type":"BreadcrumbList","@id":"https:\/\/www.cfos-emobility.de\/network\/antworten\/was-ist-der-standardmaessige-ueberschuss\/#breadcrumb","itemListElement":[{"@type":"ListItem","position":1,"name":"Startseite","item":"https:\/\/www.cfos-emobility.de\/network\/"},{"@type":"ListItem","position":2,"name":"Fragen","item":"https:\/\/www.cfos-emobility.de\/network\/antworten\/"},{"@type":"ListItem","position":3,"name":"Was ist der standardm\u00e4\u00dfige \u00dcberschuss?"}]},{"@type":"WebSite","@id":"https:\/\/www.cfos-emobility.de\/network\/#website","url":"https:\/\/www.cfos-emobility.de\/network\/","name":"cFos eMobility Network","description":"Das cFos Power Brain Community Portal","publisher":{"@id":"https:\/\/www.cfos-emobility.de\/network\/#organization"},"potentialAction":[{"@type":"SearchAction","target":{"@type":"EntryPoint","urlTemplate":"https:\/\/www.cfos-emobility.de\/network\/?s={search_term_string}"},"query-input":{"@type":"PropertyValueSpecification","valueRequired":true,"valueName":"search_term_string"}}],"inLanguage":"de"},{"@type":"Organization","@id":"https:\/\/www.cfos-emobility.de\/network\/#organization","name":"cFos eMobility GmbH","url":"https:\/\/www.cfos-emobility.de\/network\/","logo":{"@type":"ImageObject","inLanguage":"de","@id":"https:\/\/www.cfos-emobility.de\/network\/#\/schema\/logo\/image\/","url":"https:\/\/www.cfos-emobility.de\/network\/wp-content\/uploads\/2021\/12\/cfos-emobility-logo.jpg","contentUrl":"https:\/\/www.cfos-emobility.de\/network\/wp-content\/uploads\/2021\/12\/cfos-emobility-logo.jpg","width":221,"height":80,"caption":"cFos eMobility GmbH"},"image":{"@id":"https:\/\/www.cfos-emobility.de\/network\/#\/schema\/logo\/image\/"},"sameAs":["https:\/\/x.com\/cFosEmobility"]}]}},"_links":{"self":[{"href":"https:\/\/www.cfos-emobility.de\/network\/wp-json\/wp\/v2\/cma_thread\/5422","targetHints":{"allow":["GET"]}}],"collection":[{"href":"https:\/\/www.cfos-emobility.de\/network\/wp-json\/wp\/v2\/cma_thread"}],"about":[{"href":"https:\/\/www.cfos-emobility.de\/network\/wp-json\/wp\/v2\/types\/cma_thread"}],"author":[{"embeddable":true,"href":"https:\/\/www.cfos-emobility.de\/network\/wp-json\/wp\/v2\/users\/393"}],"wp:attachment":[{"href":"https:\/\/www.cfos-emobility.de\/network\/wp-json\/wp\/v2\/media?parent=5422"}],"wp:term":[{"taxonomy":"post_tag","embeddable":true,"href":"https:\/\/www.cfos-emobility.de\/network\/wp-json\/wp\/v2\/tags?post=5422"},{"taxonomy":"cma_category","embeddable":true,"href":"https:\/\/www.cfos-emobility.de\/network\/wp-json\/wp\/v2\/cma_category?post=5422"},{"taxonomy":"cma_difficulty_level","embeddable":true,"href":"https:\/\/www.cfos-emobility.de\/network\/wp-json\/wp\/v2\/cma_difficulty_level?post=5422"}],"curies":[{"name":"wp","href":"https:\/\/api.w.org\/{rel}","templated":true}]}}

Was ist der standardmäßige Überschuss?

<p>In der Dokumentation wird der Überschuss mit der poetischen Umschreibung</p>
<p>„<em>Um den PV-Überschuss korrekt zu erfassen, wird der Überschuss als Netzbezug minus Ladeleistung der Elektroautos (mit umgekehrtem Vorzeichen) berechnet. Dieser Wert wird als das, was ins Netz eingespeist worden wäre, betrachtet, wenn kein Auto laden würde.</em>“</p>
<p>beschrieben. An anderer Stelle steht noch etwas verständlicher:</p>
<p>„Als Solarüberschuss muss folgender Wert angezeigt werden: -(Netzbezug – Wallboxleistung)“</p>
<p>In dem angehängten Screenshot sehe ich die folgenden Werte:</p>
<p>Netzbezug                         0 kW<br />
Wallboxleistung              0 kW<br />
PV-Überschuss                1,6 kW<br />
Batterieleistung               1,6 kW</p>
<p>Somit ist der PV-Überschuss offenbar um die Batterieleistung verfälscht. Inzwischen gibt es in den Einstellungen für den Wallboxzähler eine Einstellung „Für Hybridwechselrichter“. Die habe ich bisher auf „nie“ stehen gehabt. Somit dürfte die Batterieleistung nicht einbezogen werden, wird sie aber offenbar.</p>

<p>In der Dokumentation wird der Überschuss mit der poetischen Umschreibung „Um den PV-Überschuss korrekt zu erfassen, wird der Überschuss als Netzbezug minus Ladeleistung der Elektroautos (mit umgekehrtem Vorzeichen) berechnet. Dieser Wert wird als das, was ins Netz eingespeist worden wäre, betrachtet, wenn kein Auto laden würde.“ beschrieben. An anderer Stelle steht noch etwas verständlicher: „Als [&hellip;]</p>

<!-- This site is optimized with the Yoast SEO plugin v27.5 - https://yoast.com/product/yoast-seo-wordpress/ -->
<title>Was ist der standardmäßige Überschuss? - cFos eMobility Network</title>
<meta name="robots" content="index, follow, max-snippet:-1, max-image-preview:large, max-video-preview:-1" />
<link rel="canonical" href="https://www.cfos-emobility.de/network/antworten/was-ist-der-standardmaessige-ueberschuss/" />
<meta property="og:locale" content="de_DE" />
<meta property="og:type" content="article" />
<meta property="og:title" content="Was ist der standardmäßige Überschuss? - cFos eMobility Network" />
<meta property="og:description" content="In der Dokumentation wird der Überschuss mit der poetischen Umschreibung „Um den PV-Überschuss korrekt zu erfassen, wird der Überschuss als Netzbezug minus Ladeleistung der Elektroautos (mit umgekehrtem Vorzeichen) berechnet. Dieser Wert wird als das, was ins Netz eingespeist worden wäre, betrachtet, wenn kein Auto laden würde.“ beschrieben. An anderer Stelle steht noch etwas verständlicher: „Als [&hellip;]" />
<meta property="og:url" content="https://www.cfos-emobility.de/network/antworten/was-ist-der-standardmaessige-ueberschuss/" />
<meta property="og:site_name" content="cFos eMobility Network" />
<meta property="article:modified_time" content="2025-03-10T17:38:53+00:00" />
<meta name="twitter:card" content="summary_large_image" />
<meta name="twitter:site" content="@cFosEmobility" />
<meta name="twitter:label1" content="Geschätzte Lesezeit" />
	<meta name="twitter:data1" content="1 Minute" />
<script type="application/ld+json" class="yoast-schema-graph">{"@context":"https:\/\/schema.org","@graph":[{"@type":"WebPage","@id":"https:\/\/www.cfos-emobility.de\/network\/antworten\/was-ist-der-standardmaessige-ueberschuss\/","url":"https:\/\/www.cfos-emobility.de\/network\/antworten\/was-ist-der-standardmaessige-ueberschuss\/","name":"Was ist der standardmäßige Überschuss? - cFos eMobility Network","isPartOf":{"@id":"https:\/\/www.cfos-emobility.de\/network\/#website"},"datePublished":"2025-03-08T21:57:39+00:00","dateModified":"2025-03-10T17:38:53+00:00","breadcrumb":{"@id":"https:\/\/www.cfos-emobility.de\/network\/antworten\/was-ist-der-standardmaessige-ueberschuss\/#breadcrumb"},"inLanguage":"de","potentialAction":[{"@type":"ReadAction","target":["https:\/\/www.cfos-emobility.de\/network\/antworten\/was-ist-der-standardmaessige-ueberschuss\/"]}]},{"@type":"BreadcrumbList","@id":"https:\/\/www.cfos-emobility.de\/network\/antworten\/was-ist-der-standardmaessige-ueberschuss\/#breadcrumb","itemListElement":[{"@type":"ListItem","position":1,"name":"Startseite","item":"https:\/\/www.cfos-emobility.de\/network\/"},{"@type":"ListItem","position":2,"name":"Fragen","item":"https:\/\/www.cfos-emobility.de\/network\/antworten\/"},{"@type":"ListItem","position":3,"name":"Was ist der standardmäßige Überschuss?"}]},{"@type":"WebSite","@id":"https:\/\/www.cfos-emobility.de\/network\/#website","url":"https:\/\/www.cfos-emobility.de\/network\/","name":"cFos eMobility Network","description":"Das cFos Power Brain Community Portal","publisher":{"@id":"https:\/\/www.cfos-emobility.de\/network\/#organization"},"potentialAction":[{"@type":"SearchAction","target":{"@type":"EntryPoint","urlTemplate":"https:\/\/www.cfos-emobility.de\/network\/?s={search_term_string}"},"query-input":{"@type":"PropertyValueSpecification","valueRequired":true,"valueName":"search_term_string"}}],"inLanguage":"de"},{"@type":"Organization","@id":"https:\/\/www.cfos-emobility.de\/network\/#organization","name":"cFos eMobility GmbH","url":"https:\/\/www.cfos-emobility.de\/network\/","logo":{"@type":"ImageObject","inLanguage":"de","@id":"https:\/\/www.cfos-emobility.de\/network\/#\/schema\/logo\/image\/","url":"https:\/\/www.cfos-emobility.de\/network\/wp-content\/uploads\/2021\/12\/cfos-emobility-logo.jpg","contentUrl":"https:\/\/www.cfos-emobility.de\/network\/wp-content\/uploads\/2021\/12\/cfos-emobility-logo.jpg","width":221,"height":80,"caption":"cFos eMobility GmbH"},"image":{"@id":"https:\/\/www.cfos-emobility.de\/network\/#\/schema\/logo\/image\/"},"sameAs":["https:\/\/x.com\/cFosEmobility"]}]}</script>
<!-- / Yoast SEO plugin. -->

Was ist der standardmäßige Überschuss? - cFos eMobility Network

In der Dokumentation wird der Überschuss mit der poetischen Umschreibung „Um den PV-Überschuss korrekt zu erfassen, wird der Überschuss als Netzbezug minus Ladeleistung der Elektroautos (mit umgekehrtem Vorzeichen) berechnet. Dieser Wert wird als das, was ins Netz eingespeist worden wäre, betrachtet, wenn kein Auto laden würde.“ beschrieben. An anderer Stelle steht noch etwas verständlicher: „Als [&hellip;]
