{"id":5408,"date":"2025-03-07T14:55:59","date_gmt":"2025-03-07T13:55:59","guid":{"rendered":"https:\/\/www.cfos-emobility.de\/network\/antworten\/pv-ueberschuss-laden-beendet-abrupt\/"},"modified":"2025-03-07T14:56:26","modified_gmt":"2025-03-07T13:56:26","slug":"pv-ueberschuss-laden-beendet-abrupt","status":"publish","type":"cma_thread","link":"https:\/\/www.cfos-emobility.de\/network\/antworten\/pv-ueberschuss-laden-beendet-abrupt\/","title":{"rendered":"Peugeot e-208: PV-\u00dcberschuss laden beendet abrupt"},"content":{"rendered":"<p>Guten Tag,<\/p>\n<p>ich habe folgendes Problem:<\/p>\n<p>Ich betreibe die CFOS mit PV-\u00dcberschuss laden 1-Phasig.<br \/>\nDas Laden meines Tesla Model Y mit PV-\u00dcberschuss funktioniert ohne Probleme.<\/p>\n<p>Mein Peugeot e-208 ist hier leider etwas zickig.<br \/>\nTeilweise funktioniert das Laden ohne Probleme \u00fcber mehrere Stunden. Dann obwohl die Sonne scheint, geht die Wallbox einfach auf &#8222;AUS&#8220;.<\/p>\n<p>Unter dem gelben Zahnrad ist dann der Haken bei &#8222;Laden deaktivieren&#8220; gesetzt.<br \/>\nEntferne ich diesen Haken, startet sofort auch wieder das laden.<br \/>\nBis nach einer Zeit x manchmal schneller, manchmal l\u00e4nger, dieser Haken wieder gesetzt ist.<br \/>\nDas Auto f\u00e4ngt dann auch nie wieder an mit PV-\u00dcberschuss zu laden.<\/p>\n<p>Aufwecken nach EV40 ist gesetzt.<\/p>\n<p>Wie komme ich hier zu einer L\u00f6sung, so l\u00e4sst sich mein Peugeot leider nicht zuverl\u00e4ssig mit PV-Strom laden<\/p>\n<p>Kann man das irgendwo im Log sehen, warum er da auf deaktiviert geht?<\/p>\n<p>Danke<\/p>\n<p>Mit freundlichen Gr\u00fc\u00dfen<\/p>\n<p>Marco<\/p>\n","protected":false},"excerpt":{"rendered":"<p>Guten Tag, ich habe folgendes Problem: Ich betreibe die CFOS mit PV-\u00dcberschuss laden 1-Phasig. Das Laden meines Tesla Model Y mit PV-\u00dcberschuss funktioniert ohne Probleme. Mein Peugeot e-208 ist hier leider etwas zickig. Teilweise funktioniert das Laden ohne Probleme \u00fcber mehrere Stunden. Dann obwohl die Sonne scheint, geht die Wallbox einfach auf &#8222;AUS&#8220;. Unter dem [&hellip;]<\/p>\n","protected":false},"author":233,"featured_media":0,"template":"","tags":[430,429,48],"cma_category":[2],"cma_difficulty_level":[],"class_list":["post-5408","cma_thread","type-cma_thread","status-publish","hentry","tag-e-208","tag-peugeot","tag-pv-ueberschuss","cma_category-cfos-emobility"],"yoast_head":"<!-- This site is optimized with the Yoast SEO plugin v27.5 - https:\/\/yoast.com\/product\/yoast-seo-wordpress\/ -->\n<title>Peugeot e-208: PV-\u00dcberschuss laden beendet abrupt - cFos eMobility Network<\/title>\n<meta name=\"robots\" content=\"index, follow, max-snippet:-1, max-image-preview:large, max-video-preview:-1\" \/>\n<link rel=\"canonical\" href=\"https:\/\/www.cfos-emobility.de\/network\/antworten\/pv-ueberschuss-laden-beendet-abrupt\/\" \/>\n<meta property=\"og:locale\" content=\"de_DE\" \/>\n<meta property=\"og:type\" content=\"article\" \/>\n<meta property=\"og:title\" content=\"Peugeot e-208: PV-\u00dcberschuss laden beendet abrupt - cFos eMobility Network\" \/>\n<meta property=\"og:description\" content=\"Guten Tag, ich habe folgendes Problem: Ich betreibe die CFOS mit PV-\u00dcberschuss laden 1-Phasig. Das Laden meines Tesla Model Y mit PV-\u00dcberschuss funktioniert ohne Probleme. Mein Peugeot e-208 ist hier leider etwas zickig. Teilweise funktioniert das Laden ohne Probleme \u00fcber mehrere Stunden. Dann obwohl die Sonne scheint, geht die Wallbox einfach auf &#8222;AUS&#8220;. Unter dem [&hellip;]\" \/>\n<meta property=\"og:url\" content=\"https:\/\/www.cfos-emobility.de\/network\/antworten\/pv-ueberschuss-laden-beendet-abrupt\/\" \/>\n<meta property=\"og:site_name\" content=\"cFos eMobility Network\" \/>\n<meta property=\"article:modified_time\" content=\"2025-03-07T13:56:26+00:00\" \/>\n<meta name=\"twitter:card\" content=\"summary_large_image\" \/>\n<meta name=\"twitter:site\" content=\"@cFosEmobility\" \/>\n<meta name=\"twitter:label1\" content=\"Gesch\u00e4tzte Lesezeit\" \/>\n\t<meta name=\"twitter:data1\" content=\"1\u00a0Minute\" \/>\n<script type=\"application\/ld+json\" class=\"yoast-schema-graph\">{\"@context\":\"https:\\\/\\\/schema.org\",\"@graph\":[{\"@type\":\"WebPage\",\"@id\":\"https:\\\/\\\/www.cfos-emobility.de\\\/network\\\/antworten\\\/pv-ueberschuss-laden-beendet-abrupt\\\/\",\"url\":\"https:\\\/\\\/www.cfos-emobility.de\\\/network\\\/antworten\\\/pv-ueberschuss-laden-beendet-abrupt\\\/\",\"name\":\"Peugeot e-208: PV-\u00dcberschuss laden beendet abrupt - cFos eMobility Network\",\"isPartOf\":{\"@id\":\"https:\\\/\\\/www.cfos-emobility.de\\\/network\\\/#website\"},\"datePublished\":\"2025-03-07T13:55:59+00:00\",\"dateModified\":\"2025-03-07T13:56:26+00:00\",\"breadcrumb\":{\"@id\":\"https:\\\/\\\/www.cfos-emobility.de\\\/network\\\/antworten\\\/pv-ueberschuss-laden-beendet-abrupt\\\/#breadcrumb\"},\"inLanguage\":\"de\",\"potentialAction\":[{\"@type\":\"ReadAction\",\"target\":[\"https:\\\/\\\/www.cfos-emobility.de\\\/network\\\/antworten\\\/pv-ueberschuss-laden-beendet-abrupt\\\/\"]}]},{\"@type\":\"BreadcrumbList\",\"@id\":\"https:\\\/\\\/www.cfos-emobility.de\\\/network\\\/antworten\\\/pv-ueberschuss-laden-beendet-abrupt\\\/#breadcrumb\",\"itemListElement\":[{\"@type\":\"ListItem\",\"position\":1,\"name\":\"Startseite\",\"item\":\"https:\\\/\\\/www.cfos-emobility.de\\\/network\\\/\"},{\"@type\":\"ListItem\",\"position\":2,\"name\":\"Fragen\",\"item\":\"https:\\\/\\\/www.cfos-emobility.de\\\/network\\\/antworten\\\/\"},{\"@type\":\"ListItem\",\"position\":3,\"name\":\"Peugeot e-208: PV-\u00dcberschuss laden beendet abrupt\"}]},{\"@type\":\"WebSite\",\"@id\":\"https:\\\/\\\/www.cfos-emobility.de\\\/network\\\/#website\",\"url\":\"https:\\\/\\\/www.cfos-emobility.de\\\/network\\\/\",\"name\":\"cFos eMobility Network\",\"description\":\"Das cFos Power Brain Community Portal\",\"publisher\":{\"@id\":\"https:\\\/\\\/www.cfos-emobility.de\\\/network\\\/#organization\"},\"potentialAction\":[{\"@type\":\"SearchAction\",\"target\":{\"@type\":\"EntryPoint\",\"urlTemplate\":\"https:\\\/\\\/www.cfos-emobility.de\\\/network\\\/?s={search_term_string}\"},\"query-input\":{\"@type\":\"PropertyValueSpecification\",\"valueRequired\":true,\"valueName\":\"search_term_string\"}}],\"inLanguage\":\"de\"},{\"@type\":\"Organization\",\"@id\":\"https:\\\/\\\/www.cfos-emobility.de\\\/network\\\/#organization\",\"name\":\"cFos eMobility GmbH\",\"url\":\"https:\\\/\\\/www.cfos-emobility.de\\\/network\\\/\",\"logo\":{\"@type\":\"ImageObject\",\"inLanguage\":\"de\",\"@id\":\"https:\\\/\\\/www.cfos-emobility.de\\\/network\\\/#\\\/schema\\\/logo\\\/image\\\/\",\"url\":\"https:\\\/\\\/www.cfos-emobility.de\\\/network\\\/wp-content\\\/uploads\\\/2021\\\/12\\\/cfos-emobility-logo.jpg\",\"contentUrl\":\"https:\\\/\\\/www.cfos-emobility.de\\\/network\\\/wp-content\\\/uploads\\\/2021\\\/12\\\/cfos-emobility-logo.jpg\",\"width\":221,\"height\":80,\"caption\":\"cFos eMobility GmbH\"},\"image\":{\"@id\":\"https:\\\/\\\/www.cfos-emobility.de\\\/network\\\/#\\\/schema\\\/logo\\\/image\\\/\"},\"sameAs\":[\"https:\\\/\\\/x.com\\\/cFosEmobility\"]}]}<\/script>\n<!-- \/ Yoast SEO plugin. -->","yoast_head_json":{"title":"Peugeot e-208: PV-\u00dcberschuss laden beendet abrupt - cFos eMobility Network","robots":{"index":"index","follow":"follow","max-snippet":"max-snippet:-1","max-image-preview":"max-image-preview:large","max-video-preview":"max-video-preview:-1"},"canonical":"https:\/\/www.cfos-emobility.de\/network\/antworten\/pv-ueberschuss-laden-beendet-abrupt\/","og_locale":"de_DE","og_type":"article","og_title":"Peugeot e-208: PV-\u00dcberschuss laden beendet abrupt - cFos eMobility Network","og_description":"Guten Tag, ich habe folgendes Problem: Ich betreibe die CFOS mit PV-\u00dcberschuss laden 1-Phasig. Das Laden meines Tesla Model Y mit PV-\u00dcberschuss funktioniert ohne Probleme. Mein Peugeot e-208 ist hier leider etwas zickig. Teilweise funktioniert das Laden ohne Probleme \u00fcber mehrere Stunden. Dann obwohl die Sonne scheint, geht die Wallbox einfach auf &#8222;AUS&#8220;. Unter dem [&hellip;]","og_url":"https:\/\/www.cfos-emobility.de\/network\/antworten\/pv-ueberschuss-laden-beendet-abrupt\/","og_site_name":"cFos eMobility Network","article_modified_time":"2025-03-07T13:56:26+00:00","twitter_card":"summary_large_image","twitter_site":"@cFosEmobility","twitter_misc":{"Gesch\u00e4tzte Lesezeit":"1\u00a0Minute"},"schema":{"@context":"https:\/\/schema.org","@graph":[{"@type":"WebPage","@id":"https:\/\/www.cfos-emobility.de\/network\/antworten\/pv-ueberschuss-laden-beendet-abrupt\/","url":"https:\/\/www.cfos-emobility.de\/network\/antworten\/pv-ueberschuss-laden-beendet-abrupt\/","name":"Peugeot e-208: PV-\u00dcberschuss laden beendet abrupt - cFos eMobility Network","isPartOf":{"@id":"https:\/\/www.cfos-emobility.de\/network\/#website"},"datePublished":"2025-03-07T13:55:59+00:00","dateModified":"2025-03-07T13:56:26+00:00","breadcrumb":{"@id":"https:\/\/www.cfos-emobility.de\/network\/antworten\/pv-ueberschuss-laden-beendet-abrupt\/#breadcrumb"},"inLanguage":"de","potentialAction":[{"@type":"ReadAction","target":["https:\/\/www.cfos-emobility.de\/network\/antworten\/pv-ueberschuss-laden-beendet-abrupt\/"]}]},{"@type":"BreadcrumbList","@id":"https:\/\/www.cfos-emobility.de\/network\/antworten\/pv-ueberschuss-laden-beendet-abrupt\/#breadcrumb","itemListElement":[{"@type":"ListItem","position":1,"name":"Startseite","item":"https:\/\/www.cfos-emobility.de\/network\/"},{"@type":"ListItem","position":2,"name":"Fragen","item":"https:\/\/www.cfos-emobility.de\/network\/antworten\/"},{"@type":"ListItem","position":3,"name":"Peugeot e-208: PV-\u00dcberschuss laden beendet abrupt"}]},{"@type":"WebSite","@id":"https:\/\/www.cfos-emobility.de\/network\/#website","url":"https:\/\/www.cfos-emobility.de\/network\/","name":"cFos eMobility Network","description":"Das cFos Power Brain Community Portal","publisher":{"@id":"https:\/\/www.cfos-emobility.de\/network\/#organization"},"potentialAction":[{"@type":"SearchAction","target":{"@type":"EntryPoint","urlTemplate":"https:\/\/www.cfos-emobility.de\/network\/?s={search_term_string}"},"query-input":{"@type":"PropertyValueSpecification","valueRequired":true,"valueName":"search_term_string"}}],"inLanguage":"de"},{"@type":"Organization","@id":"https:\/\/www.cfos-emobility.de\/network\/#organization","name":"cFos eMobility GmbH","url":"https:\/\/www.cfos-emobility.de\/network\/","logo":{"@type":"ImageObject","inLanguage":"de","@id":"https:\/\/www.cfos-emobility.de\/network\/#\/schema\/logo\/image\/","url":"https:\/\/www.cfos-emobility.de\/network\/wp-content\/uploads\/2021\/12\/cfos-emobility-logo.jpg","contentUrl":"https:\/\/www.cfos-emobility.de\/network\/wp-content\/uploads\/2021\/12\/cfos-emobility-logo.jpg","width":221,"height":80,"caption":"cFos eMobility GmbH"},"image":{"@id":"https:\/\/www.cfos-emobility.de\/network\/#\/schema\/logo\/image\/"},"sameAs":["https:\/\/x.com\/cFosEmobility"]}]}},"_links":{"self":[{"href":"https:\/\/www.cfos-emobility.de\/network\/wp-json\/wp\/v2\/cma_thread\/5408","targetHints":{"allow":["GET"]}}],"collection":[{"href":"https:\/\/www.cfos-emobility.de\/network\/wp-json\/wp\/v2\/cma_thread"}],"about":[{"href":"https:\/\/www.cfos-emobility.de\/network\/wp-json\/wp\/v2\/types\/cma_thread"}],"author":[{"embeddable":true,"href":"https:\/\/www.cfos-emobility.de\/network\/wp-json\/wp\/v2\/users\/233"}],"wp:attachment":[{"href":"https:\/\/www.cfos-emobility.de\/network\/wp-json\/wp\/v2\/media?parent=5408"}],"wp:term":[{"taxonomy":"post_tag","embeddable":true,"href":"https:\/\/www.cfos-emobility.de\/network\/wp-json\/wp\/v2\/tags?post=5408"},{"taxonomy":"cma_category","embeddable":true,"href":"https:\/\/www.cfos-emobility.de\/network\/wp-json\/wp\/v2\/cma_category?post=5408"},{"taxonomy":"cma_difficulty_level","embeddable":true,"href":"https:\/\/www.cfos-emobility.de\/network\/wp-json\/wp\/v2\/cma_difficulty_level?post=5408"}],"curies":[{"name":"wp","href":"https:\/\/api.w.org\/{rel}","templated":true}]}}

Peugeot e-208: PV-Überschuss laden beendet abrupt

<p>Guten Tag,</p>
<p>ich habe folgendes Problem:</p>
<p>Ich betreibe die CFOS mit PV-Überschuss laden 1-Phasig.<br />
Das Laden meines Tesla Model Y mit PV-Überschuss funktioniert ohne Probleme.</p>
<p>Mein Peugeot e-208 ist hier leider etwas zickig.<br />
Teilweise funktioniert das Laden ohne Probleme über mehrere Stunden. Dann obwohl die Sonne scheint, geht die Wallbox einfach auf &#8222;AUS&#8220;.</p>
<p>Unter dem gelben Zahnrad ist dann der Haken bei &#8222;Laden deaktivieren&#8220; gesetzt.<br />
Entferne ich diesen Haken, startet sofort auch wieder das laden.<br />
Bis nach einer Zeit x manchmal schneller, manchmal länger, dieser Haken wieder gesetzt ist.<br />
Das Auto fängt dann auch nie wieder an mit PV-Überschuss zu laden.</p>
<p>Aufwecken nach EV40 ist gesetzt.</p>
<p>Wie komme ich hier zu einer Lösung, so lässt sich mein Peugeot leider nicht zuverlässig mit PV-Strom laden</p>
<p>Kann man das irgendwo im Log sehen, warum er da auf deaktiviert geht?</p>
<p>Danke</p>
<p>Mit freundlichen Grüßen</p>
<p>Marco</p>

<p>Guten Tag, ich habe folgendes Problem: Ich betreibe die CFOS mit PV-Überschuss laden 1-Phasig. Das Laden meines Tesla Model Y mit PV-Überschuss funktioniert ohne Probleme. Mein Peugeot e-208 ist hier leider etwas zickig. Teilweise funktioniert das Laden ohne Probleme über mehrere Stunden. Dann obwohl die Sonne scheint, geht die Wallbox einfach auf &#8222;AUS&#8220;. Unter dem [&hellip;]</p>

<!-- This site is optimized with the Yoast SEO plugin v27.5 - https://yoast.com/product/yoast-seo-wordpress/ -->
<title>Peugeot e-208: PV-Überschuss laden beendet abrupt - cFos eMobility Network</title>
<meta name="robots" content="index, follow, max-snippet:-1, max-image-preview:large, max-video-preview:-1" />
<link rel="canonical" href="https://www.cfos-emobility.de/network/antworten/pv-ueberschuss-laden-beendet-abrupt/" />
<meta property="og:locale" content="de_DE" />
<meta property="og:type" content="article" />
<meta property="og:title" content="Peugeot e-208: PV-Überschuss laden beendet abrupt - cFos eMobility Network" />
<meta property="og:description" content="Guten Tag, ich habe folgendes Problem: Ich betreibe die CFOS mit PV-Überschuss laden 1-Phasig. Das Laden meines Tesla Model Y mit PV-Überschuss funktioniert ohne Probleme. Mein Peugeot e-208 ist hier leider etwas zickig. Teilweise funktioniert das Laden ohne Probleme über mehrere Stunden. Dann obwohl die Sonne scheint, geht die Wallbox einfach auf &#8222;AUS&#8220;. Unter dem [&hellip;]" />
<meta property="og:url" content="https://www.cfos-emobility.de/network/antworten/pv-ueberschuss-laden-beendet-abrupt/" />
<meta property="og:site_name" content="cFos eMobility Network" />
<meta property="article:modified_time" content="2025-03-07T13:56:26+00:00" />
<meta name="twitter:card" content="summary_large_image" />
<meta name="twitter:site" content="@cFosEmobility" />
<meta name="twitter:label1" content="Geschätzte Lesezeit" />
	<meta name="twitter:data1" content="1 Minute" />
<script type="application/ld+json" class="yoast-schema-graph">{"@context":"https:\/\/schema.org","@graph":[{"@type":"WebPage","@id":"https:\/\/www.cfos-emobility.de\/network\/antworten\/pv-ueberschuss-laden-beendet-abrupt\/","url":"https:\/\/www.cfos-emobility.de\/network\/antworten\/pv-ueberschuss-laden-beendet-abrupt\/","name":"Peugeot e-208: PV-Überschuss laden beendet abrupt - cFos eMobility Network","isPartOf":{"@id":"https:\/\/www.cfos-emobility.de\/network\/#website"},"datePublished":"2025-03-07T13:55:59+00:00","dateModified":"2025-03-07T13:56:26+00:00","breadcrumb":{"@id":"https:\/\/www.cfos-emobility.de\/network\/antworten\/pv-ueberschuss-laden-beendet-abrupt\/#breadcrumb"},"inLanguage":"de","potentialAction":[{"@type":"ReadAction","target":["https:\/\/www.cfos-emobility.de\/network\/antworten\/pv-ueberschuss-laden-beendet-abrupt\/"]}]},{"@type":"BreadcrumbList","@id":"https:\/\/www.cfos-emobility.de\/network\/antworten\/pv-ueberschuss-laden-beendet-abrupt\/#breadcrumb","itemListElement":[{"@type":"ListItem","position":1,"name":"Startseite","item":"https:\/\/www.cfos-emobility.de\/network\/"},{"@type":"ListItem","position":2,"name":"Fragen","item":"https:\/\/www.cfos-emobility.de\/network\/antworten\/"},{"@type":"ListItem","position":3,"name":"Peugeot e-208: PV-Überschuss laden beendet abrupt"}]},{"@type":"WebSite","@id":"https:\/\/www.cfos-emobility.de\/network\/#website","url":"https:\/\/www.cfos-emobility.de\/network\/","name":"cFos eMobility Network","description":"Das cFos Power Brain Community Portal","publisher":{"@id":"https:\/\/www.cfos-emobility.de\/network\/#organization"},"potentialAction":[{"@type":"SearchAction","target":{"@type":"EntryPoint","urlTemplate":"https:\/\/www.cfos-emobility.de\/network\/?s={search_term_string}"},"query-input":{"@type":"PropertyValueSpecification","valueRequired":true,"valueName":"search_term_string"}}],"inLanguage":"de"},{"@type":"Organization","@id":"https:\/\/www.cfos-emobility.de\/network\/#organization","name":"cFos eMobility GmbH","url":"https:\/\/www.cfos-emobility.de\/network\/","logo":{"@type":"ImageObject","inLanguage":"de","@id":"https:\/\/www.cfos-emobility.de\/network\/#\/schema\/logo\/image\/","url":"https:\/\/www.cfos-emobility.de\/network\/wp-content\/uploads\/2021\/12\/cfos-emobility-logo.jpg","contentUrl":"https:\/\/www.cfos-emobility.de\/network\/wp-content\/uploads\/2021\/12\/cfos-emobility-logo.jpg","width":221,"height":80,"caption":"cFos eMobility GmbH"},"image":{"@id":"https:\/\/www.cfos-emobility.de\/network\/#\/schema\/logo\/image\/"},"sameAs":["https:\/\/x.com\/cFosEmobility"]}]}</script>
<!-- / Yoast SEO plugin. -->

Peugeot e-208: PV-Überschuss laden beendet abrupt - cFos eMobility Network

Guten Tag, ich habe folgendes Problem: Ich betreibe die CFOS mit PV-Überschuss laden 1-Phasig. Das Laden meines Tesla Model Y mit PV-Überschuss funktioniert ohne Probleme. Mein Peugeot e-208 ist hier leider etwas zickig. Teilweise funktioniert das Laden ohne Probleme über mehrere Stunden. Dann obwohl die Sonne scheint, geht die Wallbox einfach auf &#8222;AUS&#8220;. Unter dem [&hellip;]
