{"id":5351,"date":"2025-03-02T12:51:11","date_gmt":"2025-03-02T11:51:11","guid":{"rendered":"https:\/\/www.cfos-emobility.de\/network\/antworten\/pv-ueberschuss-und-speicher-laden\/"},"modified":"2025-03-09T14:22:43","modified_gmt":"2025-03-09T13:22:43","slug":"pv-ueberschuss-und-speicher-laden","status":"publish","type":"cma_thread","link":"https:\/\/www.cfos-emobility.de\/network\/antworten\/pv-ueberschuss-und-speicher-laden\/","title":{"rendered":"PV \u00dcberschu\u00df und Speicher laden"},"content":{"rendered":"<p>Hallo,<br \/>\nich beziehe mich auf meine Konstallation <a href=\"https:\/\/www.cfos-emobility.de\/network\/antworten\/pv-ueberschuss-0-5-uhr-netzbezug-ohne-speicher\/\">aus diesem Thread hier<\/a>.<br \/>\nKurz beschrieben: entweder PV-\u00dcberschu\u00df ODER Nachts von 0-5 Uhr laden.<br \/>\nDas Laden in der Nacht sollte mit einer max Entladung von 500 W aus dem Speicher erfolgen, der Rest w\u00e4re mit Netzbezug zu decken.<br \/>\nJetzt beschr\u00e4nkt sich diese Wirkleistungsbeschr\u00e4nkung leider nur nicht auf die n\u00e4chtliche Ladung, sondern auch tags\u00fcber auf die PV-\u00dcberschu\u00dfladung, d.h. bei 10 KW Ertrag werden z.B. bei 3,5 KW Abnahme vom E-Auto (Hybrid daher max. 3,5) die restlichen 5-6 KW nicht in den Speicher geladen, sondern von diesem die vorgegeben 500 Watt entladen und der Rest ins Netz gedr\u00fcckt.<br \/>\nWie kann ich also die Wirkleistungsvorgabe ausschlie\u00dflich auf den n\u00e4chtlichen Bezug beschr\u00e4nken?<\/p>\n","protected":false},"excerpt":{"rendered":"<p>Hallo, ich beziehe mich auf meine Konstallation aus diesem Thread hier. Kurz beschrieben: entweder PV-\u00dcberschu\u00df ODER Nachts von 0-5 Uhr laden. Das Laden in der Nacht sollte mit einer max Entladung von 500 W aus dem Speicher erfolgen, der Rest w\u00e4re mit Netzbezug zu decken. Jetzt beschr\u00e4nkt sich diese Wirkleistungsbeschr\u00e4nkung leider nur nicht auf die [&hellip;]<\/p>\n","protected":false},"author":479,"featured_media":0,"template":"","tags":[247,137,427],"cma_category":[2],"cma_difficulty_level":[],"class_list":["post-5351","cma_thread","type-cma_thread","status-publish","hentry","tag-netzbezug","tag-ueberschuss","tag-wirkleistungsvorgabe","cma_category-cfos-emobility"],"yoast_head":"<!-- This site is optimized with the Yoast SEO plugin v27.5 - https:\/\/yoast.com\/product\/yoast-seo-wordpress\/ -->\n<title>PV \u00dcberschu\u00df und Speicher laden - cFos eMobility Network<\/title>\n<meta name=\"robots\" content=\"index, follow, max-snippet:-1, max-image-preview:large, max-video-preview:-1\" \/>\n<link rel=\"canonical\" href=\"https:\/\/www.cfos-emobility.de\/network\/antworten\/pv-ueberschuss-und-speicher-laden\/\" \/>\n<meta property=\"og:locale\" content=\"de_DE\" \/>\n<meta property=\"og:type\" content=\"article\" \/>\n<meta property=\"og:title\" content=\"PV \u00dcberschu\u00df und Speicher laden - cFos eMobility Network\" \/>\n<meta property=\"og:description\" content=\"Hallo, ich beziehe mich auf meine Konstallation aus diesem Thread hier. Kurz beschrieben: entweder PV-\u00dcberschu\u00df ODER Nachts von 0-5 Uhr laden. Das Laden in der Nacht sollte mit einer max Entladung von 500 W aus dem Speicher erfolgen, der Rest w\u00e4re mit Netzbezug zu decken. Jetzt beschr\u00e4nkt sich diese Wirkleistungsbeschr\u00e4nkung leider nur nicht auf die [&hellip;]\" \/>\n<meta property=\"og:url\" content=\"https:\/\/www.cfos-emobility.de\/network\/antworten\/pv-ueberschuss-und-speicher-laden\/\" \/>\n<meta property=\"og:site_name\" content=\"cFos eMobility Network\" \/>\n<meta property=\"article:modified_time\" content=\"2025-03-09T13:22:43+00:00\" \/>\n<meta name=\"twitter:card\" content=\"summary_large_image\" \/>\n<meta name=\"twitter:site\" content=\"@cFosEmobility\" \/>\n<meta name=\"twitter:label1\" content=\"Gesch\u00e4tzte Lesezeit\" \/>\n\t<meta name=\"twitter:data1\" content=\"1\u00a0Minute\" \/>\n<script type=\"application\/ld+json\" class=\"yoast-schema-graph\">{\"@context\":\"https:\\\/\\\/schema.org\",\"@graph\":[{\"@type\":\"WebPage\",\"@id\":\"https:\\\/\\\/www.cfos-emobility.de\\\/network\\\/antworten\\\/pv-ueberschuss-und-speicher-laden\\\/\",\"url\":\"https:\\\/\\\/www.cfos-emobility.de\\\/network\\\/antworten\\\/pv-ueberschuss-und-speicher-laden\\\/\",\"name\":\"PV \u00dcberschu\u00df und Speicher laden - cFos eMobility Network\",\"isPartOf\":{\"@id\":\"https:\\\/\\\/www.cfos-emobility.de\\\/network\\\/#website\"},\"datePublished\":\"2025-03-02T11:51:11+00:00\",\"dateModified\":\"2025-03-09T13:22:43+00:00\",\"breadcrumb\":{\"@id\":\"https:\\\/\\\/www.cfos-emobility.de\\\/network\\\/antworten\\\/pv-ueberschuss-und-speicher-laden\\\/#breadcrumb\"},\"inLanguage\":\"de\",\"potentialAction\":[{\"@type\":\"ReadAction\",\"target\":[\"https:\\\/\\\/www.cfos-emobility.de\\\/network\\\/antworten\\\/pv-ueberschuss-und-speicher-laden\\\/\"]}]},{\"@type\":\"BreadcrumbList\",\"@id\":\"https:\\\/\\\/www.cfos-emobility.de\\\/network\\\/antworten\\\/pv-ueberschuss-und-speicher-laden\\\/#breadcrumb\",\"itemListElement\":[{\"@type\":\"ListItem\",\"position\":1,\"name\":\"Startseite\",\"item\":\"https:\\\/\\\/www.cfos-emobility.de\\\/network\\\/\"},{\"@type\":\"ListItem\",\"position\":2,\"name\":\"Fragen\",\"item\":\"https:\\\/\\\/www.cfos-emobility.de\\\/network\\\/antworten\\\/\"},{\"@type\":\"ListItem\",\"position\":3,\"name\":\"PV \u00dcberschu\u00df und Speicher laden\"}]},{\"@type\":\"WebSite\",\"@id\":\"https:\\\/\\\/www.cfos-emobility.de\\\/network\\\/#website\",\"url\":\"https:\\\/\\\/www.cfos-emobility.de\\\/network\\\/\",\"name\":\"cFos eMobility Network\",\"description\":\"Das cFos Power Brain Community Portal\",\"publisher\":{\"@id\":\"https:\\\/\\\/www.cfos-emobility.de\\\/network\\\/#organization\"},\"potentialAction\":[{\"@type\":\"SearchAction\",\"target\":{\"@type\":\"EntryPoint\",\"urlTemplate\":\"https:\\\/\\\/www.cfos-emobility.de\\\/network\\\/?s={search_term_string}\"},\"query-input\":{\"@type\":\"PropertyValueSpecification\",\"valueRequired\":true,\"valueName\":\"search_term_string\"}}],\"inLanguage\":\"de\"},{\"@type\":\"Organization\",\"@id\":\"https:\\\/\\\/www.cfos-emobility.de\\\/network\\\/#organization\",\"name\":\"cFos eMobility GmbH\",\"url\":\"https:\\\/\\\/www.cfos-emobility.de\\\/network\\\/\",\"logo\":{\"@type\":\"ImageObject\",\"inLanguage\":\"de\",\"@id\":\"https:\\\/\\\/www.cfos-emobility.de\\\/network\\\/#\\\/schema\\\/logo\\\/image\\\/\",\"url\":\"https:\\\/\\\/www.cfos-emobility.de\\\/network\\\/wp-content\\\/uploads\\\/2021\\\/12\\\/cfos-emobility-logo.jpg\",\"contentUrl\":\"https:\\\/\\\/www.cfos-emobility.de\\\/network\\\/wp-content\\\/uploads\\\/2021\\\/12\\\/cfos-emobility-logo.jpg\",\"width\":221,\"height\":80,\"caption\":\"cFos eMobility GmbH\"},\"image\":{\"@id\":\"https:\\\/\\\/www.cfos-emobility.de\\\/network\\\/#\\\/schema\\\/logo\\\/image\\\/\"},\"sameAs\":[\"https:\\\/\\\/x.com\\\/cFosEmobility\"]}]}<\/script>\n<!-- \/ Yoast SEO plugin. -->","yoast_head_json":{"title":"PV \u00dcberschu\u00df und Speicher laden - cFos eMobility Network","robots":{"index":"index","follow":"follow","max-snippet":"max-snippet:-1","max-image-preview":"max-image-preview:large","max-video-preview":"max-video-preview:-1"},"canonical":"https:\/\/www.cfos-emobility.de\/network\/antworten\/pv-ueberschuss-und-speicher-laden\/","og_locale":"de_DE","og_type":"article","og_title":"PV \u00dcberschu\u00df und Speicher laden - cFos eMobility Network","og_description":"Hallo, ich beziehe mich auf meine Konstallation aus diesem Thread hier. Kurz beschrieben: entweder PV-\u00dcberschu\u00df ODER Nachts von 0-5 Uhr laden. Das Laden in der Nacht sollte mit einer max Entladung von 500 W aus dem Speicher erfolgen, der Rest w\u00e4re mit Netzbezug zu decken. Jetzt beschr\u00e4nkt sich diese Wirkleistungsbeschr\u00e4nkung leider nur nicht auf die [&hellip;]","og_url":"https:\/\/www.cfos-emobility.de\/network\/antworten\/pv-ueberschuss-und-speicher-laden\/","og_site_name":"cFos eMobility Network","article_modified_time":"2025-03-09T13:22:43+00:00","twitter_card":"summary_large_image","twitter_site":"@cFosEmobility","twitter_misc":{"Gesch\u00e4tzte Lesezeit":"1\u00a0Minute"},"schema":{"@context":"https:\/\/schema.org","@graph":[{"@type":"WebPage","@id":"https:\/\/www.cfos-emobility.de\/network\/antworten\/pv-ueberschuss-und-speicher-laden\/","url":"https:\/\/www.cfos-emobility.de\/network\/antworten\/pv-ueberschuss-und-speicher-laden\/","name":"PV \u00dcberschu\u00df und Speicher laden - cFos eMobility Network","isPartOf":{"@id":"https:\/\/www.cfos-emobility.de\/network\/#website"},"datePublished":"2025-03-02T11:51:11+00:00","dateModified":"2025-03-09T13:22:43+00:00","breadcrumb":{"@id":"https:\/\/www.cfos-emobility.de\/network\/antworten\/pv-ueberschuss-und-speicher-laden\/#breadcrumb"},"inLanguage":"de","potentialAction":[{"@type":"ReadAction","target":["https:\/\/www.cfos-emobility.de\/network\/antworten\/pv-ueberschuss-und-speicher-laden\/"]}]},{"@type":"BreadcrumbList","@id":"https:\/\/www.cfos-emobility.de\/network\/antworten\/pv-ueberschuss-und-speicher-laden\/#breadcrumb","itemListElement":[{"@type":"ListItem","position":1,"name":"Startseite","item":"https:\/\/www.cfos-emobility.de\/network\/"},{"@type":"ListItem","position":2,"name":"Fragen","item":"https:\/\/www.cfos-emobility.de\/network\/antworten\/"},{"@type":"ListItem","position":3,"name":"PV \u00dcberschu\u00df und Speicher laden"}]},{"@type":"WebSite","@id":"https:\/\/www.cfos-emobility.de\/network\/#website","url":"https:\/\/www.cfos-emobility.de\/network\/","name":"cFos eMobility Network","description":"Das cFos Power Brain Community Portal","publisher":{"@id":"https:\/\/www.cfos-emobility.de\/network\/#organization"},"potentialAction":[{"@type":"SearchAction","target":{"@type":"EntryPoint","urlTemplate":"https:\/\/www.cfos-emobility.de\/network\/?s={search_term_string}"},"query-input":{"@type":"PropertyValueSpecification","valueRequired":true,"valueName":"search_term_string"}}],"inLanguage":"de"},{"@type":"Organization","@id":"https:\/\/www.cfos-emobility.de\/network\/#organization","name":"cFos eMobility GmbH","url":"https:\/\/www.cfos-emobility.de\/network\/","logo":{"@type":"ImageObject","inLanguage":"de","@id":"https:\/\/www.cfos-emobility.de\/network\/#\/schema\/logo\/image\/","url":"https:\/\/www.cfos-emobility.de\/network\/wp-content\/uploads\/2021\/12\/cfos-emobility-logo.jpg","contentUrl":"https:\/\/www.cfos-emobility.de\/network\/wp-content\/uploads\/2021\/12\/cfos-emobility-logo.jpg","width":221,"height":80,"caption":"cFos eMobility GmbH"},"image":{"@id":"https:\/\/www.cfos-emobility.de\/network\/#\/schema\/logo\/image\/"},"sameAs":["https:\/\/x.com\/cFosEmobility"]}]}},"_links":{"self":[{"href":"https:\/\/www.cfos-emobility.de\/network\/wp-json\/wp\/v2\/cma_thread\/5351","targetHints":{"allow":["GET"]}}],"collection":[{"href":"https:\/\/www.cfos-emobility.de\/network\/wp-json\/wp\/v2\/cma_thread"}],"about":[{"href":"https:\/\/www.cfos-emobility.de\/network\/wp-json\/wp\/v2\/types\/cma_thread"}],"author":[{"embeddable":true,"href":"https:\/\/www.cfos-emobility.de\/network\/wp-json\/wp\/v2\/users\/479"}],"wp:attachment":[{"href":"https:\/\/www.cfos-emobility.de\/network\/wp-json\/wp\/v2\/media?parent=5351"}],"wp:term":[{"taxonomy":"post_tag","embeddable":true,"href":"https:\/\/www.cfos-emobility.de\/network\/wp-json\/wp\/v2\/tags?post=5351"},{"taxonomy":"cma_category","embeddable":true,"href":"https:\/\/www.cfos-emobility.de\/network\/wp-json\/wp\/v2\/cma_category?post=5351"},{"taxonomy":"cma_difficulty_level","embeddable":true,"href":"https:\/\/www.cfos-emobility.de\/network\/wp-json\/wp\/v2\/cma_difficulty_level?post=5351"}],"curies":[{"name":"wp","href":"https:\/\/api.w.org\/{rel}","templated":true}]}}

PV Überschuß und Speicher laden

<p>Hallo,<br />
ich beziehe mich auf meine Konstallation <a href="https://www.cfos-emobility.de/network/antworten/pv-ueberschuss-0-5-uhr-netzbezug-ohne-speicher/">aus diesem Thread hier</a>.<br />
Kurz beschrieben: entweder PV-Überschuß ODER Nachts von 0-5 Uhr laden.<br />
Das Laden in der Nacht sollte mit einer max Entladung von 500 W aus dem Speicher erfolgen, der Rest wäre mit Netzbezug zu decken.<br />
Jetzt beschränkt sich diese Wirkleistungsbeschränkung leider nur nicht auf die nächtliche Ladung, sondern auch tagsüber auf die PV-Überschußladung, d.h. bei 10 KW Ertrag werden z.B. bei 3,5 KW Abnahme vom E-Auto (Hybrid daher max. 3,5) die restlichen 5-6 KW nicht in den Speicher geladen, sondern von diesem die vorgegeben 500 Watt entladen und der Rest ins Netz gedrückt.<br />
Wie kann ich also die Wirkleistungsvorgabe ausschließlich auf den nächtlichen Bezug beschränken?</p>

<p>Hallo, ich beziehe mich auf meine Konstallation aus diesem Thread hier. Kurz beschrieben: entweder PV-Überschuß ODER Nachts von 0-5 Uhr laden. Das Laden in der Nacht sollte mit einer max Entladung von 500 W aus dem Speicher erfolgen, der Rest wäre mit Netzbezug zu decken. Jetzt beschränkt sich diese Wirkleistungsbeschränkung leider nur nicht auf die [&hellip;]</p>

<!-- This site is optimized with the Yoast SEO plugin v27.5 - https://yoast.com/product/yoast-seo-wordpress/ -->
<title>PV Überschuß und Speicher laden - cFos eMobility Network</title>
<meta name="robots" content="index, follow, max-snippet:-1, max-image-preview:large, max-video-preview:-1" />
<link rel="canonical" href="https://www.cfos-emobility.de/network/antworten/pv-ueberschuss-und-speicher-laden/" />
<meta property="og:locale" content="de_DE" />
<meta property="og:type" content="article" />
<meta property="og:title" content="PV Überschuß und Speicher laden - cFos eMobility Network" />
<meta property="og:description" content="Hallo, ich beziehe mich auf meine Konstallation aus diesem Thread hier. Kurz beschrieben: entweder PV-Überschuß ODER Nachts von 0-5 Uhr laden. Das Laden in der Nacht sollte mit einer max Entladung von 500 W aus dem Speicher erfolgen, der Rest wäre mit Netzbezug zu decken. Jetzt beschränkt sich diese Wirkleistungsbeschränkung leider nur nicht auf die [&hellip;]" />
<meta property="og:url" content="https://www.cfos-emobility.de/network/antworten/pv-ueberschuss-und-speicher-laden/" />
<meta property="og:site_name" content="cFos eMobility Network" />
<meta property="article:modified_time" content="2025-03-09T13:22:43+00:00" />
<meta name="twitter:card" content="summary_large_image" />
<meta name="twitter:site" content="@cFosEmobility" />
<meta name="twitter:label1" content="Geschätzte Lesezeit" />
	<meta name="twitter:data1" content="1 Minute" />
<script type="application/ld+json" class="yoast-schema-graph">{"@context":"https:\/\/schema.org","@graph":[{"@type":"WebPage","@id":"https:\/\/www.cfos-emobility.de\/network\/antworten\/pv-ueberschuss-und-speicher-laden\/","url":"https:\/\/www.cfos-emobility.de\/network\/antworten\/pv-ueberschuss-und-speicher-laden\/","name":"PV Überschuß und Speicher laden - cFos eMobility Network","isPartOf":{"@id":"https:\/\/www.cfos-emobility.de\/network\/#website"},"datePublished":"2025-03-02T11:51:11+00:00","dateModified":"2025-03-09T13:22:43+00:00","breadcrumb":{"@id":"https:\/\/www.cfos-emobility.de\/network\/antworten\/pv-ueberschuss-und-speicher-laden\/#breadcrumb"},"inLanguage":"de","potentialAction":[{"@type":"ReadAction","target":["https:\/\/www.cfos-emobility.de\/network\/antworten\/pv-ueberschuss-und-speicher-laden\/"]}]},{"@type":"BreadcrumbList","@id":"https:\/\/www.cfos-emobility.de\/network\/antworten\/pv-ueberschuss-und-speicher-laden\/#breadcrumb","itemListElement":[{"@type":"ListItem","position":1,"name":"Startseite","item":"https:\/\/www.cfos-emobility.de\/network\/"},{"@type":"ListItem","position":2,"name":"Fragen","item":"https:\/\/www.cfos-emobility.de\/network\/antworten\/"},{"@type":"ListItem","position":3,"name":"PV Überschuß und Speicher laden"}]},{"@type":"WebSite","@id":"https:\/\/www.cfos-emobility.de\/network\/#website","url":"https:\/\/www.cfos-emobility.de\/network\/","name":"cFos eMobility Network","description":"Das cFos Power Brain Community Portal","publisher":{"@id":"https:\/\/www.cfos-emobility.de\/network\/#organization"},"potentialAction":[{"@type":"SearchAction","target":{"@type":"EntryPoint","urlTemplate":"https:\/\/www.cfos-emobility.de\/network\/?s={search_term_string}"},"query-input":{"@type":"PropertyValueSpecification","valueRequired":true,"valueName":"search_term_string"}}],"inLanguage":"de"},{"@type":"Organization","@id":"https:\/\/www.cfos-emobility.de\/network\/#organization","name":"cFos eMobility GmbH","url":"https:\/\/www.cfos-emobility.de\/network\/","logo":{"@type":"ImageObject","inLanguage":"de","@id":"https:\/\/www.cfos-emobility.de\/network\/#\/schema\/logo\/image\/","url":"https:\/\/www.cfos-emobility.de\/network\/wp-content\/uploads\/2021\/12\/cfos-emobility-logo.jpg","contentUrl":"https:\/\/www.cfos-emobility.de\/network\/wp-content\/uploads\/2021\/12\/cfos-emobility-logo.jpg","width":221,"height":80,"caption":"cFos eMobility GmbH"},"image":{"@id":"https:\/\/www.cfos-emobility.de\/network\/#\/schema\/logo\/image\/"},"sameAs":["https:\/\/x.com\/cFosEmobility"]}]}</script>
<!-- / Yoast SEO plugin. -->

PV Überschuß und Speicher laden - cFos eMobility Network

Hallo, ich beziehe mich auf meine Konstallation aus diesem Thread hier. Kurz beschrieben: entweder PV-Überschuß ODER Nachts von 0-5 Uhr laden. Das Laden in der Nacht sollte mit einer max Entladung von 500 W aus dem Speicher erfolgen, der Rest wäre mit Netzbezug zu decken. Jetzt beschränkt sich diese Wirkleistungsbeschränkung leider nur nicht auf die [&hellip;]
