{"id":5254,"date":"2025-02-20T13:31:52","date_gmt":"2025-02-20T12:31:52","guid":{"rendered":"https:\/\/www.cfos-emobility.de\/network\/antworten\/kein-ladevorgang-evtl-falsche-konfiguration\/"},"modified":"2025-02-21T14:00:57","modified_gmt":"2025-02-21T13:00:57","slug":"kein-ladevorgang-evtl-falsche-konfiguration","status":"publish","type":"cma_thread","link":"https:\/\/www.cfos-emobility.de\/network\/antworten\/kein-ladevorgang-evtl-falsche-konfiguration\/","title":{"rendered":"Kein Ladevorgang \/ evtl. falsche Konfiguration?"},"content":{"rendered":"<p>Hallo zusammen,<\/p>\n<p>gestern habe ich meinen Born abgeholt und wollte heute die Wallbox ausprobieren &#8211; leider ohne Erfolg.<\/p>\n<p>Der Stecker wird ordnungsgem\u00e4\u00df verriegelt und ich bekomme die Meldung das ich mich autorisieren muss. Ich halte die Karte dran und es piept &#8211; nach einer Minute schl\u00e4gt das Laden jedoch fehl und am Auto leuchtet die Lampe rot. In der App steht \u201eExterne Stromzufuhr: nicht verf\u00fcgbar\u201c und der fehlerhafte Ladevorgang wird mir ebenfalls in der App best\u00e4tigt.<\/p>\n<p>Ich habe in der Wallbox, beim Benutzer sowie bei der RFID eine Laderegel hinterlegt (Standardregel mit \u00dcberschuss aber min. X kWh) aber es geht einfach nicht los\u2026 Zum Zeitpunkt der gew\u00fcnschten Ladung hatte ich 82% und habe es dann testweise im Auto erh\u00f6ht sodass es auch nicht am \u00fcberschrittenen Ladelimit liegen konnte.<\/p>\n<p>Gibt es irgendwo noch relevante Einstellungen die ich pr\u00fcfen kann? Ich hab das Gef\u00fchl es liegt an irgendeiner Fehlkonfiguration.<br \/>\nWie muss die Wallbox piepen das ich wei\u00df es lag nicht an einer falschen Autorisierung?<br \/>\nIn evcc wurde das Auto erkannt aber auch dort kam ich nicht weiter\u2026 Blockiert sich das gegenseitig oder klappte auch evcc nicht weil ich mich autorisieren musste und es nicht geklappt hat?<br \/>\ndarf ich \u00fcberhaupt beides gleichzeitig nutzen oder muss eins abgeklemmt werden? Wenn ja, welche Einstellung muss ich machen?<\/p>\n<p>Ich danke euch schon jetzt f\u00fcr eure Unterst\u00fctzung!<\/p>\n","protected":false},"excerpt":{"rendered":"<p>Hallo zusammen, gestern habe ich meinen Born abgeholt und wollte heute die Wallbox ausprobieren &#8211; leider ohne Erfolg. Der Stecker wird ordnungsgem\u00e4\u00df verriegelt und ich bekomme die Meldung das ich mich autorisieren muss. Ich halte die Karte dran und es piept &#8211; nach einer Minute schl\u00e4gt das Laden jedoch fehl und am Auto leuchtet die [&hellip;]<\/p>\n","protected":false},"author":567,"featured_media":0,"template":"","tags":[419,100,75],"cma_category":[],"cma_difficulty_level":[],"class_list":["post-5254","cma_thread","type-cma_thread","status-publish","hentry","tag-autorisieren","tag-laden","tag-ladevorgang"],"yoast_head":"<!-- This site is optimized with the Yoast SEO plugin v27.5 - https:\/\/yoast.com\/product\/yoast-seo-wordpress\/ -->\n<title>Kein Ladevorgang \/ evtl. falsche Konfiguration? - cFos eMobility Network<\/title>\n<meta name=\"robots\" content=\"index, follow, max-snippet:-1, max-image-preview:large, max-video-preview:-1\" \/>\n<link rel=\"canonical\" href=\"https:\/\/www.cfos-emobility.de\/network\/antworten\/kein-ladevorgang-evtl-falsche-konfiguration\/\" \/>\n<meta property=\"og:locale\" content=\"de_DE\" \/>\n<meta property=\"og:type\" content=\"article\" \/>\n<meta property=\"og:title\" content=\"Kein Ladevorgang \/ evtl. falsche Konfiguration? - cFos eMobility Network\" \/>\n<meta property=\"og:description\" content=\"Hallo zusammen, gestern habe ich meinen Born abgeholt und wollte heute die Wallbox ausprobieren &#8211; leider ohne Erfolg. Der Stecker wird ordnungsgem\u00e4\u00df verriegelt und ich bekomme die Meldung das ich mich autorisieren muss. Ich halte die Karte dran und es piept &#8211; nach einer Minute schl\u00e4gt das Laden jedoch fehl und am Auto leuchtet die [&hellip;]\" \/>\n<meta property=\"og:url\" content=\"https:\/\/www.cfos-emobility.de\/network\/antworten\/kein-ladevorgang-evtl-falsche-konfiguration\/\" \/>\n<meta property=\"og:site_name\" content=\"cFos eMobility Network\" \/>\n<meta property=\"article:modified_time\" content=\"2025-02-21T13:00:57+00:00\" \/>\n<meta name=\"twitter:card\" content=\"summary_large_image\" \/>\n<meta name=\"twitter:site\" content=\"@cFosEmobility\" \/>\n<meta name=\"twitter:label1\" content=\"Gesch\u00e4tzte Lesezeit\" \/>\n\t<meta name=\"twitter:data1\" content=\"1\u00a0Minute\" \/>\n<script type=\"application\/ld+json\" class=\"yoast-schema-graph\">{\"@context\":\"https:\\\/\\\/schema.org\",\"@graph\":[{\"@type\":\"WebPage\",\"@id\":\"https:\\\/\\\/www.cfos-emobility.de\\\/network\\\/antworten\\\/kein-ladevorgang-evtl-falsche-konfiguration\\\/\",\"url\":\"https:\\\/\\\/www.cfos-emobility.de\\\/network\\\/antworten\\\/kein-ladevorgang-evtl-falsche-konfiguration\\\/\",\"name\":\"Kein Ladevorgang \\\/ evtl. falsche Konfiguration? - cFos eMobility Network\",\"isPartOf\":{\"@id\":\"https:\\\/\\\/www.cfos-emobility.de\\\/network\\\/#website\"},\"datePublished\":\"2025-02-20T12:31:52+00:00\",\"dateModified\":\"2025-02-21T13:00:57+00:00\",\"breadcrumb\":{\"@id\":\"https:\\\/\\\/www.cfos-emobility.de\\\/network\\\/antworten\\\/kein-ladevorgang-evtl-falsche-konfiguration\\\/#breadcrumb\"},\"inLanguage\":\"de\",\"potentialAction\":[{\"@type\":\"ReadAction\",\"target\":[\"https:\\\/\\\/www.cfos-emobility.de\\\/network\\\/antworten\\\/kein-ladevorgang-evtl-falsche-konfiguration\\\/\"]}]},{\"@type\":\"BreadcrumbList\",\"@id\":\"https:\\\/\\\/www.cfos-emobility.de\\\/network\\\/antworten\\\/kein-ladevorgang-evtl-falsche-konfiguration\\\/#breadcrumb\",\"itemListElement\":[{\"@type\":\"ListItem\",\"position\":1,\"name\":\"Startseite\",\"item\":\"https:\\\/\\\/www.cfos-emobility.de\\\/network\\\/\"},{\"@type\":\"ListItem\",\"position\":2,\"name\":\"Fragen\",\"item\":\"https:\\\/\\\/www.cfos-emobility.de\\\/network\\\/antworten\\\/\"},{\"@type\":\"ListItem\",\"position\":3,\"name\":\"Kein Ladevorgang \\\/ evtl. falsche Konfiguration?\"}]},{\"@type\":\"WebSite\",\"@id\":\"https:\\\/\\\/www.cfos-emobility.de\\\/network\\\/#website\",\"url\":\"https:\\\/\\\/www.cfos-emobility.de\\\/network\\\/\",\"name\":\"cFos eMobility Network\",\"description\":\"Das cFos Power Brain Community Portal\",\"publisher\":{\"@id\":\"https:\\\/\\\/www.cfos-emobility.de\\\/network\\\/#organization\"},\"potentialAction\":[{\"@type\":\"SearchAction\",\"target\":{\"@type\":\"EntryPoint\",\"urlTemplate\":\"https:\\\/\\\/www.cfos-emobility.de\\\/network\\\/?s={search_term_string}\"},\"query-input\":{\"@type\":\"PropertyValueSpecification\",\"valueRequired\":true,\"valueName\":\"search_term_string\"}}],\"inLanguage\":\"de\"},{\"@type\":\"Organization\",\"@id\":\"https:\\\/\\\/www.cfos-emobility.de\\\/network\\\/#organization\",\"name\":\"cFos eMobility GmbH\",\"url\":\"https:\\\/\\\/www.cfos-emobility.de\\\/network\\\/\",\"logo\":{\"@type\":\"ImageObject\",\"inLanguage\":\"de\",\"@id\":\"https:\\\/\\\/www.cfos-emobility.de\\\/network\\\/#\\\/schema\\\/logo\\\/image\\\/\",\"url\":\"https:\\\/\\\/www.cfos-emobility.de\\\/network\\\/wp-content\\\/uploads\\\/2021\\\/12\\\/cfos-emobility-logo.jpg\",\"contentUrl\":\"https:\\\/\\\/www.cfos-emobility.de\\\/network\\\/wp-content\\\/uploads\\\/2021\\\/12\\\/cfos-emobility-logo.jpg\",\"width\":221,\"height\":80,\"caption\":\"cFos eMobility GmbH\"},\"image\":{\"@id\":\"https:\\\/\\\/www.cfos-emobility.de\\\/network\\\/#\\\/schema\\\/logo\\\/image\\\/\"},\"sameAs\":[\"https:\\\/\\\/x.com\\\/cFosEmobility\"]}]}<\/script>\n<!-- \/ Yoast SEO plugin. -->","yoast_head_json":{"title":"Kein Ladevorgang \/ evtl. falsche Konfiguration? - cFos eMobility Network","robots":{"index":"index","follow":"follow","max-snippet":"max-snippet:-1","max-image-preview":"max-image-preview:large","max-video-preview":"max-video-preview:-1"},"canonical":"https:\/\/www.cfos-emobility.de\/network\/antworten\/kein-ladevorgang-evtl-falsche-konfiguration\/","og_locale":"de_DE","og_type":"article","og_title":"Kein Ladevorgang \/ evtl. falsche Konfiguration? - cFos eMobility Network","og_description":"Hallo zusammen, gestern habe ich meinen Born abgeholt und wollte heute die Wallbox ausprobieren &#8211; leider ohne Erfolg. Der Stecker wird ordnungsgem\u00e4\u00df verriegelt und ich bekomme die Meldung das ich mich autorisieren muss. Ich halte die Karte dran und es piept &#8211; nach einer Minute schl\u00e4gt das Laden jedoch fehl und am Auto leuchtet die [&hellip;]","og_url":"https:\/\/www.cfos-emobility.de\/network\/antworten\/kein-ladevorgang-evtl-falsche-konfiguration\/","og_site_name":"cFos eMobility Network","article_modified_time":"2025-02-21T13:00:57+00:00","twitter_card":"summary_large_image","twitter_site":"@cFosEmobility","twitter_misc":{"Gesch\u00e4tzte Lesezeit":"1\u00a0Minute"},"schema":{"@context":"https:\/\/schema.org","@graph":[{"@type":"WebPage","@id":"https:\/\/www.cfos-emobility.de\/network\/antworten\/kein-ladevorgang-evtl-falsche-konfiguration\/","url":"https:\/\/www.cfos-emobility.de\/network\/antworten\/kein-ladevorgang-evtl-falsche-konfiguration\/","name":"Kein Ladevorgang \/ evtl. falsche Konfiguration? - cFos eMobility Network","isPartOf":{"@id":"https:\/\/www.cfos-emobility.de\/network\/#website"},"datePublished":"2025-02-20T12:31:52+00:00","dateModified":"2025-02-21T13:00:57+00:00","breadcrumb":{"@id":"https:\/\/www.cfos-emobility.de\/network\/antworten\/kein-ladevorgang-evtl-falsche-konfiguration\/#breadcrumb"},"inLanguage":"de","potentialAction":[{"@type":"ReadAction","target":["https:\/\/www.cfos-emobility.de\/network\/antworten\/kein-ladevorgang-evtl-falsche-konfiguration\/"]}]},{"@type":"BreadcrumbList","@id":"https:\/\/www.cfos-emobility.de\/network\/antworten\/kein-ladevorgang-evtl-falsche-konfiguration\/#breadcrumb","itemListElement":[{"@type":"ListItem","position":1,"name":"Startseite","item":"https:\/\/www.cfos-emobility.de\/network\/"},{"@type":"ListItem","position":2,"name":"Fragen","item":"https:\/\/www.cfos-emobility.de\/network\/antworten\/"},{"@type":"ListItem","position":3,"name":"Kein Ladevorgang \/ evtl. falsche Konfiguration?"}]},{"@type":"WebSite","@id":"https:\/\/www.cfos-emobility.de\/network\/#website","url":"https:\/\/www.cfos-emobility.de\/network\/","name":"cFos eMobility Network","description":"Das cFos Power Brain Community Portal","publisher":{"@id":"https:\/\/www.cfos-emobility.de\/network\/#organization"},"potentialAction":[{"@type":"SearchAction","target":{"@type":"EntryPoint","urlTemplate":"https:\/\/www.cfos-emobility.de\/network\/?s={search_term_string}"},"query-input":{"@type":"PropertyValueSpecification","valueRequired":true,"valueName":"search_term_string"}}],"inLanguage":"de"},{"@type":"Organization","@id":"https:\/\/www.cfos-emobility.de\/network\/#organization","name":"cFos eMobility GmbH","url":"https:\/\/www.cfos-emobility.de\/network\/","logo":{"@type":"ImageObject","inLanguage":"de","@id":"https:\/\/www.cfos-emobility.de\/network\/#\/schema\/logo\/image\/","url":"https:\/\/www.cfos-emobility.de\/network\/wp-content\/uploads\/2021\/12\/cfos-emobility-logo.jpg","contentUrl":"https:\/\/www.cfos-emobility.de\/network\/wp-content\/uploads\/2021\/12\/cfos-emobility-logo.jpg","width":221,"height":80,"caption":"cFos eMobility GmbH"},"image":{"@id":"https:\/\/www.cfos-emobility.de\/network\/#\/schema\/logo\/image\/"},"sameAs":["https:\/\/x.com\/cFosEmobility"]}]}},"_links":{"self":[{"href":"https:\/\/www.cfos-emobility.de\/network\/wp-json\/wp\/v2\/cma_thread\/5254","targetHints":{"allow":["GET"]}}],"collection":[{"href":"https:\/\/www.cfos-emobility.de\/network\/wp-json\/wp\/v2\/cma_thread"}],"about":[{"href":"https:\/\/www.cfos-emobility.de\/network\/wp-json\/wp\/v2\/types\/cma_thread"}],"author":[{"embeddable":true,"href":"https:\/\/www.cfos-emobility.de\/network\/wp-json\/wp\/v2\/users\/567"}],"wp:attachment":[{"href":"https:\/\/www.cfos-emobility.de\/network\/wp-json\/wp\/v2\/media?parent=5254"}],"wp:term":[{"taxonomy":"post_tag","embeddable":true,"href":"https:\/\/www.cfos-emobility.de\/network\/wp-json\/wp\/v2\/tags?post=5254"},{"taxonomy":"cma_category","embeddable":true,"href":"https:\/\/www.cfos-emobility.de\/network\/wp-json\/wp\/v2\/cma_category?post=5254"},{"taxonomy":"cma_difficulty_level","embeddable":true,"href":"https:\/\/www.cfos-emobility.de\/network\/wp-json\/wp\/v2\/cma_difficulty_level?post=5254"}],"curies":[{"name":"wp","href":"https:\/\/api.w.org\/{rel}","templated":true}]}}

<p>Hallo zusammen,</p>
<p>gestern habe ich meinen Born abgeholt und wollte heute die Wallbox ausprobieren &#8211; leider ohne Erfolg.</p>
<p>Der Stecker wird ordnungsgemäß verriegelt und ich bekomme die Meldung das ich mich autorisieren muss. Ich halte die Karte dran und es piept &#8211; nach einer Minute schlägt das Laden jedoch fehl und am Auto leuchtet die Lampe rot. In der App steht „Externe Stromzufuhr: nicht verfügbar“ und der fehlerhafte Ladevorgang wird mir ebenfalls in der App bestätigt.</p>
<p>Ich habe in der Wallbox, beim Benutzer sowie bei der RFID eine Laderegel hinterlegt (Standardregel mit Überschuss aber min. X kWh) aber es geht einfach nicht los… Zum Zeitpunkt der gewünschten Ladung hatte ich 82% und habe es dann testweise im Auto erhöht sodass es auch nicht am überschrittenen Ladelimit liegen konnte.</p>
<p>Gibt es irgendwo noch relevante Einstellungen die ich prüfen kann? Ich hab das Gefühl es liegt an irgendeiner Fehlkonfiguration.<br />
Wie muss die Wallbox piepen das ich weiß es lag nicht an einer falschen Autorisierung?<br />
In evcc wurde das Auto erkannt aber auch dort kam ich nicht weiter… Blockiert sich das gegenseitig oder klappte auch evcc nicht weil ich mich autorisieren musste und es nicht geklappt hat?<br />
darf ich überhaupt beides gleichzeitig nutzen oder muss eins abgeklemmt werden? Wenn ja, welche Einstellung muss ich machen?</p>
<p>Ich danke euch schon jetzt für eure Unterstützung!</p>

<p>Hallo zusammen, gestern habe ich meinen Born abgeholt und wollte heute die Wallbox ausprobieren &#8211; leider ohne Erfolg. Der Stecker wird ordnungsgemäß verriegelt und ich bekomme die Meldung das ich mich autorisieren muss. Ich halte die Karte dran und es piept &#8211; nach einer Minute schlägt das Laden jedoch fehl und am Auto leuchtet die [&hellip;]</p>

<!-- This site is optimized with the Yoast SEO plugin v27.5 - https://yoast.com/product/yoast-seo-wordpress/ -->
<title>Kein Ladevorgang / evtl. falsche Konfiguration? - cFos eMobility Network</title>
<meta name="robots" content="index, follow, max-snippet:-1, max-image-preview:large, max-video-preview:-1" />
<link rel="canonical" href="https://www.cfos-emobility.de/network/antworten/kein-ladevorgang-evtl-falsche-konfiguration/" />
<meta property="og:locale" content="de_DE" />
<meta property="og:type" content="article" />
<meta property="og:title" content="Kein Ladevorgang / evtl. falsche Konfiguration? - cFos eMobility Network" />
<meta property="og:description" content="Hallo zusammen, gestern habe ich meinen Born abgeholt und wollte heute die Wallbox ausprobieren &#8211; leider ohne Erfolg. Der Stecker wird ordnungsgemäß verriegelt und ich bekomme die Meldung das ich mich autorisieren muss. Ich halte die Karte dran und es piept &#8211; nach einer Minute schlägt das Laden jedoch fehl und am Auto leuchtet die [&hellip;]" />
<meta property="og:url" content="https://www.cfos-emobility.de/network/antworten/kein-ladevorgang-evtl-falsche-konfiguration/" />
<meta property="og:site_name" content="cFos eMobility Network" />
<meta property="article:modified_time" content="2025-02-21T13:00:57+00:00" />
<meta name="twitter:card" content="summary_large_image" />
<meta name="twitter:site" content="@cFosEmobility" />
<meta name="twitter:label1" content="Geschätzte Lesezeit" />
	<meta name="twitter:data1" content="1 Minute" />
<script type="application/ld+json" class="yoast-schema-graph">{"@context":"https:\/\/schema.org","@graph":[{"@type":"WebPage","@id":"https:\/\/www.cfos-emobility.de\/network\/antworten\/kein-ladevorgang-evtl-falsche-konfiguration\/","url":"https:\/\/www.cfos-emobility.de\/network\/antworten\/kein-ladevorgang-evtl-falsche-konfiguration\/","name":"Kein Ladevorgang \/ evtl. falsche Konfiguration? - cFos eMobility Network","isPartOf":{"@id":"https:\/\/www.cfos-emobility.de\/network\/#website"},"datePublished":"2025-02-20T12:31:52+00:00","dateModified":"2025-02-21T13:00:57+00:00","breadcrumb":{"@id":"https:\/\/www.cfos-emobility.de\/network\/antworten\/kein-ladevorgang-evtl-falsche-konfiguration\/#breadcrumb"},"inLanguage":"de","potentialAction":[{"@type":"ReadAction","target":["https:\/\/www.cfos-emobility.de\/network\/antworten\/kein-ladevorgang-evtl-falsche-konfiguration\/"]}]},{"@type":"BreadcrumbList","@id":"https:\/\/www.cfos-emobility.de\/network\/antworten\/kein-ladevorgang-evtl-falsche-konfiguration\/#breadcrumb","itemListElement":[{"@type":"ListItem","position":1,"name":"Startseite","item":"https:\/\/www.cfos-emobility.de\/network\/"},{"@type":"ListItem","position":2,"name":"Fragen","item":"https:\/\/www.cfos-emobility.de\/network\/antworten\/"},{"@type":"ListItem","position":3,"name":"Kein Ladevorgang \/ evtl. falsche Konfiguration?"}]},{"@type":"WebSite","@id":"https:\/\/www.cfos-emobility.de\/network\/#website","url":"https:\/\/www.cfos-emobility.de\/network\/","name":"cFos eMobility Network","description":"Das cFos Power Brain Community Portal","publisher":{"@id":"https:\/\/www.cfos-emobility.de\/network\/#organization"},"potentialAction":[{"@type":"SearchAction","target":{"@type":"EntryPoint","urlTemplate":"https:\/\/www.cfos-emobility.de\/network\/?s={search_term_string}"},"query-input":{"@type":"PropertyValueSpecification","valueRequired":true,"valueName":"search_term_string"}}],"inLanguage":"de"},{"@type":"Organization","@id":"https:\/\/www.cfos-emobility.de\/network\/#organization","name":"cFos eMobility GmbH","url":"https:\/\/www.cfos-emobility.de\/network\/","logo":{"@type":"ImageObject","inLanguage":"de","@id":"https:\/\/www.cfos-emobility.de\/network\/#\/schema\/logo\/image\/","url":"https:\/\/www.cfos-emobility.de\/network\/wp-content\/uploads\/2021\/12\/cfos-emobility-logo.jpg","contentUrl":"https:\/\/www.cfos-emobility.de\/network\/wp-content\/uploads\/2021\/12\/cfos-emobility-logo.jpg","width":221,"height":80,"caption":"cFos eMobility GmbH"},"image":{"@id":"https:\/\/www.cfos-emobility.de\/network\/#\/schema\/logo\/image\/"},"sameAs":["https:\/\/x.com\/cFosEmobility"]}]}</script>
<!-- / Yoast SEO plugin. -->

Hallo zusammen, gestern habe ich meinen Born abgeholt und wollte heute die Wallbox ausprobieren &#8211; leider ohne Erfolg. Der Stecker wird ordnungsgemäß verriegelt und ich bekomme die Meldung das ich mich autorisieren muss. Ich halte die Karte dran und es piept &#8211; nach einer Minute schlägt das Laden jedoch fehl und am Auto leuchtet die [&hellip;]
