{"id":5217,"date":"2025-02-13T22:04:57","date_gmt":"2025-02-13T21:04:57","guid":{"rendered":"https:\/\/www.cfos-emobility.de\/network\/antworten\/wirkleistungssteuerung-nach-%c2%a714a-per-steuerbox\/"},"modified":"2025-03-15T08:36:02","modified_gmt":"2025-03-15T07:36:02","slug":"wirkleistungssteuerung-nach-%c2%a714a-per-steuerbox","status":"publish","type":"cma_thread","link":"https:\/\/www.cfos-emobility.de\/network\/antworten\/wirkleistungssteuerung-nach-%c2%a714a-per-steuerbox\/","title":{"rendered":"Wirkleistungssteuerung nach \u00a714a per Steuerbox"},"content":{"rendered":"<p>Hallo,<\/p>\n<p>meine WB l\u00e4dt nun schon seit einigen Wochen zuverl\u00e4ssig den PV-\u00dcberschuss ins Auto.<\/p>\n<p>Der VNB fordert die Wirkleistungssteuerung der WB per Steuerbox mit Schaltrelais, welche demn\u00e4chst montiert werden soll. Begrenzt soll auf 4,2 kW werden.<br \/>\nLeider bekomme ich dies nicht umgesetzt und br\u00e4uchte hierbei Unterst\u00fctzung von euch.<br \/>\nIch habe eine Rev. 1.1 im alten grauen Geh\u00e4use.<br \/>\nIch habe die Steuerleitung an 12V und S0-1+ geklemmt und die Kabelbr\u00fccke zwischen GND und S0-1- gesetzt.<br \/>\nMit der Kabelbr\u00fccke ist gar kein laden m\u00f6glich, also habe ich diese wieder entfernt.<br \/>\nFormel habe ich u.a. &#8222;E1.input1 ? 6000 : 0&#8220; in das Feld \u201eMax. Gesamt-Wallboxstrom (mA)\u201c eingetragen \/ probiert.<br \/>\nEntweder bekomme ich die Meldung &#8222;wenig Leistung&#8220; oder es findet ebend einfach keine Ladung statt.<br \/>\nWas mache ich falsch oder was muss ich \u00e4ndern?<\/p>\n<p>freundliche Gr\u00fc\u00dfe<\/p>\n","protected":false},"excerpt":{"rendered":"<p>Hallo, meine WB l\u00e4dt nun schon seit einigen Wochen zuverl\u00e4ssig den PV-\u00dcberschuss ins Auto. Der VNB fordert die Wirkleistungssteuerung der WB per Steuerbox mit Schaltrelais, welche demn\u00e4chst montiert werden soll. Begrenzt soll auf 4,2 kW werden. Leider bekomme ich dies nicht umgesetzt und br\u00e4uchte hierbei Unterst\u00fctzung von euch. Ich habe eine Rev. 1.1 im alten [&hellip;]<\/p>\n","protected":false},"author":604,"featured_media":0,"template":"","tags":[46,47,231],"cma_category":[],"cma_difficulty_level":[],"class_list":["post-5217","cma_thread","type-cma_thread","status-publish","hentry","tag-konfiguration","tag-lastmanagement","tag-wirkleistungssteuerung"],"yoast_head":"<!-- This site is optimized with the Yoast SEO plugin v27.5 - https:\/\/yoast.com\/product\/yoast-seo-wordpress\/ -->\n<title>Wirkleistungssteuerung nach \u00a714a per Steuerbox - cFos eMobility Network<\/title>\n<meta name=\"robots\" content=\"index, follow, max-snippet:-1, max-image-preview:large, max-video-preview:-1\" \/>\n<link rel=\"canonical\" href=\"https:\/\/www.cfos-emobility.de\/network\/antworten\/wirkleistungssteuerung-nach-\u00a714a-per-steuerbox\/\" \/>\n<meta property=\"og:locale\" content=\"de_DE\" \/>\n<meta property=\"og:type\" content=\"article\" \/>\n<meta property=\"og:title\" content=\"Wirkleistungssteuerung nach \u00a714a per Steuerbox - cFos eMobility Network\" \/>\n<meta property=\"og:description\" content=\"Hallo, meine WB l\u00e4dt nun schon seit einigen Wochen zuverl\u00e4ssig den PV-\u00dcberschuss ins Auto. Der VNB fordert die Wirkleistungssteuerung der WB per Steuerbox mit Schaltrelais, welche demn\u00e4chst montiert werden soll. Begrenzt soll auf 4,2 kW werden. Leider bekomme ich dies nicht umgesetzt und br\u00e4uchte hierbei Unterst\u00fctzung von euch. Ich habe eine Rev. 1.1 im alten [&hellip;]\" \/>\n<meta property=\"og:url\" content=\"https:\/\/www.cfos-emobility.de\/network\/antworten\/wirkleistungssteuerung-nach-\u00a714a-per-steuerbox\/\" \/>\n<meta property=\"og:site_name\" content=\"cFos eMobility Network\" \/>\n<meta property=\"article:modified_time\" content=\"2025-03-15T07:36:02+00:00\" \/>\n<meta name=\"twitter:card\" content=\"summary_large_image\" \/>\n<meta name=\"twitter:site\" content=\"@cFosEmobility\" \/>\n<meta name=\"twitter:label1\" content=\"Gesch\u00e4tzte Lesezeit\" \/>\n\t<meta name=\"twitter:data1\" content=\"1\u00a0Minute\" \/>\n<script type=\"application\/ld+json\" class=\"yoast-schema-graph\">{\"@context\":\"https:\\\/\\\/schema.org\",\"@graph\":[{\"@type\":\"WebPage\",\"@id\":\"https:\\\/\\\/www.cfos-emobility.de\\\/network\\\/antworten\\\/wirkleistungssteuerung-nach-%c2%a714a-per-steuerbox\\\/\",\"url\":\"https:\\\/\\\/www.cfos-emobility.de\\\/network\\\/antworten\\\/wirkleistungssteuerung-nach-%c2%a714a-per-steuerbox\\\/\",\"name\":\"Wirkleistungssteuerung nach \u00a714a per Steuerbox - cFos eMobility Network\",\"isPartOf\":{\"@id\":\"https:\\\/\\\/www.cfos-emobility.de\\\/network\\\/#website\"},\"datePublished\":\"2025-02-13T21:04:57+00:00\",\"dateModified\":\"2025-03-15T07:36:02+00:00\",\"breadcrumb\":{\"@id\":\"https:\\\/\\\/www.cfos-emobility.de\\\/network\\\/antworten\\\/wirkleistungssteuerung-nach-%c2%a714a-per-steuerbox\\\/#breadcrumb\"},\"inLanguage\":\"de\",\"potentialAction\":[{\"@type\":\"ReadAction\",\"target\":[\"https:\\\/\\\/www.cfos-emobility.de\\\/network\\\/antworten\\\/wirkleistungssteuerung-nach-%c2%a714a-per-steuerbox\\\/\"]}]},{\"@type\":\"BreadcrumbList\",\"@id\":\"https:\\\/\\\/www.cfos-emobility.de\\\/network\\\/antworten\\\/wirkleistungssteuerung-nach-%c2%a714a-per-steuerbox\\\/#breadcrumb\",\"itemListElement\":[{\"@type\":\"ListItem\",\"position\":1,\"name\":\"Startseite\",\"item\":\"https:\\\/\\\/www.cfos-emobility.de\\\/network\\\/\"},{\"@type\":\"ListItem\",\"position\":2,\"name\":\"Fragen\",\"item\":\"https:\\\/\\\/www.cfos-emobility.de\\\/network\\\/antworten\\\/\"},{\"@type\":\"ListItem\",\"position\":3,\"name\":\"Wirkleistungssteuerung nach \u00a714a per Steuerbox\"}]},{\"@type\":\"WebSite\",\"@id\":\"https:\\\/\\\/www.cfos-emobility.de\\\/network\\\/#website\",\"url\":\"https:\\\/\\\/www.cfos-emobility.de\\\/network\\\/\",\"name\":\"cFos eMobility Network\",\"description\":\"Das cFos Power Brain Community Portal\",\"publisher\":{\"@id\":\"https:\\\/\\\/www.cfos-emobility.de\\\/network\\\/#organization\"},\"potentialAction\":[{\"@type\":\"SearchAction\",\"target\":{\"@type\":\"EntryPoint\",\"urlTemplate\":\"https:\\\/\\\/www.cfos-emobility.de\\\/network\\\/?s={search_term_string}\"},\"query-input\":{\"@type\":\"PropertyValueSpecification\",\"valueRequired\":true,\"valueName\":\"search_term_string\"}}],\"inLanguage\":\"de\"},{\"@type\":\"Organization\",\"@id\":\"https:\\\/\\\/www.cfos-emobility.de\\\/network\\\/#organization\",\"name\":\"cFos eMobility GmbH\",\"url\":\"https:\\\/\\\/www.cfos-emobility.de\\\/network\\\/\",\"logo\":{\"@type\":\"ImageObject\",\"inLanguage\":\"de\",\"@id\":\"https:\\\/\\\/www.cfos-emobility.de\\\/network\\\/#\\\/schema\\\/logo\\\/image\\\/\",\"url\":\"https:\\\/\\\/www.cfos-emobility.de\\\/network\\\/wp-content\\\/uploads\\\/2021\\\/12\\\/cfos-emobility-logo.jpg\",\"contentUrl\":\"https:\\\/\\\/www.cfos-emobility.de\\\/network\\\/wp-content\\\/uploads\\\/2021\\\/12\\\/cfos-emobility-logo.jpg\",\"width\":221,\"height\":80,\"caption\":\"cFos eMobility GmbH\"},\"image\":{\"@id\":\"https:\\\/\\\/www.cfos-emobility.de\\\/network\\\/#\\\/schema\\\/logo\\\/image\\\/\"},\"sameAs\":[\"https:\\\/\\\/x.com\\\/cFosEmobility\"]}]}<\/script>\n<!-- \/ Yoast SEO plugin. -->","yoast_head_json":{"title":"Wirkleistungssteuerung nach \u00a714a per Steuerbox - cFos eMobility Network","robots":{"index":"index","follow":"follow","max-snippet":"max-snippet:-1","max-image-preview":"max-image-preview:large","max-video-preview":"max-video-preview:-1"},"canonical":"https:\/\/www.cfos-emobility.de\/network\/antworten\/wirkleistungssteuerung-nach-\u00a714a-per-steuerbox\/","og_locale":"de_DE","og_type":"article","og_title":"Wirkleistungssteuerung nach \u00a714a per Steuerbox - cFos eMobility Network","og_description":"Hallo, meine WB l\u00e4dt nun schon seit einigen Wochen zuverl\u00e4ssig den PV-\u00dcberschuss ins Auto. Der VNB fordert die Wirkleistungssteuerung der WB per Steuerbox mit Schaltrelais, welche demn\u00e4chst montiert werden soll. Begrenzt soll auf 4,2 kW werden. Leider bekomme ich dies nicht umgesetzt und br\u00e4uchte hierbei Unterst\u00fctzung von euch. Ich habe eine Rev. 1.1 im alten [&hellip;]","og_url":"https:\/\/www.cfos-emobility.de\/network\/antworten\/wirkleistungssteuerung-nach-\u00a714a-per-steuerbox\/","og_site_name":"cFos eMobility Network","article_modified_time":"2025-03-15T07:36:02+00:00","twitter_card":"summary_large_image","twitter_site":"@cFosEmobility","twitter_misc":{"Gesch\u00e4tzte Lesezeit":"1\u00a0Minute"},"schema":{"@context":"https:\/\/schema.org","@graph":[{"@type":"WebPage","@id":"https:\/\/www.cfos-emobility.de\/network\/antworten\/wirkleistungssteuerung-nach-%c2%a714a-per-steuerbox\/","url":"https:\/\/www.cfos-emobility.de\/network\/antworten\/wirkleistungssteuerung-nach-%c2%a714a-per-steuerbox\/","name":"Wirkleistungssteuerung nach \u00a714a per Steuerbox - cFos eMobility Network","isPartOf":{"@id":"https:\/\/www.cfos-emobility.de\/network\/#website"},"datePublished":"2025-02-13T21:04:57+00:00","dateModified":"2025-03-15T07:36:02+00:00","breadcrumb":{"@id":"https:\/\/www.cfos-emobility.de\/network\/antworten\/wirkleistungssteuerung-nach-%c2%a714a-per-steuerbox\/#breadcrumb"},"inLanguage":"de","potentialAction":[{"@type":"ReadAction","target":["https:\/\/www.cfos-emobility.de\/network\/antworten\/wirkleistungssteuerung-nach-%c2%a714a-per-steuerbox\/"]}]},{"@type":"BreadcrumbList","@id":"https:\/\/www.cfos-emobility.de\/network\/antworten\/wirkleistungssteuerung-nach-%c2%a714a-per-steuerbox\/#breadcrumb","itemListElement":[{"@type":"ListItem","position":1,"name":"Startseite","item":"https:\/\/www.cfos-emobility.de\/network\/"},{"@type":"ListItem","position":2,"name":"Fragen","item":"https:\/\/www.cfos-emobility.de\/network\/antworten\/"},{"@type":"ListItem","position":3,"name":"Wirkleistungssteuerung nach \u00a714a per Steuerbox"}]},{"@type":"WebSite","@id":"https:\/\/www.cfos-emobility.de\/network\/#website","url":"https:\/\/www.cfos-emobility.de\/network\/","name":"cFos eMobility Network","description":"Das cFos Power Brain Community Portal","publisher":{"@id":"https:\/\/www.cfos-emobility.de\/network\/#organization"},"potentialAction":[{"@type":"SearchAction","target":{"@type":"EntryPoint","urlTemplate":"https:\/\/www.cfos-emobility.de\/network\/?s={search_term_string}"},"query-input":{"@type":"PropertyValueSpecification","valueRequired":true,"valueName":"search_term_string"}}],"inLanguage":"de"},{"@type":"Organization","@id":"https:\/\/www.cfos-emobility.de\/network\/#organization","name":"cFos eMobility GmbH","url":"https:\/\/www.cfos-emobility.de\/network\/","logo":{"@type":"ImageObject","inLanguage":"de","@id":"https:\/\/www.cfos-emobility.de\/network\/#\/schema\/logo\/image\/","url":"https:\/\/www.cfos-emobility.de\/network\/wp-content\/uploads\/2021\/12\/cfos-emobility-logo.jpg","contentUrl":"https:\/\/www.cfos-emobility.de\/network\/wp-content\/uploads\/2021\/12\/cfos-emobility-logo.jpg","width":221,"height":80,"caption":"cFos eMobility GmbH"},"image":{"@id":"https:\/\/www.cfos-emobility.de\/network\/#\/schema\/logo\/image\/"},"sameAs":["https:\/\/x.com\/cFosEmobility"]}]}},"_links":{"self":[{"href":"https:\/\/www.cfos-emobility.de\/network\/wp-json\/wp\/v2\/cma_thread\/5217","targetHints":{"allow":["GET"]}}],"collection":[{"href":"https:\/\/www.cfos-emobility.de\/network\/wp-json\/wp\/v2\/cma_thread"}],"about":[{"href":"https:\/\/www.cfos-emobility.de\/network\/wp-json\/wp\/v2\/types\/cma_thread"}],"author":[{"embeddable":true,"href":"https:\/\/www.cfos-emobility.de\/network\/wp-json\/wp\/v2\/users\/604"}],"wp:attachment":[{"href":"https:\/\/www.cfos-emobility.de\/network\/wp-json\/wp\/v2\/media?parent=5217"}],"wp:term":[{"taxonomy":"post_tag","embeddable":true,"href":"https:\/\/www.cfos-emobility.de\/network\/wp-json\/wp\/v2\/tags?post=5217"},{"taxonomy":"cma_category","embeddable":true,"href":"https:\/\/www.cfos-emobility.de\/network\/wp-json\/wp\/v2\/cma_category?post=5217"},{"taxonomy":"cma_difficulty_level","embeddable":true,"href":"https:\/\/www.cfos-emobility.de\/network\/wp-json\/wp\/v2\/cma_difficulty_level?post=5217"}],"curies":[{"name":"wp","href":"https:\/\/api.w.org\/{rel}","templated":true}]}}

<p>Hallo,</p>
<p>meine WB lädt nun schon seit einigen Wochen zuverlässig den PV-Überschuss ins Auto.</p>
<p>Der VNB fordert die Wirkleistungssteuerung der WB per Steuerbox mit Schaltrelais, welche demnächst montiert werden soll. Begrenzt soll auf 4,2 kW werden.<br />
Leider bekomme ich dies nicht umgesetzt und bräuchte hierbei Unterstützung von euch.<br />
Ich habe eine Rev. 1.1 im alten grauen Gehäuse.<br />
Ich habe die Steuerleitung an 12V und S0-1+ geklemmt und die Kabelbrücke zwischen GND und S0-1- gesetzt.<br />
Mit der Kabelbrücke ist gar kein laden möglich, also habe ich diese wieder entfernt.<br />
Formel habe ich u.a. &#8222;E1.input1 ? 6000 : 0&#8220; in das Feld „Max. Gesamt-Wallboxstrom (mA)“ eingetragen / probiert.<br />
Entweder bekomme ich die Meldung &#8222;wenig Leistung&#8220; oder es findet ebend einfach keine Ladung statt.<br />
Was mache ich falsch oder was muss ich ändern?</p>
<p>freundliche Grüße</p>

<p>Hallo, meine WB lädt nun schon seit einigen Wochen zuverlässig den PV-Überschuss ins Auto. Der VNB fordert die Wirkleistungssteuerung der WB per Steuerbox mit Schaltrelais, welche demnächst montiert werden soll. Begrenzt soll auf 4,2 kW werden. Leider bekomme ich dies nicht umgesetzt und bräuchte hierbei Unterstützung von euch. Ich habe eine Rev. 1.1 im alten [&hellip;]</p>

<!-- This site is optimized with the Yoast SEO plugin v27.5 - https://yoast.com/product/yoast-seo-wordpress/ -->
<title>Wirkleistungssteuerung nach §14a per Steuerbox - cFos eMobility Network</title>
<meta name="robots" content="index, follow, max-snippet:-1, max-image-preview:large, max-video-preview:-1" />
<link rel="canonical" href="https://www.cfos-emobility.de/network/antworten/wirkleistungssteuerung-nach-§14a-per-steuerbox/" />
<meta property="og:locale" content="de_DE" />
<meta property="og:type" content="article" />
<meta property="og:title" content="Wirkleistungssteuerung nach §14a per Steuerbox - cFos eMobility Network" />
<meta property="og:description" content="Hallo, meine WB lädt nun schon seit einigen Wochen zuverlässig den PV-Überschuss ins Auto. Der VNB fordert die Wirkleistungssteuerung der WB per Steuerbox mit Schaltrelais, welche demnächst montiert werden soll. Begrenzt soll auf 4,2 kW werden. Leider bekomme ich dies nicht umgesetzt und bräuchte hierbei Unterstützung von euch. Ich habe eine Rev. 1.1 im alten [&hellip;]" />
<meta property="og:url" content="https://www.cfos-emobility.de/network/antworten/wirkleistungssteuerung-nach-§14a-per-steuerbox/" />
<meta property="og:site_name" content="cFos eMobility Network" />
<meta property="article:modified_time" content="2025-03-15T07:36:02+00:00" />
<meta name="twitter:card" content="summary_large_image" />
<meta name="twitter:site" content="@cFosEmobility" />
<meta name="twitter:label1" content="Geschätzte Lesezeit" />
	<meta name="twitter:data1" content="1 Minute" />
<script type="application/ld+json" class="yoast-schema-graph">{"@context":"https:\/\/schema.org","@graph":[{"@type":"WebPage","@id":"https:\/\/www.cfos-emobility.de\/network\/antworten\/wirkleistungssteuerung-nach-%c2%a714a-per-steuerbox\/","url":"https:\/\/www.cfos-emobility.de\/network\/antworten\/wirkleistungssteuerung-nach-%c2%a714a-per-steuerbox\/","name":"Wirkleistungssteuerung nach §14a per Steuerbox - cFos eMobility Network","isPartOf":{"@id":"https:\/\/www.cfos-emobility.de\/network\/#website"},"datePublished":"2025-02-13T21:04:57+00:00","dateModified":"2025-03-15T07:36:02+00:00","breadcrumb":{"@id":"https:\/\/www.cfos-emobility.de\/network\/antworten\/wirkleistungssteuerung-nach-%c2%a714a-per-steuerbox\/#breadcrumb"},"inLanguage":"de","potentialAction":[{"@type":"ReadAction","target":["https:\/\/www.cfos-emobility.de\/network\/antworten\/wirkleistungssteuerung-nach-%c2%a714a-per-steuerbox\/"]}]},{"@type":"BreadcrumbList","@id":"https:\/\/www.cfos-emobility.de\/network\/antworten\/wirkleistungssteuerung-nach-%c2%a714a-per-steuerbox\/#breadcrumb","itemListElement":[{"@type":"ListItem","position":1,"name":"Startseite","item":"https:\/\/www.cfos-emobility.de\/network\/"},{"@type":"ListItem","position":2,"name":"Fragen","item":"https:\/\/www.cfos-emobility.de\/network\/antworten\/"},{"@type":"ListItem","position":3,"name":"Wirkleistungssteuerung nach §14a per Steuerbox"}]},{"@type":"WebSite","@id":"https:\/\/www.cfos-emobility.de\/network\/#website","url":"https:\/\/www.cfos-emobility.de\/network\/","name":"cFos eMobility Network","description":"Das cFos Power Brain Community Portal","publisher":{"@id":"https:\/\/www.cfos-emobility.de\/network\/#organization"},"potentialAction":[{"@type":"SearchAction","target":{"@type":"EntryPoint","urlTemplate":"https:\/\/www.cfos-emobility.de\/network\/?s={search_term_string}"},"query-input":{"@type":"PropertyValueSpecification","valueRequired":true,"valueName":"search_term_string"}}],"inLanguage":"de"},{"@type":"Organization","@id":"https:\/\/www.cfos-emobility.de\/network\/#organization","name":"cFos eMobility GmbH","url":"https:\/\/www.cfos-emobility.de\/network\/","logo":{"@type":"ImageObject","inLanguage":"de","@id":"https:\/\/www.cfos-emobility.de\/network\/#\/schema\/logo\/image\/","url":"https:\/\/www.cfos-emobility.de\/network\/wp-content\/uploads\/2021\/12\/cfos-emobility-logo.jpg","contentUrl":"https:\/\/www.cfos-emobility.de\/network\/wp-content\/uploads\/2021\/12\/cfos-emobility-logo.jpg","width":221,"height":80,"caption":"cFos eMobility GmbH"},"image":{"@id":"https:\/\/www.cfos-emobility.de\/network\/#\/schema\/logo\/image\/"},"sameAs":["https:\/\/x.com\/cFosEmobility"]}]}</script>
<!-- / Yoast SEO plugin. -->

Hallo, meine WB lädt nun schon seit einigen Wochen zuverlässig den PV-Überschuss ins Auto. Der VNB fordert die Wirkleistungssteuerung der WB per Steuerbox mit Schaltrelais, welche demnächst montiert werden soll. Begrenzt soll auf 4,2 kW werden. Leider bekomme ich dies nicht umgesetzt und bräuchte hierbei Unterstützung von euch. Ich habe eine Rev. 1.1 im alten [&hellip;]
