{"id":5137,"date":"2025-02-04T20:19:29","date_gmt":"2025-02-04T19:19:29","guid":{"rendered":"https:\/\/www.cfos-emobility.de\/network\/antworten\/verstaendnisproblem-automatische-phasenumschaltung-bei-solarueberschuss\/"},"modified":"2026-01-12T10:58:33","modified_gmt":"2026-01-12T09:58:33","slug":"verstaendnisproblem-automatische-phasenumschaltung-bei-solarueberschuss","status":"publish","type":"cma_thread","link":"https:\/\/www.cfos-emobility.de\/network\/antworten\/verstaendnisproblem-automatische-phasenumschaltung-bei-solarueberschuss\/","title":{"rendered":"Verst\u00e4ndnisproblem automatische Phasenumschaltung bei Solar\u00fcberschuss"},"content":{"rendered":"<p>Hallo,<\/p>\n<p>ich verwende die u.g. Laderegeln. Es soll Solar\u00fcberschuss geladen werden und in der Nacht mit maximaler Leistung eine vorher festgelegter SOC erreicht werden.<\/p>\n<p>Die automatische Phasenumschaltung ist aktiviert und schaltet bei Solar\u00fcberschuss auf 1-phasig, weil bei dem aktuellen Sonnenstand maximal 3 kW \u00dcberschuss zur Verf\u00fcgung stehen.<\/p>\n<p>So weit funktioniert alles.<\/p>\n<p>Allerdings wird beim Laden in der Nacht weiter nur einphasig geladen. Wenn ich mit der gelben &#8222;\u00dcberschreiben&#8220;-Kachel manuell auf 3-phasig umschalte, dann geht es, aber diese Einstellung m\u00fcsste ich ja nach jedem Einstecken erneut vornehmen.<\/p>\n<p>Was muss ich genau einstellen, damit standardm\u00e4\u00dfig 3-phasig geladen wird nur bei Solar\u00fcberschuss automatisch umgeschaltet wird?<\/p>\n","protected":false},"excerpt":{"rendered":"<p>Hallo, ich verwende die u.g. Laderegeln. Es soll Solar\u00fcberschuss geladen werden und in der Nacht mit maximaler Leistung eine vorher festgelegter SOC erreicht werden. Die automatische Phasenumschaltung ist aktiviert und schaltet bei Solar\u00fcberschuss auf 1-phasig, weil bei dem aktuellen Sonnenstand maximal 3 kW \u00dcberschuss zur Verf\u00fcgung stehen. So weit funktioniert alles. Allerdings wird beim Laden [&hellip;]<\/p>\n","protected":false},"author":591,"featured_media":0,"template":"","tags":[],"cma_category":[],"cma_difficulty_level":[],"class_list":["post-5137","cma_thread","type-cma_thread","status-publish","hentry"],"yoast_head":"<!-- This site is optimized with the Yoast SEO plugin v27.5 - https:\/\/yoast.com\/product\/yoast-seo-wordpress\/ -->\n<title>Verst\u00e4ndnisproblem automatische Phasenumschaltung bei Solar\u00fcberschuss - cFos eMobility Network<\/title>\n<meta name=\"robots\" content=\"index, follow, max-snippet:-1, max-image-preview:large, max-video-preview:-1\" \/>\n<link rel=\"canonical\" href=\"https:\/\/www.cfos-emobility.de\/network\/antworten\/verstaendnisproblem-automatische-phasenumschaltung-bei-solarueberschuss\/\" \/>\n<meta property=\"og:locale\" content=\"de_DE\" \/>\n<meta property=\"og:type\" content=\"article\" \/>\n<meta property=\"og:title\" content=\"Verst\u00e4ndnisproblem automatische Phasenumschaltung bei Solar\u00fcberschuss - cFos eMobility Network\" \/>\n<meta property=\"og:description\" content=\"Hallo, ich verwende die u.g. Laderegeln. Es soll Solar\u00fcberschuss geladen werden und in der Nacht mit maximaler Leistung eine vorher festgelegter SOC erreicht werden. Die automatische Phasenumschaltung ist aktiviert und schaltet bei Solar\u00fcberschuss auf 1-phasig, weil bei dem aktuellen Sonnenstand maximal 3 kW \u00dcberschuss zur Verf\u00fcgung stehen. So weit funktioniert alles. Allerdings wird beim Laden [&hellip;]\" \/>\n<meta property=\"og:url\" content=\"https:\/\/www.cfos-emobility.de\/network\/antworten\/verstaendnisproblem-automatische-phasenumschaltung-bei-solarueberschuss\/\" \/>\n<meta property=\"og:site_name\" content=\"cFos eMobility Network\" \/>\n<meta property=\"article:modified_time\" content=\"2026-01-12T09:58:33+00:00\" \/>\n<meta name=\"twitter:card\" content=\"summary_large_image\" \/>\n<meta name=\"twitter:site\" content=\"@cFosEmobility\" \/>\n<meta name=\"twitter:label1\" content=\"Gesch\u00e4tzte Lesezeit\" \/>\n\t<meta name=\"twitter:data1\" content=\"1\u00a0Minute\" \/>\n<script type=\"application\/ld+json\" class=\"yoast-schema-graph\">{\"@context\":\"https:\\\/\\\/schema.org\",\"@graph\":[{\"@type\":\"WebPage\",\"@id\":\"https:\\\/\\\/www.cfos-emobility.de\\\/network\\\/antworten\\\/verstaendnisproblem-automatische-phasenumschaltung-bei-solarueberschuss\\\/\",\"url\":\"https:\\\/\\\/www.cfos-emobility.de\\\/network\\\/antworten\\\/verstaendnisproblem-automatische-phasenumschaltung-bei-solarueberschuss\\\/\",\"name\":\"Verst\u00e4ndnisproblem automatische Phasenumschaltung bei Solar\u00fcberschuss - cFos eMobility Network\",\"isPartOf\":{\"@id\":\"https:\\\/\\\/www.cfos-emobility.de\\\/network\\\/#website\"},\"datePublished\":\"2025-02-04T19:19:29+00:00\",\"dateModified\":\"2026-01-12T09:58:33+00:00\",\"breadcrumb\":{\"@id\":\"https:\\\/\\\/www.cfos-emobility.de\\\/network\\\/antworten\\\/verstaendnisproblem-automatische-phasenumschaltung-bei-solarueberschuss\\\/#breadcrumb\"},\"inLanguage\":\"de\",\"potentialAction\":[{\"@type\":\"ReadAction\",\"target\":[\"https:\\\/\\\/www.cfos-emobility.de\\\/network\\\/antworten\\\/verstaendnisproblem-automatische-phasenumschaltung-bei-solarueberschuss\\\/\"]}]},{\"@type\":\"BreadcrumbList\",\"@id\":\"https:\\\/\\\/www.cfos-emobility.de\\\/network\\\/antworten\\\/verstaendnisproblem-automatische-phasenumschaltung-bei-solarueberschuss\\\/#breadcrumb\",\"itemListElement\":[{\"@type\":\"ListItem\",\"position\":1,\"name\":\"Startseite\",\"item\":\"https:\\\/\\\/www.cfos-emobility.de\\\/network\\\/\"},{\"@type\":\"ListItem\",\"position\":2,\"name\":\"Fragen\",\"item\":\"https:\\\/\\\/www.cfos-emobility.de\\\/network\\\/antworten\\\/\"},{\"@type\":\"ListItem\",\"position\":3,\"name\":\"Verst\u00e4ndnisproblem automatische Phasenumschaltung bei Solar\u00fcberschuss\"}]},{\"@type\":\"WebSite\",\"@id\":\"https:\\\/\\\/www.cfos-emobility.de\\\/network\\\/#website\",\"url\":\"https:\\\/\\\/www.cfos-emobility.de\\\/network\\\/\",\"name\":\"cFos eMobility Network\",\"description\":\"Das cFos Power Brain Community Portal\",\"publisher\":{\"@id\":\"https:\\\/\\\/www.cfos-emobility.de\\\/network\\\/#organization\"},\"potentialAction\":[{\"@type\":\"SearchAction\",\"target\":{\"@type\":\"EntryPoint\",\"urlTemplate\":\"https:\\\/\\\/www.cfos-emobility.de\\\/network\\\/?s={search_term_string}\"},\"query-input\":{\"@type\":\"PropertyValueSpecification\",\"valueRequired\":true,\"valueName\":\"search_term_string\"}}],\"inLanguage\":\"de\"},{\"@type\":\"Organization\",\"@id\":\"https:\\\/\\\/www.cfos-emobility.de\\\/network\\\/#organization\",\"name\":\"cFos eMobility GmbH\",\"url\":\"https:\\\/\\\/www.cfos-emobility.de\\\/network\\\/\",\"logo\":{\"@type\":\"ImageObject\",\"inLanguage\":\"de\",\"@id\":\"https:\\\/\\\/www.cfos-emobility.de\\\/network\\\/#\\\/schema\\\/logo\\\/image\\\/\",\"url\":\"https:\\\/\\\/www.cfos-emobility.de\\\/network\\\/wp-content\\\/uploads\\\/2021\\\/12\\\/cfos-emobility-logo.jpg\",\"contentUrl\":\"https:\\\/\\\/www.cfos-emobility.de\\\/network\\\/wp-content\\\/uploads\\\/2021\\\/12\\\/cfos-emobility-logo.jpg\",\"width\":221,\"height\":80,\"caption\":\"cFos eMobility GmbH\"},\"image\":{\"@id\":\"https:\\\/\\\/www.cfos-emobility.de\\\/network\\\/#\\\/schema\\\/logo\\\/image\\\/\"},\"sameAs\":[\"https:\\\/\\\/x.com\\\/cFosEmobility\"]}]}<\/script>\n<!-- \/ Yoast SEO plugin. -->","yoast_head_json":{"title":"Verst\u00e4ndnisproblem automatische Phasenumschaltung bei Solar\u00fcberschuss - cFos eMobility Network","robots":{"index":"index","follow":"follow","max-snippet":"max-snippet:-1","max-image-preview":"max-image-preview:large","max-video-preview":"max-video-preview:-1"},"canonical":"https:\/\/www.cfos-emobility.de\/network\/antworten\/verstaendnisproblem-automatische-phasenumschaltung-bei-solarueberschuss\/","og_locale":"de_DE","og_type":"article","og_title":"Verst\u00e4ndnisproblem automatische Phasenumschaltung bei Solar\u00fcberschuss - cFos eMobility Network","og_description":"Hallo, ich verwende die u.g. Laderegeln. Es soll Solar\u00fcberschuss geladen werden und in der Nacht mit maximaler Leistung eine vorher festgelegter SOC erreicht werden. Die automatische Phasenumschaltung ist aktiviert und schaltet bei Solar\u00fcberschuss auf 1-phasig, weil bei dem aktuellen Sonnenstand maximal 3 kW \u00dcberschuss zur Verf\u00fcgung stehen. So weit funktioniert alles. Allerdings wird beim Laden [&hellip;]","og_url":"https:\/\/www.cfos-emobility.de\/network\/antworten\/verstaendnisproblem-automatische-phasenumschaltung-bei-solarueberschuss\/","og_site_name":"cFos eMobility Network","article_modified_time":"2026-01-12T09:58:33+00:00","twitter_card":"summary_large_image","twitter_site":"@cFosEmobility","twitter_misc":{"Gesch\u00e4tzte Lesezeit":"1\u00a0Minute"},"schema":{"@context":"https:\/\/schema.org","@graph":[{"@type":"WebPage","@id":"https:\/\/www.cfos-emobility.de\/network\/antworten\/verstaendnisproblem-automatische-phasenumschaltung-bei-solarueberschuss\/","url":"https:\/\/www.cfos-emobility.de\/network\/antworten\/verstaendnisproblem-automatische-phasenumschaltung-bei-solarueberschuss\/","name":"Verst\u00e4ndnisproblem automatische Phasenumschaltung bei Solar\u00fcberschuss - cFos eMobility Network","isPartOf":{"@id":"https:\/\/www.cfos-emobility.de\/network\/#website"},"datePublished":"2025-02-04T19:19:29+00:00","dateModified":"2026-01-12T09:58:33+00:00","breadcrumb":{"@id":"https:\/\/www.cfos-emobility.de\/network\/antworten\/verstaendnisproblem-automatische-phasenumschaltung-bei-solarueberschuss\/#breadcrumb"},"inLanguage":"de","potentialAction":[{"@type":"ReadAction","target":["https:\/\/www.cfos-emobility.de\/network\/antworten\/verstaendnisproblem-automatische-phasenumschaltung-bei-solarueberschuss\/"]}]},{"@type":"BreadcrumbList","@id":"https:\/\/www.cfos-emobility.de\/network\/antworten\/verstaendnisproblem-automatische-phasenumschaltung-bei-solarueberschuss\/#breadcrumb","itemListElement":[{"@type":"ListItem","position":1,"name":"Startseite","item":"https:\/\/www.cfos-emobility.de\/network\/"},{"@type":"ListItem","position":2,"name":"Fragen","item":"https:\/\/www.cfos-emobility.de\/network\/antworten\/"},{"@type":"ListItem","position":3,"name":"Verst\u00e4ndnisproblem automatische Phasenumschaltung bei Solar\u00fcberschuss"}]},{"@type":"WebSite","@id":"https:\/\/www.cfos-emobility.de\/network\/#website","url":"https:\/\/www.cfos-emobility.de\/network\/","name":"cFos eMobility Network","description":"Das cFos Power Brain Community Portal","publisher":{"@id":"https:\/\/www.cfos-emobility.de\/network\/#organization"},"potentialAction":[{"@type":"SearchAction","target":{"@type":"EntryPoint","urlTemplate":"https:\/\/www.cfos-emobility.de\/network\/?s={search_term_string}"},"query-input":{"@type":"PropertyValueSpecification","valueRequired":true,"valueName":"search_term_string"}}],"inLanguage":"de"},{"@type":"Organization","@id":"https:\/\/www.cfos-emobility.de\/network\/#organization","name":"cFos eMobility GmbH","url":"https:\/\/www.cfos-emobility.de\/network\/","logo":{"@type":"ImageObject","inLanguage":"de","@id":"https:\/\/www.cfos-emobility.de\/network\/#\/schema\/logo\/image\/","url":"https:\/\/www.cfos-emobility.de\/network\/wp-content\/uploads\/2021\/12\/cfos-emobility-logo.jpg","contentUrl":"https:\/\/www.cfos-emobility.de\/network\/wp-content\/uploads\/2021\/12\/cfos-emobility-logo.jpg","width":221,"height":80,"caption":"cFos eMobility GmbH"},"image":{"@id":"https:\/\/www.cfos-emobility.de\/network\/#\/schema\/logo\/image\/"},"sameAs":["https:\/\/x.com\/cFosEmobility"]}]}},"_links":{"self":[{"href":"https:\/\/www.cfos-emobility.de\/network\/wp-json\/wp\/v2\/cma_thread\/5137","targetHints":{"allow":["GET"]}}],"collection":[{"href":"https:\/\/www.cfos-emobility.de\/network\/wp-json\/wp\/v2\/cma_thread"}],"about":[{"href":"https:\/\/www.cfos-emobility.de\/network\/wp-json\/wp\/v2\/types\/cma_thread"}],"author":[{"embeddable":true,"href":"https:\/\/www.cfos-emobility.de\/network\/wp-json\/wp\/v2\/users\/591"}],"wp:attachment":[{"href":"https:\/\/www.cfos-emobility.de\/network\/wp-json\/wp\/v2\/media?parent=5137"}],"wp:term":[{"taxonomy":"post_tag","embeddable":true,"href":"https:\/\/www.cfos-emobility.de\/network\/wp-json\/wp\/v2\/tags?post=5137"},{"taxonomy":"cma_category","embeddable":true,"href":"https:\/\/www.cfos-emobility.de\/network\/wp-json\/wp\/v2\/cma_category?post=5137"},{"taxonomy":"cma_difficulty_level","embeddable":true,"href":"https:\/\/www.cfos-emobility.de\/network\/wp-json\/wp\/v2\/cma_difficulty_level?post=5137"}],"curies":[{"name":"wp","href":"https:\/\/api.w.org\/{rel}","templated":true}]}}

Verständnisproblem automatische Phasenumschaltung bei Solarüberschuss

<p>Hallo,</p>
<p>ich verwende die u.g. Laderegeln. Es soll Solarüberschuss geladen werden und in der Nacht mit maximaler Leistung eine vorher festgelegter SOC erreicht werden.</p>
<p>Die automatische Phasenumschaltung ist aktiviert und schaltet bei Solarüberschuss auf 1-phasig, weil bei dem aktuellen Sonnenstand maximal 3 kW Überschuss zur Verfügung stehen.</p>
<p>So weit funktioniert alles.</p>
<p>Allerdings wird beim Laden in der Nacht weiter nur einphasig geladen. Wenn ich mit der gelben &#8222;Überschreiben&#8220;-Kachel manuell auf 3-phasig umschalte, dann geht es, aber diese Einstellung müsste ich ja nach jedem Einstecken erneut vornehmen.</p>
<p>Was muss ich genau einstellen, damit standardmäßig 3-phasig geladen wird nur bei Solarüberschuss automatisch umgeschaltet wird?</p>

<p>Hallo, ich verwende die u.g. Laderegeln. Es soll Solarüberschuss geladen werden und in der Nacht mit maximaler Leistung eine vorher festgelegter SOC erreicht werden. Die automatische Phasenumschaltung ist aktiviert und schaltet bei Solarüberschuss auf 1-phasig, weil bei dem aktuellen Sonnenstand maximal 3 kW Überschuss zur Verfügung stehen. So weit funktioniert alles. Allerdings wird beim Laden [&hellip;]</p>

<!-- This site is optimized with the Yoast SEO plugin v27.5 - https://yoast.com/product/yoast-seo-wordpress/ -->
<title>Verständnisproblem automatische Phasenumschaltung bei Solarüberschuss - cFos eMobility Network</title>
<meta name="robots" content="index, follow, max-snippet:-1, max-image-preview:large, max-video-preview:-1" />
<link rel="canonical" href="https://www.cfos-emobility.de/network/antworten/verstaendnisproblem-automatische-phasenumschaltung-bei-solarueberschuss/" />
<meta property="og:locale" content="de_DE" />
<meta property="og:type" content="article" />
<meta property="og:title" content="Verständnisproblem automatische Phasenumschaltung bei Solarüberschuss - cFos eMobility Network" />
<meta property="og:description" content="Hallo, ich verwende die u.g. Laderegeln. Es soll Solarüberschuss geladen werden und in der Nacht mit maximaler Leistung eine vorher festgelegter SOC erreicht werden. Die automatische Phasenumschaltung ist aktiviert und schaltet bei Solarüberschuss auf 1-phasig, weil bei dem aktuellen Sonnenstand maximal 3 kW Überschuss zur Verfügung stehen. So weit funktioniert alles. Allerdings wird beim Laden [&hellip;]" />
<meta property="og:url" content="https://www.cfos-emobility.de/network/antworten/verstaendnisproblem-automatische-phasenumschaltung-bei-solarueberschuss/" />
<meta property="og:site_name" content="cFos eMobility Network" />
<meta property="article:modified_time" content="2026-01-12T09:58:33+00:00" />
<meta name="twitter:card" content="summary_large_image" />
<meta name="twitter:site" content="@cFosEmobility" />
<meta name="twitter:label1" content="Geschätzte Lesezeit" />
	<meta name="twitter:data1" content="1 Minute" />
<script type="application/ld+json" class="yoast-schema-graph">{"@context":"https:\/\/schema.org","@graph":[{"@type":"WebPage","@id":"https:\/\/www.cfos-emobility.de\/network\/antworten\/verstaendnisproblem-automatische-phasenumschaltung-bei-solarueberschuss\/","url":"https:\/\/www.cfos-emobility.de\/network\/antworten\/verstaendnisproblem-automatische-phasenumschaltung-bei-solarueberschuss\/","name":"Verständnisproblem automatische Phasenumschaltung bei Solarüberschuss - cFos eMobility Network","isPartOf":{"@id":"https:\/\/www.cfos-emobility.de\/network\/#website"},"datePublished":"2025-02-04T19:19:29+00:00","dateModified":"2026-01-12T09:58:33+00:00","breadcrumb":{"@id":"https:\/\/www.cfos-emobility.de\/network\/antworten\/verstaendnisproblem-automatische-phasenumschaltung-bei-solarueberschuss\/#breadcrumb"},"inLanguage":"de","potentialAction":[{"@type":"ReadAction","target":["https:\/\/www.cfos-emobility.de\/network\/antworten\/verstaendnisproblem-automatische-phasenumschaltung-bei-solarueberschuss\/"]}]},{"@type":"BreadcrumbList","@id":"https:\/\/www.cfos-emobility.de\/network\/antworten\/verstaendnisproblem-automatische-phasenumschaltung-bei-solarueberschuss\/#breadcrumb","itemListElement":[{"@type":"ListItem","position":1,"name":"Startseite","item":"https:\/\/www.cfos-emobility.de\/network\/"},{"@type":"ListItem","position":2,"name":"Fragen","item":"https:\/\/www.cfos-emobility.de\/network\/antworten\/"},{"@type":"ListItem","position":3,"name":"Verständnisproblem automatische Phasenumschaltung bei Solarüberschuss"}]},{"@type":"WebSite","@id":"https:\/\/www.cfos-emobility.de\/network\/#website","url":"https:\/\/www.cfos-emobility.de\/network\/","name":"cFos eMobility Network","description":"Das cFos Power Brain Community Portal","publisher":{"@id":"https:\/\/www.cfos-emobility.de\/network\/#organization"},"potentialAction":[{"@type":"SearchAction","target":{"@type":"EntryPoint","urlTemplate":"https:\/\/www.cfos-emobility.de\/network\/?s={search_term_string}"},"query-input":{"@type":"PropertyValueSpecification","valueRequired":true,"valueName":"search_term_string"}}],"inLanguage":"de"},{"@type":"Organization","@id":"https:\/\/www.cfos-emobility.de\/network\/#organization","name":"cFos eMobility GmbH","url":"https:\/\/www.cfos-emobility.de\/network\/","logo":{"@type":"ImageObject","inLanguage":"de","@id":"https:\/\/www.cfos-emobility.de\/network\/#\/schema\/logo\/image\/","url":"https:\/\/www.cfos-emobility.de\/network\/wp-content\/uploads\/2021\/12\/cfos-emobility-logo.jpg","contentUrl":"https:\/\/www.cfos-emobility.de\/network\/wp-content\/uploads\/2021\/12\/cfos-emobility-logo.jpg","width":221,"height":80,"caption":"cFos eMobility GmbH"},"image":{"@id":"https:\/\/www.cfos-emobility.de\/network\/#\/schema\/logo\/image\/"},"sameAs":["https:\/\/x.com\/cFosEmobility"]}]}</script>
<!-- / Yoast SEO plugin. -->

Verständnisproblem automatische Phasenumschaltung bei Solarüberschuss - cFos eMobility Network

Hallo, ich verwende die u.g. Laderegeln. Es soll Solarüberschuss geladen werden und in der Nacht mit maximaler Leistung eine vorher festgelegter SOC erreicht werden. Die automatische Phasenumschaltung ist aktiviert und schaltet bei Solarüberschuss auf 1-phasig, weil bei dem aktuellen Sonnenstand maximal 3 kW Überschuss zur Verfügung stehen. So weit funktioniert alles. Allerdings wird beim Laden [&hellip;]
