{"id":5135,"date":"2025-02-04T18:07:54","date_gmt":"2025-02-04T17:07:54","guid":{"rendered":"https:\/\/www.cfos-emobility.de\/network\/antworten\/frage-zu-laderegeln\/"},"modified":"2025-02-04T20:37:58","modified_gmt":"2025-02-04T19:37:58","slug":"frage-zu-laderegeln","status":"publish","type":"cma_thread","link":"https:\/\/www.cfos-emobility.de\/network\/antworten\/frage-zu-laderegeln\/","title":{"rendered":"Frage zu Laderegeln"},"content":{"rendered":"<p>Ich bin jetzt wieder auf ver. 2.4.9 und habe einen Satz von Laderegeln wie im Anhang.<\/p>\n<p>Nachdem die Sonne sich f\u00fcr heute verabschiedet hatte, wollte ich die Autobatterie noch auf 40% weiterladen. Die Wallbox hat aber bei 40% nicht aufgeh\u00f6rt zu laden. Ich vermute, da\u00df ich irgendwas bei den Laderegeln und ihren Abh\u00e4ngigkeiten noch nicht richtig verinnerlicht habe.<\/p>\n<p>R1 und R2 sollen immer abgetestet werden, danach w\u00e4hle ich je nach Absicht eine der Regeln 9-11 \u00fcber die &#8222;Gehe zu&#8220; Funktion aus. Aktuell hatte ich nach R2 R11 ausgew\u00e4hlt. Bei 40% Ladezustand sollte R11 nicht mehr angesprungen werden.<\/p>\n<p>Warum l\u00e4dt die Wallbox trotzdem weiter? Was passiert, wenn R2 nicht erf\u00fcllt wird? Ich meine, auch wenn dann noch R9 und R10 abgearbeitet werden, dann haben diese das H\u00e4kchen \u201eBeenden\u201c gesetzt.<\/p>\n<p>Was muss ich tun, um den Ladevorgang gem. R2 beim vorgegebenen F\u00fcllstand zu beenden?<\/p>\n<p>&nbsp;<\/p>\n<p>&nbsp;<\/p>\n<p>&nbsp;<\/p>\n","protected":false},"excerpt":{"rendered":"<p>Ich bin jetzt wieder auf ver. 2.4.9 und habe einen Satz von Laderegeln wie im Anhang. Nachdem die Sonne sich f\u00fcr heute verabschiedet hatte, wollte ich die Autobatterie noch auf 40% weiterladen. Die Wallbox hat aber bei 40% nicht aufgeh\u00f6rt zu laden. Ich vermute, da\u00df ich irgendwas bei den Laderegeln und ihren Abh\u00e4ngigkeiten noch nicht [&hellip;]<\/p>\n","protected":false},"author":393,"featured_media":0,"template":"","tags":[171],"cma_category":[],"cma_difficulty_level":[],"class_list":["post-5135","cma_thread","type-cma_thread","status-publish","hentry","tag-laderegeln"],"yoast_head":"<!-- This site is optimized with the Yoast SEO plugin v27.5 - https:\/\/yoast.com\/product\/yoast-seo-wordpress\/ -->\n<title>Frage zu Laderegeln - cFos eMobility Network<\/title>\n<meta name=\"robots\" content=\"index, follow, max-snippet:-1, max-image-preview:large, max-video-preview:-1\" \/>\n<link rel=\"canonical\" href=\"https:\/\/www.cfos-emobility.de\/network\/antworten\/frage-zu-laderegeln\/\" \/>\n<meta property=\"og:locale\" content=\"de_DE\" \/>\n<meta property=\"og:type\" content=\"article\" \/>\n<meta property=\"og:title\" content=\"Frage zu Laderegeln - cFos eMobility Network\" \/>\n<meta property=\"og:description\" content=\"Ich bin jetzt wieder auf ver. 2.4.9 und habe einen Satz von Laderegeln wie im Anhang. Nachdem die Sonne sich f\u00fcr heute verabschiedet hatte, wollte ich die Autobatterie noch auf 40% weiterladen. Die Wallbox hat aber bei 40% nicht aufgeh\u00f6rt zu laden. Ich vermute, da\u00df ich irgendwas bei den Laderegeln und ihren Abh\u00e4ngigkeiten noch nicht [&hellip;]\" \/>\n<meta property=\"og:url\" content=\"https:\/\/www.cfos-emobility.de\/network\/antworten\/frage-zu-laderegeln\/\" \/>\n<meta property=\"og:site_name\" content=\"cFos eMobility Network\" \/>\n<meta property=\"article:modified_time\" content=\"2025-02-04T19:37:58+00:00\" \/>\n<meta name=\"twitter:card\" content=\"summary_large_image\" \/>\n<meta name=\"twitter:site\" content=\"@cFosEmobility\" \/>\n<meta name=\"twitter:label1\" content=\"Gesch\u00e4tzte Lesezeit\" \/>\n\t<meta name=\"twitter:data1\" content=\"1\u00a0Minute\" \/>\n<script type=\"application\/ld+json\" class=\"yoast-schema-graph\">{\"@context\":\"https:\\\/\\\/schema.org\",\"@graph\":[{\"@type\":\"WebPage\",\"@id\":\"https:\\\/\\\/www.cfos-emobility.de\\\/network\\\/antworten\\\/frage-zu-laderegeln\\\/\",\"url\":\"https:\\\/\\\/www.cfos-emobility.de\\\/network\\\/antworten\\\/frage-zu-laderegeln\\\/\",\"name\":\"Frage zu Laderegeln - cFos eMobility Network\",\"isPartOf\":{\"@id\":\"https:\\\/\\\/www.cfos-emobility.de\\\/network\\\/#website\"},\"datePublished\":\"2025-02-04T17:07:54+00:00\",\"dateModified\":\"2025-02-04T19:37:58+00:00\",\"breadcrumb\":{\"@id\":\"https:\\\/\\\/www.cfos-emobility.de\\\/network\\\/antworten\\\/frage-zu-laderegeln\\\/#breadcrumb\"},\"inLanguage\":\"de\",\"potentialAction\":[{\"@type\":\"ReadAction\",\"target\":[\"https:\\\/\\\/www.cfos-emobility.de\\\/network\\\/antworten\\\/frage-zu-laderegeln\\\/\"]}]},{\"@type\":\"BreadcrumbList\",\"@id\":\"https:\\\/\\\/www.cfos-emobility.de\\\/network\\\/antworten\\\/frage-zu-laderegeln\\\/#breadcrumb\",\"itemListElement\":[{\"@type\":\"ListItem\",\"position\":1,\"name\":\"Startseite\",\"item\":\"https:\\\/\\\/www.cfos-emobility.de\\\/network\\\/\"},{\"@type\":\"ListItem\",\"position\":2,\"name\":\"Fragen\",\"item\":\"https:\\\/\\\/www.cfos-emobility.de\\\/network\\\/antworten\\\/\"},{\"@type\":\"ListItem\",\"position\":3,\"name\":\"Frage zu Laderegeln\"}]},{\"@type\":\"WebSite\",\"@id\":\"https:\\\/\\\/www.cfos-emobility.de\\\/network\\\/#website\",\"url\":\"https:\\\/\\\/www.cfos-emobility.de\\\/network\\\/\",\"name\":\"cFos eMobility Network\",\"description\":\"Das cFos Power Brain Community Portal\",\"publisher\":{\"@id\":\"https:\\\/\\\/www.cfos-emobility.de\\\/network\\\/#organization\"},\"potentialAction\":[{\"@type\":\"SearchAction\",\"target\":{\"@type\":\"EntryPoint\",\"urlTemplate\":\"https:\\\/\\\/www.cfos-emobility.de\\\/network\\\/?s={search_term_string}\"},\"query-input\":{\"@type\":\"PropertyValueSpecification\",\"valueRequired\":true,\"valueName\":\"search_term_string\"}}],\"inLanguage\":\"de\"},{\"@type\":\"Organization\",\"@id\":\"https:\\\/\\\/www.cfos-emobility.de\\\/network\\\/#organization\",\"name\":\"cFos eMobility GmbH\",\"url\":\"https:\\\/\\\/www.cfos-emobility.de\\\/network\\\/\",\"logo\":{\"@type\":\"ImageObject\",\"inLanguage\":\"de\",\"@id\":\"https:\\\/\\\/www.cfos-emobility.de\\\/network\\\/#\\\/schema\\\/logo\\\/image\\\/\",\"url\":\"https:\\\/\\\/www.cfos-emobility.de\\\/network\\\/wp-content\\\/uploads\\\/2021\\\/12\\\/cfos-emobility-logo.jpg\",\"contentUrl\":\"https:\\\/\\\/www.cfos-emobility.de\\\/network\\\/wp-content\\\/uploads\\\/2021\\\/12\\\/cfos-emobility-logo.jpg\",\"width\":221,\"height\":80,\"caption\":\"cFos eMobility GmbH\"},\"image\":{\"@id\":\"https:\\\/\\\/www.cfos-emobility.de\\\/network\\\/#\\\/schema\\\/logo\\\/image\\\/\"},\"sameAs\":[\"https:\\\/\\\/x.com\\\/cFosEmobility\"]}]}<\/script>\n<!-- \/ Yoast SEO plugin. -->","yoast_head_json":{"title":"Frage zu Laderegeln - cFos eMobility Network","robots":{"index":"index","follow":"follow","max-snippet":"max-snippet:-1","max-image-preview":"max-image-preview:large","max-video-preview":"max-video-preview:-1"},"canonical":"https:\/\/www.cfos-emobility.de\/network\/antworten\/frage-zu-laderegeln\/","og_locale":"de_DE","og_type":"article","og_title":"Frage zu Laderegeln - cFos eMobility Network","og_description":"Ich bin jetzt wieder auf ver. 2.4.9 und habe einen Satz von Laderegeln wie im Anhang. Nachdem die Sonne sich f\u00fcr heute verabschiedet hatte, wollte ich die Autobatterie noch auf 40% weiterladen. Die Wallbox hat aber bei 40% nicht aufgeh\u00f6rt zu laden. Ich vermute, da\u00df ich irgendwas bei den Laderegeln und ihren Abh\u00e4ngigkeiten noch nicht [&hellip;]","og_url":"https:\/\/www.cfos-emobility.de\/network\/antworten\/frage-zu-laderegeln\/","og_site_name":"cFos eMobility Network","article_modified_time":"2025-02-04T19:37:58+00:00","twitter_card":"summary_large_image","twitter_site":"@cFosEmobility","twitter_misc":{"Gesch\u00e4tzte Lesezeit":"1\u00a0Minute"},"schema":{"@context":"https:\/\/schema.org","@graph":[{"@type":"WebPage","@id":"https:\/\/www.cfos-emobility.de\/network\/antworten\/frage-zu-laderegeln\/","url":"https:\/\/www.cfos-emobility.de\/network\/antworten\/frage-zu-laderegeln\/","name":"Frage zu Laderegeln - cFos eMobility Network","isPartOf":{"@id":"https:\/\/www.cfos-emobility.de\/network\/#website"},"datePublished":"2025-02-04T17:07:54+00:00","dateModified":"2025-02-04T19:37:58+00:00","breadcrumb":{"@id":"https:\/\/www.cfos-emobility.de\/network\/antworten\/frage-zu-laderegeln\/#breadcrumb"},"inLanguage":"de","potentialAction":[{"@type":"ReadAction","target":["https:\/\/www.cfos-emobility.de\/network\/antworten\/frage-zu-laderegeln\/"]}]},{"@type":"BreadcrumbList","@id":"https:\/\/www.cfos-emobility.de\/network\/antworten\/frage-zu-laderegeln\/#breadcrumb","itemListElement":[{"@type":"ListItem","position":1,"name":"Startseite","item":"https:\/\/www.cfos-emobility.de\/network\/"},{"@type":"ListItem","position":2,"name":"Fragen","item":"https:\/\/www.cfos-emobility.de\/network\/antworten\/"},{"@type":"ListItem","position":3,"name":"Frage zu Laderegeln"}]},{"@type":"WebSite","@id":"https:\/\/www.cfos-emobility.de\/network\/#website","url":"https:\/\/www.cfos-emobility.de\/network\/","name":"cFos eMobility Network","description":"Das cFos Power Brain Community Portal","publisher":{"@id":"https:\/\/www.cfos-emobility.de\/network\/#organization"},"potentialAction":[{"@type":"SearchAction","target":{"@type":"EntryPoint","urlTemplate":"https:\/\/www.cfos-emobility.de\/network\/?s={search_term_string}"},"query-input":{"@type":"PropertyValueSpecification","valueRequired":true,"valueName":"search_term_string"}}],"inLanguage":"de"},{"@type":"Organization","@id":"https:\/\/www.cfos-emobility.de\/network\/#organization","name":"cFos eMobility GmbH","url":"https:\/\/www.cfos-emobility.de\/network\/","logo":{"@type":"ImageObject","inLanguage":"de","@id":"https:\/\/www.cfos-emobility.de\/network\/#\/schema\/logo\/image\/","url":"https:\/\/www.cfos-emobility.de\/network\/wp-content\/uploads\/2021\/12\/cfos-emobility-logo.jpg","contentUrl":"https:\/\/www.cfos-emobility.de\/network\/wp-content\/uploads\/2021\/12\/cfos-emobility-logo.jpg","width":221,"height":80,"caption":"cFos eMobility GmbH"},"image":{"@id":"https:\/\/www.cfos-emobility.de\/network\/#\/schema\/logo\/image\/"},"sameAs":["https:\/\/x.com\/cFosEmobility"]}]}},"_links":{"self":[{"href":"https:\/\/www.cfos-emobility.de\/network\/wp-json\/wp\/v2\/cma_thread\/5135","targetHints":{"allow":["GET"]}}],"collection":[{"href":"https:\/\/www.cfos-emobility.de\/network\/wp-json\/wp\/v2\/cma_thread"}],"about":[{"href":"https:\/\/www.cfos-emobility.de\/network\/wp-json\/wp\/v2\/types\/cma_thread"}],"author":[{"embeddable":true,"href":"https:\/\/www.cfos-emobility.de\/network\/wp-json\/wp\/v2\/users\/393"}],"wp:attachment":[{"href":"https:\/\/www.cfos-emobility.de\/network\/wp-json\/wp\/v2\/media?parent=5135"}],"wp:term":[{"taxonomy":"post_tag","embeddable":true,"href":"https:\/\/www.cfos-emobility.de\/network\/wp-json\/wp\/v2\/tags?post=5135"},{"taxonomy":"cma_category","embeddable":true,"href":"https:\/\/www.cfos-emobility.de\/network\/wp-json\/wp\/v2\/cma_category?post=5135"},{"taxonomy":"cma_difficulty_level","embeddable":true,"href":"https:\/\/www.cfos-emobility.de\/network\/wp-json\/wp\/v2\/cma_difficulty_level?post=5135"}],"curies":[{"name":"wp","href":"https:\/\/api.w.org\/{rel}","templated":true}]}}

<p>Ich bin jetzt wieder auf ver. 2.4.9 und habe einen Satz von Laderegeln wie im Anhang.</p>
<p>Nachdem die Sonne sich für heute verabschiedet hatte, wollte ich die Autobatterie noch auf 40% weiterladen. Die Wallbox hat aber bei 40% nicht aufgehört zu laden. Ich vermute, daß ich irgendwas bei den Laderegeln und ihren Abhängigkeiten noch nicht richtig verinnerlicht habe.</p>
<p>R1 und R2 sollen immer abgetestet werden, danach wähle ich je nach Absicht eine der Regeln 9-11 über die &#8222;Gehe zu&#8220; Funktion aus. Aktuell hatte ich nach R2 R11 ausgewählt. Bei 40% Ladezustand sollte R11 nicht mehr angesprungen werden.</p>
<p>Warum lädt die Wallbox trotzdem weiter? Was passiert, wenn R2 nicht erfüllt wird? Ich meine, auch wenn dann noch R9 und R10 abgearbeitet werden, dann haben diese das Häkchen „Beenden“ gesetzt.</p>
<p>Was muss ich tun, um den Ladevorgang gem. R2 beim vorgegebenen Füllstand zu beenden?</p>
<p>&nbsp;</p>
<p>&nbsp;</p>
<p>&nbsp;</p>

<p>Ich bin jetzt wieder auf ver. 2.4.9 und habe einen Satz von Laderegeln wie im Anhang. Nachdem die Sonne sich für heute verabschiedet hatte, wollte ich die Autobatterie noch auf 40% weiterladen. Die Wallbox hat aber bei 40% nicht aufgehört zu laden. Ich vermute, daß ich irgendwas bei den Laderegeln und ihren Abhängigkeiten noch nicht [&hellip;]</p>

<!-- This site is optimized with the Yoast SEO plugin v27.5 - https://yoast.com/product/yoast-seo-wordpress/ -->
<title>Frage zu Laderegeln - cFos eMobility Network</title>
<meta name="robots" content="index, follow, max-snippet:-1, max-image-preview:large, max-video-preview:-1" />
<link rel="canonical" href="https://www.cfos-emobility.de/network/antworten/frage-zu-laderegeln/" />
<meta property="og:locale" content="de_DE" />
<meta property="og:type" content="article" />
<meta property="og:title" content="Frage zu Laderegeln - cFos eMobility Network" />
<meta property="og:description" content="Ich bin jetzt wieder auf ver. 2.4.9 und habe einen Satz von Laderegeln wie im Anhang. Nachdem die Sonne sich für heute verabschiedet hatte, wollte ich die Autobatterie noch auf 40% weiterladen. Die Wallbox hat aber bei 40% nicht aufgehört zu laden. Ich vermute, daß ich irgendwas bei den Laderegeln und ihren Abhängigkeiten noch nicht [&hellip;]" />
<meta property="og:url" content="https://www.cfos-emobility.de/network/antworten/frage-zu-laderegeln/" />
<meta property="og:site_name" content="cFos eMobility Network" />
<meta property="article:modified_time" content="2025-02-04T19:37:58+00:00" />
<meta name="twitter:card" content="summary_large_image" />
<meta name="twitter:site" content="@cFosEmobility" />
<meta name="twitter:label1" content="Geschätzte Lesezeit" />
	<meta name="twitter:data1" content="1 Minute" />
<script type="application/ld+json" class="yoast-schema-graph">{"@context":"https:\/\/schema.org","@graph":[{"@type":"WebPage","@id":"https:\/\/www.cfos-emobility.de\/network\/antworten\/frage-zu-laderegeln\/","url":"https:\/\/www.cfos-emobility.de\/network\/antworten\/frage-zu-laderegeln\/","name":"Frage zu Laderegeln - cFos eMobility Network","isPartOf":{"@id":"https:\/\/www.cfos-emobility.de\/network\/#website"},"datePublished":"2025-02-04T17:07:54+00:00","dateModified":"2025-02-04T19:37:58+00:00","breadcrumb":{"@id":"https:\/\/www.cfos-emobility.de\/network\/antworten\/frage-zu-laderegeln\/#breadcrumb"},"inLanguage":"de","potentialAction":[{"@type":"ReadAction","target":["https:\/\/www.cfos-emobility.de\/network\/antworten\/frage-zu-laderegeln\/"]}]},{"@type":"BreadcrumbList","@id":"https:\/\/www.cfos-emobility.de\/network\/antworten\/frage-zu-laderegeln\/#breadcrumb","itemListElement":[{"@type":"ListItem","position":1,"name":"Startseite","item":"https:\/\/www.cfos-emobility.de\/network\/"},{"@type":"ListItem","position":2,"name":"Fragen","item":"https:\/\/www.cfos-emobility.de\/network\/antworten\/"},{"@type":"ListItem","position":3,"name":"Frage zu Laderegeln"}]},{"@type":"WebSite","@id":"https:\/\/www.cfos-emobility.de\/network\/#website","url":"https:\/\/www.cfos-emobility.de\/network\/","name":"cFos eMobility Network","description":"Das cFos Power Brain Community Portal","publisher":{"@id":"https:\/\/www.cfos-emobility.de\/network\/#organization"},"potentialAction":[{"@type":"SearchAction","target":{"@type":"EntryPoint","urlTemplate":"https:\/\/www.cfos-emobility.de\/network\/?s={search_term_string}"},"query-input":{"@type":"PropertyValueSpecification","valueRequired":true,"valueName":"search_term_string"}}],"inLanguage":"de"},{"@type":"Organization","@id":"https:\/\/www.cfos-emobility.de\/network\/#organization","name":"cFos eMobility GmbH","url":"https:\/\/www.cfos-emobility.de\/network\/","logo":{"@type":"ImageObject","inLanguage":"de","@id":"https:\/\/www.cfos-emobility.de\/network\/#\/schema\/logo\/image\/","url":"https:\/\/www.cfos-emobility.de\/network\/wp-content\/uploads\/2021\/12\/cfos-emobility-logo.jpg","contentUrl":"https:\/\/www.cfos-emobility.de\/network\/wp-content\/uploads\/2021\/12\/cfos-emobility-logo.jpg","width":221,"height":80,"caption":"cFos eMobility GmbH"},"image":{"@id":"https:\/\/www.cfos-emobility.de\/network\/#\/schema\/logo\/image\/"},"sameAs":["https:\/\/x.com\/cFosEmobility"]}]}</script>
<!-- / Yoast SEO plugin. -->

Ich bin jetzt wieder auf ver. 2.4.9 und habe einen Satz von Laderegeln wie im Anhang. Nachdem die Sonne sich für heute verabschiedet hatte, wollte ich die Autobatterie noch auf 40% weiterladen. Die Wallbox hat aber bei 40% nicht aufgehört zu laden. Ich vermute, daß ich irgendwas bei den Laderegeln und ihren Abhängigkeiten noch nicht [&hellip;]
