{"id":5125,"date":"2025-02-04T16:41:11","date_gmt":"2025-02-04T15:41:11","guid":{"rendered":"https:\/\/www.cfos-emobility.de\/network\/antworten\/fragen-zu-zaehlung-der-ladevorgaengetransaktionen\/"},"modified":"2025-02-07T14:33:02","modified_gmt":"2025-02-07T13:33:02","slug":"fragen-zu-zaehlung-der-ladevorgaengetransaktionen","status":"publish","type":"cma_thread","link":"https:\/\/www.cfos-emobility.de\/network\/antworten\/fragen-zu-zaehlung-der-ladevorgaengetransaktionen\/","title":{"rendered":"Fragen zu Z\u00e4hlung der Ladevorg\u00e4nge\/Transaktionen"},"content":{"rendered":"<p>Hallo zusammen,<\/p>\n<p>ich hab eine Frage zur Z\u00e4hlung der Ladevorg\u00e4nge bzw. Transaktionen. Zun\u00e4chst geh mich mal naiverweise davon aus, dass ein Ladevorgang und eine Transaktion das Gleiche \ud83d\ude42<\/p>\n<p>In der Regel lade ich per Laderegel den PV-\u00dcberschuss. Die cfos Wallbox kann ebenfalls zw. 1- und 3-phasigem Laden umschalten.<\/p>\n<p>Gestern (sonniger Tag bei uns) habe ich z. B. kurz vor Mittag mein Auto angesteckt und bis zum sp\u00e4ten Nachmittag angesteckt gelassen. In der Zwischenzeit wurde das Auto <strong>nicht<\/strong> vom Ladekabel getrennt.<\/p>\n<p>Ich meine irgendwo mal gelesen zu haben, dass solange das Auto an der Wallbox angesteckt ist, es sich um eine Transaktion handelt.<br \/>\nIm Gegensatz dazu habe ich aber <strong>70<\/strong> Ladevorg\u00e4nge in den Logfiles allein f\u00fcr diesen einen Tag bzw. eine Transaktion.<\/p>\n<p>Wie ihr am angeh\u00e4ngten Lade-Logfile sehen k\u00f6nnt, wurde beim Gro\u00dfteil der geloggten Ladevorg\u00e4nge gar nicht geladen und dar\u00fcber hinaus dauerten diese meist nur 1 Sekunde.<\/p>\n<p>An was k\u00f6nnte das liegen? Meiner Meinung nach kann das doch nicht das gew\u00fcnschte Verhalten sein.<\/p>\n<p>Besten Dank schon mal f\u00fcr eure Hilfe!<\/p>\n<p>VG<br \/>\nChristian<\/p>\n","protected":false},"excerpt":{"rendered":"<p>Hallo zusammen, ich hab eine Frage zur Z\u00e4hlung der Ladevorg\u00e4nge bzw. Transaktionen. Zun\u00e4chst geh mich mal naiverweise davon aus, dass ein Ladevorgang und eine Transaktion das Gleiche \ud83d\ude42 In der Regel lade ich per Laderegel den PV-\u00dcberschuss. Die cfos Wallbox kann ebenfalls zw. 1- und 3-phasigem Laden umschalten. Gestern (sonniger Tag bei uns) habe ich [&hellip;]<\/p>\n","protected":false},"author":100,"featured_media":0,"template":"","tags":[75,411],"cma_category":[],"cma_difficulty_level":[],"class_list":["post-5125","cma_thread","type-cma_thread","status-publish","hentry","tag-ladevorgang","tag-transaktion"],"yoast_head":"<!-- This site is optimized with the Yoast SEO plugin v27.5 - https:\/\/yoast.com\/product\/yoast-seo-wordpress\/ -->\n<title>Fragen zu Z\u00e4hlung der Ladevorg\u00e4nge\/Transaktionen - cFos eMobility Network<\/title>\n<meta name=\"robots\" content=\"index, follow, max-snippet:-1, max-image-preview:large, max-video-preview:-1\" \/>\n<link rel=\"canonical\" href=\"https:\/\/www.cfos-emobility.de\/network\/antworten\/fragen-zu-zaehlung-der-ladevorgaengetransaktionen\/\" \/>\n<meta property=\"og:locale\" content=\"de_DE\" \/>\n<meta property=\"og:type\" content=\"article\" \/>\n<meta property=\"og:title\" content=\"Fragen zu Z\u00e4hlung der Ladevorg\u00e4nge\/Transaktionen - cFos eMobility Network\" \/>\n<meta property=\"og:description\" content=\"Hallo zusammen, ich hab eine Frage zur Z\u00e4hlung der Ladevorg\u00e4nge bzw. Transaktionen. Zun\u00e4chst geh mich mal naiverweise davon aus, dass ein Ladevorgang und eine Transaktion das Gleiche \ud83d\ude42 In der Regel lade ich per Laderegel den PV-\u00dcberschuss. Die cfos Wallbox kann ebenfalls zw. 1- und 3-phasigem Laden umschalten. Gestern (sonniger Tag bei uns) habe ich [&hellip;]\" \/>\n<meta property=\"og:url\" content=\"https:\/\/www.cfos-emobility.de\/network\/antworten\/fragen-zu-zaehlung-der-ladevorgaengetransaktionen\/\" \/>\n<meta property=\"og:site_name\" content=\"cFos eMobility Network\" \/>\n<meta property=\"article:modified_time\" content=\"2025-02-07T13:33:02+00:00\" \/>\n<meta name=\"twitter:card\" content=\"summary_large_image\" \/>\n<meta name=\"twitter:site\" content=\"@cFosEmobility\" \/>\n<meta name=\"twitter:label1\" content=\"Gesch\u00e4tzte Lesezeit\" \/>\n\t<meta name=\"twitter:data1\" content=\"1\u00a0Minute\" \/>\n<script type=\"application\/ld+json\" class=\"yoast-schema-graph\">{\"@context\":\"https:\\\/\\\/schema.org\",\"@graph\":[{\"@type\":\"WebPage\",\"@id\":\"https:\\\/\\\/www.cfos-emobility.de\\\/network\\\/antworten\\\/fragen-zu-zaehlung-der-ladevorgaengetransaktionen\\\/\",\"url\":\"https:\\\/\\\/www.cfos-emobility.de\\\/network\\\/antworten\\\/fragen-zu-zaehlung-der-ladevorgaengetransaktionen\\\/\",\"name\":\"Fragen zu Z\u00e4hlung der Ladevorg\u00e4nge\\\/Transaktionen - cFos eMobility Network\",\"isPartOf\":{\"@id\":\"https:\\\/\\\/www.cfos-emobility.de\\\/network\\\/#website\"},\"datePublished\":\"2025-02-04T15:41:11+00:00\",\"dateModified\":\"2025-02-07T13:33:02+00:00\",\"breadcrumb\":{\"@id\":\"https:\\\/\\\/www.cfos-emobility.de\\\/network\\\/antworten\\\/fragen-zu-zaehlung-der-ladevorgaengetransaktionen\\\/#breadcrumb\"},\"inLanguage\":\"de\",\"potentialAction\":[{\"@type\":\"ReadAction\",\"target\":[\"https:\\\/\\\/www.cfos-emobility.de\\\/network\\\/antworten\\\/fragen-zu-zaehlung-der-ladevorgaengetransaktionen\\\/\"]}]},{\"@type\":\"BreadcrumbList\",\"@id\":\"https:\\\/\\\/www.cfos-emobility.de\\\/network\\\/antworten\\\/fragen-zu-zaehlung-der-ladevorgaengetransaktionen\\\/#breadcrumb\",\"itemListElement\":[{\"@type\":\"ListItem\",\"position\":1,\"name\":\"Startseite\",\"item\":\"https:\\\/\\\/www.cfos-emobility.de\\\/network\\\/\"},{\"@type\":\"ListItem\",\"position\":2,\"name\":\"Fragen\",\"item\":\"https:\\\/\\\/www.cfos-emobility.de\\\/network\\\/antworten\\\/\"},{\"@type\":\"ListItem\",\"position\":3,\"name\":\"Fragen zu Z\u00e4hlung der Ladevorg\u00e4nge\\\/Transaktionen\"}]},{\"@type\":\"WebSite\",\"@id\":\"https:\\\/\\\/www.cfos-emobility.de\\\/network\\\/#website\",\"url\":\"https:\\\/\\\/www.cfos-emobility.de\\\/network\\\/\",\"name\":\"cFos eMobility Network\",\"description\":\"Das cFos Power Brain Community Portal\",\"publisher\":{\"@id\":\"https:\\\/\\\/www.cfos-emobility.de\\\/network\\\/#organization\"},\"potentialAction\":[{\"@type\":\"SearchAction\",\"target\":{\"@type\":\"EntryPoint\",\"urlTemplate\":\"https:\\\/\\\/www.cfos-emobility.de\\\/network\\\/?s={search_term_string}\"},\"query-input\":{\"@type\":\"PropertyValueSpecification\",\"valueRequired\":true,\"valueName\":\"search_term_string\"}}],\"inLanguage\":\"de\"},{\"@type\":\"Organization\",\"@id\":\"https:\\\/\\\/www.cfos-emobility.de\\\/network\\\/#organization\",\"name\":\"cFos eMobility GmbH\",\"url\":\"https:\\\/\\\/www.cfos-emobility.de\\\/network\\\/\",\"logo\":{\"@type\":\"ImageObject\",\"inLanguage\":\"de\",\"@id\":\"https:\\\/\\\/www.cfos-emobility.de\\\/network\\\/#\\\/schema\\\/logo\\\/image\\\/\",\"url\":\"https:\\\/\\\/www.cfos-emobility.de\\\/network\\\/wp-content\\\/uploads\\\/2021\\\/12\\\/cfos-emobility-logo.jpg\",\"contentUrl\":\"https:\\\/\\\/www.cfos-emobility.de\\\/network\\\/wp-content\\\/uploads\\\/2021\\\/12\\\/cfos-emobility-logo.jpg\",\"width\":221,\"height\":80,\"caption\":\"cFos eMobility GmbH\"},\"image\":{\"@id\":\"https:\\\/\\\/www.cfos-emobility.de\\\/network\\\/#\\\/schema\\\/logo\\\/image\\\/\"},\"sameAs\":[\"https:\\\/\\\/x.com\\\/cFosEmobility\"]}]}<\/script>\n<!-- \/ Yoast SEO plugin. -->","yoast_head_json":{"title":"Fragen zu Z\u00e4hlung der Ladevorg\u00e4nge\/Transaktionen - cFos eMobility Network","robots":{"index":"index","follow":"follow","max-snippet":"max-snippet:-1","max-image-preview":"max-image-preview:large","max-video-preview":"max-video-preview:-1"},"canonical":"https:\/\/www.cfos-emobility.de\/network\/antworten\/fragen-zu-zaehlung-der-ladevorgaengetransaktionen\/","og_locale":"de_DE","og_type":"article","og_title":"Fragen zu Z\u00e4hlung der Ladevorg\u00e4nge\/Transaktionen - cFos eMobility Network","og_description":"Hallo zusammen, ich hab eine Frage zur Z\u00e4hlung der Ladevorg\u00e4nge bzw. Transaktionen. Zun\u00e4chst geh mich mal naiverweise davon aus, dass ein Ladevorgang und eine Transaktion das Gleiche \ud83d\ude42 In der Regel lade ich per Laderegel den PV-\u00dcberschuss. Die cfos Wallbox kann ebenfalls zw. 1- und 3-phasigem Laden umschalten. Gestern (sonniger Tag bei uns) habe ich [&hellip;]","og_url":"https:\/\/www.cfos-emobility.de\/network\/antworten\/fragen-zu-zaehlung-der-ladevorgaengetransaktionen\/","og_site_name":"cFos eMobility Network","article_modified_time":"2025-02-07T13:33:02+00:00","twitter_card":"summary_large_image","twitter_site":"@cFosEmobility","twitter_misc":{"Gesch\u00e4tzte Lesezeit":"1\u00a0Minute"},"schema":{"@context":"https:\/\/schema.org","@graph":[{"@type":"WebPage","@id":"https:\/\/www.cfos-emobility.de\/network\/antworten\/fragen-zu-zaehlung-der-ladevorgaengetransaktionen\/","url":"https:\/\/www.cfos-emobility.de\/network\/antworten\/fragen-zu-zaehlung-der-ladevorgaengetransaktionen\/","name":"Fragen zu Z\u00e4hlung der Ladevorg\u00e4nge\/Transaktionen - cFos eMobility Network","isPartOf":{"@id":"https:\/\/www.cfos-emobility.de\/network\/#website"},"datePublished":"2025-02-04T15:41:11+00:00","dateModified":"2025-02-07T13:33:02+00:00","breadcrumb":{"@id":"https:\/\/www.cfos-emobility.de\/network\/antworten\/fragen-zu-zaehlung-der-ladevorgaengetransaktionen\/#breadcrumb"},"inLanguage":"de","potentialAction":[{"@type":"ReadAction","target":["https:\/\/www.cfos-emobility.de\/network\/antworten\/fragen-zu-zaehlung-der-ladevorgaengetransaktionen\/"]}]},{"@type":"BreadcrumbList","@id":"https:\/\/www.cfos-emobility.de\/network\/antworten\/fragen-zu-zaehlung-der-ladevorgaengetransaktionen\/#breadcrumb","itemListElement":[{"@type":"ListItem","position":1,"name":"Startseite","item":"https:\/\/www.cfos-emobility.de\/network\/"},{"@type":"ListItem","position":2,"name":"Fragen","item":"https:\/\/www.cfos-emobility.de\/network\/antworten\/"},{"@type":"ListItem","position":3,"name":"Fragen zu Z\u00e4hlung der Ladevorg\u00e4nge\/Transaktionen"}]},{"@type":"WebSite","@id":"https:\/\/www.cfos-emobility.de\/network\/#website","url":"https:\/\/www.cfos-emobility.de\/network\/","name":"cFos eMobility Network","description":"Das cFos Power Brain Community Portal","publisher":{"@id":"https:\/\/www.cfos-emobility.de\/network\/#organization"},"potentialAction":[{"@type":"SearchAction","target":{"@type":"EntryPoint","urlTemplate":"https:\/\/www.cfos-emobility.de\/network\/?s={search_term_string}"},"query-input":{"@type":"PropertyValueSpecification","valueRequired":true,"valueName":"search_term_string"}}],"inLanguage":"de"},{"@type":"Organization","@id":"https:\/\/www.cfos-emobility.de\/network\/#organization","name":"cFos eMobility GmbH","url":"https:\/\/www.cfos-emobility.de\/network\/","logo":{"@type":"ImageObject","inLanguage":"de","@id":"https:\/\/www.cfos-emobility.de\/network\/#\/schema\/logo\/image\/","url":"https:\/\/www.cfos-emobility.de\/network\/wp-content\/uploads\/2021\/12\/cfos-emobility-logo.jpg","contentUrl":"https:\/\/www.cfos-emobility.de\/network\/wp-content\/uploads\/2021\/12\/cfos-emobility-logo.jpg","width":221,"height":80,"caption":"cFos eMobility GmbH"},"image":{"@id":"https:\/\/www.cfos-emobility.de\/network\/#\/schema\/logo\/image\/"},"sameAs":["https:\/\/x.com\/cFosEmobility"]}]}},"_links":{"self":[{"href":"https:\/\/www.cfos-emobility.de\/network\/wp-json\/wp\/v2\/cma_thread\/5125","targetHints":{"allow":["GET"]}}],"collection":[{"href":"https:\/\/www.cfos-emobility.de\/network\/wp-json\/wp\/v2\/cma_thread"}],"about":[{"href":"https:\/\/www.cfos-emobility.de\/network\/wp-json\/wp\/v2\/types\/cma_thread"}],"author":[{"embeddable":true,"href":"https:\/\/www.cfos-emobility.de\/network\/wp-json\/wp\/v2\/users\/100"}],"wp:attachment":[{"href":"https:\/\/www.cfos-emobility.de\/network\/wp-json\/wp\/v2\/media?parent=5125"}],"wp:term":[{"taxonomy":"post_tag","embeddable":true,"href":"https:\/\/www.cfos-emobility.de\/network\/wp-json\/wp\/v2\/tags?post=5125"},{"taxonomy":"cma_category","embeddable":true,"href":"https:\/\/www.cfos-emobility.de\/network\/wp-json\/wp\/v2\/cma_category?post=5125"},{"taxonomy":"cma_difficulty_level","embeddable":true,"href":"https:\/\/www.cfos-emobility.de\/network\/wp-json\/wp\/v2\/cma_difficulty_level?post=5125"}],"curies":[{"name":"wp","href":"https:\/\/api.w.org\/{rel}","templated":true}]}}

Fragen zu Zählung der Ladevorgänge/Transaktionen

<p>Hallo zusammen,</p>
<p>ich hab eine Frage zur Zählung der Ladevorgänge bzw. Transaktionen. Zunächst geh mich mal naiverweise davon aus, dass ein Ladevorgang und eine Transaktion das Gleiche 🙂</p>
<p>In der Regel lade ich per Laderegel den PV-Überschuss. Die cfos Wallbox kann ebenfalls zw. 1- und 3-phasigem Laden umschalten.</p>
<p>Gestern (sonniger Tag bei uns) habe ich z. B. kurz vor Mittag mein Auto angesteckt und bis zum späten Nachmittag angesteckt gelassen. In der Zwischenzeit wurde das Auto <strong>nicht</strong> vom Ladekabel getrennt.</p>
<p>Ich meine irgendwo mal gelesen zu haben, dass solange das Auto an der Wallbox angesteckt ist, es sich um eine Transaktion handelt.<br />
Im Gegensatz dazu habe ich aber <strong>70</strong> Ladevorgänge in den Logfiles allein für diesen einen Tag bzw. eine Transaktion.</p>
<p>Wie ihr am angehängten Lade-Logfile sehen könnt, wurde beim Großteil der geloggten Ladevorgänge gar nicht geladen und darüber hinaus dauerten diese meist nur 1 Sekunde.</p>
<p>An was könnte das liegen? Meiner Meinung nach kann das doch nicht das gewünschte Verhalten sein.</p>
<p>Besten Dank schon mal für eure Hilfe!</p>
<p>VG<br />
Christian</p>

<p>Hallo zusammen, ich hab eine Frage zur Zählung der Ladevorgänge bzw. Transaktionen. Zunächst geh mich mal naiverweise davon aus, dass ein Ladevorgang und eine Transaktion das Gleiche 🙂 In der Regel lade ich per Laderegel den PV-Überschuss. Die cfos Wallbox kann ebenfalls zw. 1- und 3-phasigem Laden umschalten. Gestern (sonniger Tag bei uns) habe ich [&hellip;]</p>

<!-- This site is optimized with the Yoast SEO plugin v27.5 - https://yoast.com/product/yoast-seo-wordpress/ -->
<title>Fragen zu Zählung der Ladevorgänge/Transaktionen - cFos eMobility Network</title>
<meta name="robots" content="index, follow, max-snippet:-1, max-image-preview:large, max-video-preview:-1" />
<link rel="canonical" href="https://www.cfos-emobility.de/network/antworten/fragen-zu-zaehlung-der-ladevorgaengetransaktionen/" />
<meta property="og:locale" content="de_DE" />
<meta property="og:type" content="article" />
<meta property="og:title" content="Fragen zu Zählung der Ladevorgänge/Transaktionen - cFos eMobility Network" />
<meta property="og:description" content="Hallo zusammen, ich hab eine Frage zur Zählung der Ladevorgänge bzw. Transaktionen. Zunächst geh mich mal naiverweise davon aus, dass ein Ladevorgang und eine Transaktion das Gleiche 🙂 In der Regel lade ich per Laderegel den PV-Überschuss. Die cfos Wallbox kann ebenfalls zw. 1- und 3-phasigem Laden umschalten. Gestern (sonniger Tag bei uns) habe ich [&hellip;]" />
<meta property="og:url" content="https://www.cfos-emobility.de/network/antworten/fragen-zu-zaehlung-der-ladevorgaengetransaktionen/" />
<meta property="og:site_name" content="cFos eMobility Network" />
<meta property="article:modified_time" content="2025-02-07T13:33:02+00:00" />
<meta name="twitter:card" content="summary_large_image" />
<meta name="twitter:site" content="@cFosEmobility" />
<meta name="twitter:label1" content="Geschätzte Lesezeit" />
	<meta name="twitter:data1" content="1 Minute" />
<script type="application/ld+json" class="yoast-schema-graph">{"@context":"https:\/\/schema.org","@graph":[{"@type":"WebPage","@id":"https:\/\/www.cfos-emobility.de\/network\/antworten\/fragen-zu-zaehlung-der-ladevorgaengetransaktionen\/","url":"https:\/\/www.cfos-emobility.de\/network\/antworten\/fragen-zu-zaehlung-der-ladevorgaengetransaktionen\/","name":"Fragen zu Zählung der Ladevorgänge\/Transaktionen - cFos eMobility Network","isPartOf":{"@id":"https:\/\/www.cfos-emobility.de\/network\/#website"},"datePublished":"2025-02-04T15:41:11+00:00","dateModified":"2025-02-07T13:33:02+00:00","breadcrumb":{"@id":"https:\/\/www.cfos-emobility.de\/network\/antworten\/fragen-zu-zaehlung-der-ladevorgaengetransaktionen\/#breadcrumb"},"inLanguage":"de","potentialAction":[{"@type":"ReadAction","target":["https:\/\/www.cfos-emobility.de\/network\/antworten\/fragen-zu-zaehlung-der-ladevorgaengetransaktionen\/"]}]},{"@type":"BreadcrumbList","@id":"https:\/\/www.cfos-emobility.de\/network\/antworten\/fragen-zu-zaehlung-der-ladevorgaengetransaktionen\/#breadcrumb","itemListElement":[{"@type":"ListItem","position":1,"name":"Startseite","item":"https:\/\/www.cfos-emobility.de\/network\/"},{"@type":"ListItem","position":2,"name":"Fragen","item":"https:\/\/www.cfos-emobility.de\/network\/antworten\/"},{"@type":"ListItem","position":3,"name":"Fragen zu Zählung der Ladevorgänge\/Transaktionen"}]},{"@type":"WebSite","@id":"https:\/\/www.cfos-emobility.de\/network\/#website","url":"https:\/\/www.cfos-emobility.de\/network\/","name":"cFos eMobility Network","description":"Das cFos Power Brain Community Portal","publisher":{"@id":"https:\/\/www.cfos-emobility.de\/network\/#organization"},"potentialAction":[{"@type":"SearchAction","target":{"@type":"EntryPoint","urlTemplate":"https:\/\/www.cfos-emobility.de\/network\/?s={search_term_string}"},"query-input":{"@type":"PropertyValueSpecification","valueRequired":true,"valueName":"search_term_string"}}],"inLanguage":"de"},{"@type":"Organization","@id":"https:\/\/www.cfos-emobility.de\/network\/#organization","name":"cFos eMobility GmbH","url":"https:\/\/www.cfos-emobility.de\/network\/","logo":{"@type":"ImageObject","inLanguage":"de","@id":"https:\/\/www.cfos-emobility.de\/network\/#\/schema\/logo\/image\/","url":"https:\/\/www.cfos-emobility.de\/network\/wp-content\/uploads\/2021\/12\/cfos-emobility-logo.jpg","contentUrl":"https:\/\/www.cfos-emobility.de\/network\/wp-content\/uploads\/2021\/12\/cfos-emobility-logo.jpg","width":221,"height":80,"caption":"cFos eMobility GmbH"},"image":{"@id":"https:\/\/www.cfos-emobility.de\/network\/#\/schema\/logo\/image\/"},"sameAs":["https:\/\/x.com\/cFosEmobility"]}]}</script>
<!-- / Yoast SEO plugin. -->

Fragen zu Zählung der Ladevorgänge/Transaktionen - cFos eMobility Network

Hallo zusammen, ich hab eine Frage zur Zählung der Ladevorgänge bzw. Transaktionen. Zunächst geh mich mal naiverweise davon aus, dass ein Ladevorgang und eine Transaktion das Gleiche 🙂 In der Regel lade ich per Laderegel den PV-Überschuss. Die cfos Wallbox kann ebenfalls zw. 1- und 3-phasigem Laden umschalten. Gestern (sonniger Tag bei uns) habe ich [&hellip;]
