{"id":5064,"date":"2025-01-28T12:07:01","date_gmt":"2025-01-28T11:07:01","guid":{"rendered":"https:\/\/www.cfos-emobility.de\/network\/antworten\/pv-ueberschuss-0-5-uhr-netzbezug-ohne-speicher\/"},"modified":"2025-02-27T22:39:48","modified_gmt":"2025-02-27T21:39:48","slug":"pv-ueberschuss-0-5-uhr-netzbezug-ohne-speicher","status":"publish","type":"cma_thread","link":"https:\/\/www.cfos-emobility.de\/network\/antworten\/pv-ueberschuss-0-5-uhr-netzbezug-ohne-speicher\/","title":{"rendered":"PV \u00dcberschuss, 0-5 Uhr Netzbezug ohne Speicher"},"content":{"rendered":"<p>Hallo,<br \/>\nhabe FW 2.49. Konstellation siehe Bild.<br \/>\nIch lade mit PV \u00fcberschu\u00df, jetzt soll immer zwischen 0 und 5 Uhr mit Netzbezug ohne Speicherbelastung geladen werden, wobei vom Speicher nur der &#8222;normale&#8220; Hausverbrauch kommen soll.<br \/>\nBei &#8222;Charge surplus; after X:00 o\u2019clock, charge to Y kWh total&#8220; sehe ich keine feste Zeiten, nur die M\u00f6glichkeit bei g\u00fcnstigem Preis zu laden, sowie ykWh wird nicht ben\u00f6tigt, weil dann max. als Sollwert festtshet.<br \/>\nMuss ich daher den Eigenen Laderegelsatz erweitern, also PV-\u00dcberschuss und zus. neue Regel mit feste Ladezeiten? Leider klappte das beim Testen nicht. Muss ich die mit Und\/oder verkn\u00fcpfen?<br \/>\nDas sollte so an zwei cFos Solar funktionieren, die im Master \/ Slave Betrieb schon im dyn. Lastmanagement verbunden sind. Wird hier beim PV-\u00dcberschuss und gleichzeitigem Laden der \u00dcberschu\u00df zwischen den Boxen geteilt und wirklich in Summe nur der \u00dcberschuss gebraucht?<\/p>\n<p>&nbsp;<\/p>\n<p>&nbsp;<\/p>\n","protected":false},"excerpt":{"rendered":"<p>Hallo, habe FW 2.49. Konstellation siehe Bild. Ich lade mit PV \u00fcberschu\u00df, jetzt soll immer zwischen 0 und 5 Uhr mit Netzbezug ohne Speicherbelastung geladen werden, wobei vom Speicher nur der &#8222;normale&#8220; Hausverbrauch kommen soll. Bei &#8222;Charge surplus; after X:00 o\u2019clock, charge to Y kWh total&#8220; sehe ich keine feste Zeiten, nur die M\u00f6glichkeit bei [&hellip;]<\/p>\n","protected":false},"author":479,"featured_media":0,"template":"","tags":[247,48,410],"cma_category":[],"cma_difficulty_level":[],"class_list":["post-5064","cma_thread","type-cma_thread","status-publish","hentry","tag-netzbezug","tag-pv-ueberschuss","tag-uhrzeit"],"yoast_head":"<!-- This site is optimized with the Yoast SEO plugin v27.5 - https:\/\/yoast.com\/product\/yoast-seo-wordpress\/ -->\n<title>PV \u00dcberschuss, 0-5 Uhr Netzbezug ohne Speicher - cFos eMobility Network<\/title>\n<meta name=\"robots\" content=\"index, follow, max-snippet:-1, max-image-preview:large, max-video-preview:-1\" \/>\n<link rel=\"canonical\" href=\"https:\/\/www.cfos-emobility.de\/network\/antworten\/pv-ueberschuss-0-5-uhr-netzbezug-ohne-speicher\/\" \/>\n<meta property=\"og:locale\" content=\"de_DE\" \/>\n<meta property=\"og:type\" content=\"article\" \/>\n<meta property=\"og:title\" content=\"PV \u00dcberschuss, 0-5 Uhr Netzbezug ohne Speicher - cFos eMobility Network\" \/>\n<meta property=\"og:description\" content=\"Hallo, habe FW 2.49. Konstellation siehe Bild. Ich lade mit PV \u00fcberschu\u00df, jetzt soll immer zwischen 0 und 5 Uhr mit Netzbezug ohne Speicherbelastung geladen werden, wobei vom Speicher nur der &#8222;normale&#8220; Hausverbrauch kommen soll. Bei &#8222;Charge surplus; after X:00 o\u2019clock, charge to Y kWh total&#8220; sehe ich keine feste Zeiten, nur die M\u00f6glichkeit bei [&hellip;]\" \/>\n<meta property=\"og:url\" content=\"https:\/\/www.cfos-emobility.de\/network\/antworten\/pv-ueberschuss-0-5-uhr-netzbezug-ohne-speicher\/\" \/>\n<meta property=\"og:site_name\" content=\"cFos eMobility Network\" \/>\n<meta property=\"article:modified_time\" content=\"2025-02-27T21:39:48+00:00\" \/>\n<meta name=\"twitter:card\" content=\"summary_large_image\" \/>\n<meta name=\"twitter:site\" content=\"@cFosEmobility\" \/>\n<meta name=\"twitter:label1\" content=\"Gesch\u00e4tzte Lesezeit\" \/>\n\t<meta name=\"twitter:data1\" content=\"1\u00a0Minute\" \/>\n<script type=\"application\/ld+json\" class=\"yoast-schema-graph\">{\"@context\":\"https:\\\/\\\/schema.org\",\"@graph\":[{\"@type\":\"WebPage\",\"@id\":\"https:\\\/\\\/www.cfos-emobility.de\\\/network\\\/antworten\\\/pv-ueberschuss-0-5-uhr-netzbezug-ohne-speicher\\\/\",\"url\":\"https:\\\/\\\/www.cfos-emobility.de\\\/network\\\/antworten\\\/pv-ueberschuss-0-5-uhr-netzbezug-ohne-speicher\\\/\",\"name\":\"PV \u00dcberschuss, 0-5 Uhr Netzbezug ohne Speicher - cFos eMobility Network\",\"isPartOf\":{\"@id\":\"https:\\\/\\\/www.cfos-emobility.de\\\/network\\\/#website\"},\"datePublished\":\"2025-01-28T11:07:01+00:00\",\"dateModified\":\"2025-02-27T21:39:48+00:00\",\"breadcrumb\":{\"@id\":\"https:\\\/\\\/www.cfos-emobility.de\\\/network\\\/antworten\\\/pv-ueberschuss-0-5-uhr-netzbezug-ohne-speicher\\\/#breadcrumb\"},\"inLanguage\":\"de\",\"potentialAction\":[{\"@type\":\"ReadAction\",\"target\":[\"https:\\\/\\\/www.cfos-emobility.de\\\/network\\\/antworten\\\/pv-ueberschuss-0-5-uhr-netzbezug-ohne-speicher\\\/\"]}]},{\"@type\":\"BreadcrumbList\",\"@id\":\"https:\\\/\\\/www.cfos-emobility.de\\\/network\\\/antworten\\\/pv-ueberschuss-0-5-uhr-netzbezug-ohne-speicher\\\/#breadcrumb\",\"itemListElement\":[{\"@type\":\"ListItem\",\"position\":1,\"name\":\"Startseite\",\"item\":\"https:\\\/\\\/www.cfos-emobility.de\\\/network\\\/\"},{\"@type\":\"ListItem\",\"position\":2,\"name\":\"Fragen\",\"item\":\"https:\\\/\\\/www.cfos-emobility.de\\\/network\\\/antworten\\\/\"},{\"@type\":\"ListItem\",\"position\":3,\"name\":\"PV \u00dcberschuss, 0-5 Uhr Netzbezug ohne Speicher\"}]},{\"@type\":\"WebSite\",\"@id\":\"https:\\\/\\\/www.cfos-emobility.de\\\/network\\\/#website\",\"url\":\"https:\\\/\\\/www.cfos-emobility.de\\\/network\\\/\",\"name\":\"cFos eMobility Network\",\"description\":\"Das cFos Power Brain Community Portal\",\"publisher\":{\"@id\":\"https:\\\/\\\/www.cfos-emobility.de\\\/network\\\/#organization\"},\"potentialAction\":[{\"@type\":\"SearchAction\",\"target\":{\"@type\":\"EntryPoint\",\"urlTemplate\":\"https:\\\/\\\/www.cfos-emobility.de\\\/network\\\/?s={search_term_string}\"},\"query-input\":{\"@type\":\"PropertyValueSpecification\",\"valueRequired\":true,\"valueName\":\"search_term_string\"}}],\"inLanguage\":\"de\"},{\"@type\":\"Organization\",\"@id\":\"https:\\\/\\\/www.cfos-emobility.de\\\/network\\\/#organization\",\"name\":\"cFos eMobility GmbH\",\"url\":\"https:\\\/\\\/www.cfos-emobility.de\\\/network\\\/\",\"logo\":{\"@type\":\"ImageObject\",\"inLanguage\":\"de\",\"@id\":\"https:\\\/\\\/www.cfos-emobility.de\\\/network\\\/#\\\/schema\\\/logo\\\/image\\\/\",\"url\":\"https:\\\/\\\/www.cfos-emobility.de\\\/network\\\/wp-content\\\/uploads\\\/2021\\\/12\\\/cfos-emobility-logo.jpg\",\"contentUrl\":\"https:\\\/\\\/www.cfos-emobility.de\\\/network\\\/wp-content\\\/uploads\\\/2021\\\/12\\\/cfos-emobility-logo.jpg\",\"width\":221,\"height\":80,\"caption\":\"cFos eMobility GmbH\"},\"image\":{\"@id\":\"https:\\\/\\\/www.cfos-emobility.de\\\/network\\\/#\\\/schema\\\/logo\\\/image\\\/\"},\"sameAs\":[\"https:\\\/\\\/x.com\\\/cFosEmobility\"]}]}<\/script>\n<!-- \/ Yoast SEO plugin. -->","yoast_head_json":{"title":"PV \u00dcberschuss, 0-5 Uhr Netzbezug ohne Speicher - cFos eMobility Network","robots":{"index":"index","follow":"follow","max-snippet":"max-snippet:-1","max-image-preview":"max-image-preview:large","max-video-preview":"max-video-preview:-1"},"canonical":"https:\/\/www.cfos-emobility.de\/network\/antworten\/pv-ueberschuss-0-5-uhr-netzbezug-ohne-speicher\/","og_locale":"de_DE","og_type":"article","og_title":"PV \u00dcberschuss, 0-5 Uhr Netzbezug ohne Speicher - cFos eMobility Network","og_description":"Hallo, habe FW 2.49. Konstellation siehe Bild. Ich lade mit PV \u00fcberschu\u00df, jetzt soll immer zwischen 0 und 5 Uhr mit Netzbezug ohne Speicherbelastung geladen werden, wobei vom Speicher nur der &#8222;normale&#8220; Hausverbrauch kommen soll. Bei &#8222;Charge surplus; after X:00 o\u2019clock, charge to Y kWh total&#8220; sehe ich keine feste Zeiten, nur die M\u00f6glichkeit bei [&hellip;]","og_url":"https:\/\/www.cfos-emobility.de\/network\/antworten\/pv-ueberschuss-0-5-uhr-netzbezug-ohne-speicher\/","og_site_name":"cFos eMobility Network","article_modified_time":"2025-02-27T21:39:48+00:00","twitter_card":"summary_large_image","twitter_site":"@cFosEmobility","twitter_misc":{"Gesch\u00e4tzte Lesezeit":"1\u00a0Minute"},"schema":{"@context":"https:\/\/schema.org","@graph":[{"@type":"WebPage","@id":"https:\/\/www.cfos-emobility.de\/network\/antworten\/pv-ueberschuss-0-5-uhr-netzbezug-ohne-speicher\/","url":"https:\/\/www.cfos-emobility.de\/network\/antworten\/pv-ueberschuss-0-5-uhr-netzbezug-ohne-speicher\/","name":"PV \u00dcberschuss, 0-5 Uhr Netzbezug ohne Speicher - cFos eMobility Network","isPartOf":{"@id":"https:\/\/www.cfos-emobility.de\/network\/#website"},"datePublished":"2025-01-28T11:07:01+00:00","dateModified":"2025-02-27T21:39:48+00:00","breadcrumb":{"@id":"https:\/\/www.cfos-emobility.de\/network\/antworten\/pv-ueberschuss-0-5-uhr-netzbezug-ohne-speicher\/#breadcrumb"},"inLanguage":"de","potentialAction":[{"@type":"ReadAction","target":["https:\/\/www.cfos-emobility.de\/network\/antworten\/pv-ueberschuss-0-5-uhr-netzbezug-ohne-speicher\/"]}]},{"@type":"BreadcrumbList","@id":"https:\/\/www.cfos-emobility.de\/network\/antworten\/pv-ueberschuss-0-5-uhr-netzbezug-ohne-speicher\/#breadcrumb","itemListElement":[{"@type":"ListItem","position":1,"name":"Startseite","item":"https:\/\/www.cfos-emobility.de\/network\/"},{"@type":"ListItem","position":2,"name":"Fragen","item":"https:\/\/www.cfos-emobility.de\/network\/antworten\/"},{"@type":"ListItem","position":3,"name":"PV \u00dcberschuss, 0-5 Uhr Netzbezug ohne Speicher"}]},{"@type":"WebSite","@id":"https:\/\/www.cfos-emobility.de\/network\/#website","url":"https:\/\/www.cfos-emobility.de\/network\/","name":"cFos eMobility Network","description":"Das cFos Power Brain Community Portal","publisher":{"@id":"https:\/\/www.cfos-emobility.de\/network\/#organization"},"potentialAction":[{"@type":"SearchAction","target":{"@type":"EntryPoint","urlTemplate":"https:\/\/www.cfos-emobility.de\/network\/?s={search_term_string}"},"query-input":{"@type":"PropertyValueSpecification","valueRequired":true,"valueName":"search_term_string"}}],"inLanguage":"de"},{"@type":"Organization","@id":"https:\/\/www.cfos-emobility.de\/network\/#organization","name":"cFos eMobility GmbH","url":"https:\/\/www.cfos-emobility.de\/network\/","logo":{"@type":"ImageObject","inLanguage":"de","@id":"https:\/\/www.cfos-emobility.de\/network\/#\/schema\/logo\/image\/","url":"https:\/\/www.cfos-emobility.de\/network\/wp-content\/uploads\/2021\/12\/cfos-emobility-logo.jpg","contentUrl":"https:\/\/www.cfos-emobility.de\/network\/wp-content\/uploads\/2021\/12\/cfos-emobility-logo.jpg","width":221,"height":80,"caption":"cFos eMobility GmbH"},"image":{"@id":"https:\/\/www.cfos-emobility.de\/network\/#\/schema\/logo\/image\/"},"sameAs":["https:\/\/x.com\/cFosEmobility"]}]}},"_links":{"self":[{"href":"https:\/\/www.cfos-emobility.de\/network\/wp-json\/wp\/v2\/cma_thread\/5064","targetHints":{"allow":["GET"]}}],"collection":[{"href":"https:\/\/www.cfos-emobility.de\/network\/wp-json\/wp\/v2\/cma_thread"}],"about":[{"href":"https:\/\/www.cfos-emobility.de\/network\/wp-json\/wp\/v2\/types\/cma_thread"}],"author":[{"embeddable":true,"href":"https:\/\/www.cfos-emobility.de\/network\/wp-json\/wp\/v2\/users\/479"}],"wp:attachment":[{"href":"https:\/\/www.cfos-emobility.de\/network\/wp-json\/wp\/v2\/media?parent=5064"}],"wp:term":[{"taxonomy":"post_tag","embeddable":true,"href":"https:\/\/www.cfos-emobility.de\/network\/wp-json\/wp\/v2\/tags?post=5064"},{"taxonomy":"cma_category","embeddable":true,"href":"https:\/\/www.cfos-emobility.de\/network\/wp-json\/wp\/v2\/cma_category?post=5064"},{"taxonomy":"cma_difficulty_level","embeddable":true,"href":"https:\/\/www.cfos-emobility.de\/network\/wp-json\/wp\/v2\/cma_difficulty_level?post=5064"}],"curies":[{"name":"wp","href":"https:\/\/api.w.org\/{rel}","templated":true}]}}

PV Überschuss, 0-5 Uhr Netzbezug ohne Speicher

<p>Hallo,<br />
habe FW 2.49. Konstellation siehe Bild.<br />
Ich lade mit PV überschuß, jetzt soll immer zwischen 0 und 5 Uhr mit Netzbezug ohne Speicherbelastung geladen werden, wobei vom Speicher nur der &#8222;normale&#8220; Hausverbrauch kommen soll.<br />
Bei &#8222;Charge surplus; after X:00 o’clock, charge to Y kWh total&#8220; sehe ich keine feste Zeiten, nur die Möglichkeit bei günstigem Preis zu laden, sowie ykWh wird nicht benötigt, weil dann max. als Sollwert festtshet.<br />
Muss ich daher den Eigenen Laderegelsatz erweitern, also PV-Überschuss und zus. neue Regel mit feste Ladezeiten? Leider klappte das beim Testen nicht. Muss ich die mit Und/oder verknüpfen?<br />
Das sollte so an zwei cFos Solar funktionieren, die im Master / Slave Betrieb schon im dyn. Lastmanagement verbunden sind. Wird hier beim PV-Überschuss und gleichzeitigem Laden der Überschuß zwischen den Boxen geteilt und wirklich in Summe nur der Überschuss gebraucht?</p>
<p>&nbsp;</p>
<p>&nbsp;</p>

<p>Hallo, habe FW 2.49. Konstellation siehe Bild. Ich lade mit PV überschuß, jetzt soll immer zwischen 0 und 5 Uhr mit Netzbezug ohne Speicherbelastung geladen werden, wobei vom Speicher nur der &#8222;normale&#8220; Hausverbrauch kommen soll. Bei &#8222;Charge surplus; after X:00 o’clock, charge to Y kWh total&#8220; sehe ich keine feste Zeiten, nur die Möglichkeit bei [&hellip;]</p>

<!-- This site is optimized with the Yoast SEO plugin v27.5 - https://yoast.com/product/yoast-seo-wordpress/ -->
<title>PV Überschuss, 0-5 Uhr Netzbezug ohne Speicher - cFos eMobility Network</title>
<meta name="robots" content="index, follow, max-snippet:-1, max-image-preview:large, max-video-preview:-1" />
<link rel="canonical" href="https://www.cfos-emobility.de/network/antworten/pv-ueberschuss-0-5-uhr-netzbezug-ohne-speicher/" />
<meta property="og:locale" content="de_DE" />
<meta property="og:type" content="article" />
<meta property="og:title" content="PV Überschuss, 0-5 Uhr Netzbezug ohne Speicher - cFos eMobility Network" />
<meta property="og:description" content="Hallo, habe FW 2.49. Konstellation siehe Bild. Ich lade mit PV überschuß, jetzt soll immer zwischen 0 und 5 Uhr mit Netzbezug ohne Speicherbelastung geladen werden, wobei vom Speicher nur der &#8222;normale&#8220; Hausverbrauch kommen soll. Bei &#8222;Charge surplus; after X:00 o’clock, charge to Y kWh total&#8220; sehe ich keine feste Zeiten, nur die Möglichkeit bei [&hellip;]" />
<meta property="og:url" content="https://www.cfos-emobility.de/network/antworten/pv-ueberschuss-0-5-uhr-netzbezug-ohne-speicher/" />
<meta property="og:site_name" content="cFos eMobility Network" />
<meta property="article:modified_time" content="2025-02-27T21:39:48+00:00" />
<meta name="twitter:card" content="summary_large_image" />
<meta name="twitter:site" content="@cFosEmobility" />
<meta name="twitter:label1" content="Geschätzte Lesezeit" />
	<meta name="twitter:data1" content="1 Minute" />
<script type="application/ld+json" class="yoast-schema-graph">{"@context":"https:\/\/schema.org","@graph":[{"@type":"WebPage","@id":"https:\/\/www.cfos-emobility.de\/network\/antworten\/pv-ueberschuss-0-5-uhr-netzbezug-ohne-speicher\/","url":"https:\/\/www.cfos-emobility.de\/network\/antworten\/pv-ueberschuss-0-5-uhr-netzbezug-ohne-speicher\/","name":"PV Überschuss, 0-5 Uhr Netzbezug ohne Speicher - cFos eMobility Network","isPartOf":{"@id":"https:\/\/www.cfos-emobility.de\/network\/#website"},"datePublished":"2025-01-28T11:07:01+00:00","dateModified":"2025-02-27T21:39:48+00:00","breadcrumb":{"@id":"https:\/\/www.cfos-emobility.de\/network\/antworten\/pv-ueberschuss-0-5-uhr-netzbezug-ohne-speicher\/#breadcrumb"},"inLanguage":"de","potentialAction":[{"@type":"ReadAction","target":["https:\/\/www.cfos-emobility.de\/network\/antworten\/pv-ueberschuss-0-5-uhr-netzbezug-ohne-speicher\/"]}]},{"@type":"BreadcrumbList","@id":"https:\/\/www.cfos-emobility.de\/network\/antworten\/pv-ueberschuss-0-5-uhr-netzbezug-ohne-speicher\/#breadcrumb","itemListElement":[{"@type":"ListItem","position":1,"name":"Startseite","item":"https:\/\/www.cfos-emobility.de\/network\/"},{"@type":"ListItem","position":2,"name":"Fragen","item":"https:\/\/www.cfos-emobility.de\/network\/antworten\/"},{"@type":"ListItem","position":3,"name":"PV Überschuss, 0-5 Uhr Netzbezug ohne Speicher"}]},{"@type":"WebSite","@id":"https:\/\/www.cfos-emobility.de\/network\/#website","url":"https:\/\/www.cfos-emobility.de\/network\/","name":"cFos eMobility Network","description":"Das cFos Power Brain Community Portal","publisher":{"@id":"https:\/\/www.cfos-emobility.de\/network\/#organization"},"potentialAction":[{"@type":"SearchAction","target":{"@type":"EntryPoint","urlTemplate":"https:\/\/www.cfos-emobility.de\/network\/?s={search_term_string}"},"query-input":{"@type":"PropertyValueSpecification","valueRequired":true,"valueName":"search_term_string"}}],"inLanguage":"de"},{"@type":"Organization","@id":"https:\/\/www.cfos-emobility.de\/network\/#organization","name":"cFos eMobility GmbH","url":"https:\/\/www.cfos-emobility.de\/network\/","logo":{"@type":"ImageObject","inLanguage":"de","@id":"https:\/\/www.cfos-emobility.de\/network\/#\/schema\/logo\/image\/","url":"https:\/\/www.cfos-emobility.de\/network\/wp-content\/uploads\/2021\/12\/cfos-emobility-logo.jpg","contentUrl":"https:\/\/www.cfos-emobility.de\/network\/wp-content\/uploads\/2021\/12\/cfos-emobility-logo.jpg","width":221,"height":80,"caption":"cFos eMobility GmbH"},"image":{"@id":"https:\/\/www.cfos-emobility.de\/network\/#\/schema\/logo\/image\/"},"sameAs":["https:\/\/x.com\/cFosEmobility"]}]}</script>
<!-- / Yoast SEO plugin. -->

PV Überschuss, 0-5 Uhr Netzbezug ohne Speicher - cFos eMobility Network

Hallo, habe FW 2.49. Konstellation siehe Bild. Ich lade mit PV überschuß, jetzt soll immer zwischen 0 und 5 Uhr mit Netzbezug ohne Speicherbelastung geladen werden, wobei vom Speicher nur der &#8222;normale&#8220; Hausverbrauch kommen soll. Bei &#8222;Charge surplus; after X:00 o’clock, charge to Y kWh total&#8220; sehe ich keine feste Zeiten, nur die Möglichkeit bei [&hellip;]
