{"id":4607,"date":"2024-11-26T13:11:55","date_gmt":"2024-11-26T12:11:55","guid":{"rendered":"https:\/\/www.cfos-emobility.de\/network\/antworten\/laden-wird-schneller-bei-weniger-solarstrom\/"},"modified":"2024-11-29T10:08:20","modified_gmt":"2024-11-29T09:08:20","slug":"laden-wird-schneller-bei-weniger-solarstrom","status":"publish","type":"cma_thread","link":"https:\/\/www.cfos-emobility.de\/network\/antworten\/laden-wird-schneller-bei-weniger-solarstrom\/","title":{"rendered":"Laden wird schneller bei weniger Solarstrom."},"content":{"rendered":"<p>Hallo cfos-Community,<\/p>\n<p>bei mir verh\u00e4lt sich das \u00dcberschussladen merkw\u00fcrdig wenn der Eigenverbrauch gr\u00f6\u00dfer als der Solarstrom ist.<br \/>\nDie Laderegel ist aktuell konfiguriert, noch 5 Minuten weiter zu laden um nicht unn\u00f6tig viele Schaltvorg\u00e4nge am Relais zu machen. Laderegel siehe Screenshot. Das funktioniert auch soweit, aber sobald der Eigenverbrauch nicht mehr durch den Solarstrom gedeckt werden kann, regelt die Ladestation voll hoch.<\/p>\n<p>Ich habe hier ein Setup mit 2 SMA Invertern und einem SMA-Stromz\u00e4hler um den Netzbezug zu messen.<br \/>\nDer Solar\u00fcberschuss muss also durch Erzeugung &#8211; Netz &#8211; Ladestation berechnet werden. Ich habe keine Formel in den Einstellungen angegeben, da es dies der Normalfall sein m\u00fcsste. Der Wert im Frontend der Ladestation stimmt auch.<\/p>\n<p>Mein Wunsch, grade f\u00fcr den Winter w\u00e4re, zu erreichen, das die Ladestation mit Minimalstrom l\u00e4dt sobald auch nur noch so kleiner Solarstrom \u00fcber ist.<\/p>\n<p>Mit freundlichen Gr\u00fc\u00dfen<br \/>\nLars<\/p>\n","protected":false},"excerpt":{"rendered":"<p>Hallo cfos-Community, bei mir verh\u00e4lt sich das \u00dcberschussladen merkw\u00fcrdig wenn der Eigenverbrauch gr\u00f6\u00dfer als der Solarstrom ist. Die Laderegel ist aktuell konfiguriert, noch 5 Minuten weiter zu laden um nicht unn\u00f6tig viele Schaltvorg\u00e4nge am Relais zu machen. Laderegel siehe Screenshot. Das funktioniert auch soweit, aber sobald der Eigenverbrauch nicht mehr durch den Solarstrom gedeckt werden [&hellip;]<\/p>\n","protected":false},"author":557,"featured_media":0,"template":"","tags":[37],"cma_category":[2],"cma_difficulty_level":[],"class_list":["post-4607","cma_thread","type-cma_thread","status-publish","hentry","tag-ueberschussladen","cma_category-cfos-emobility"],"yoast_head":"<!-- This site is optimized with the Yoast SEO plugin v27.5 - https:\/\/yoast.com\/product\/yoast-seo-wordpress\/ -->\n<title>Laden wird schneller bei weniger Solarstrom. - cFos eMobility Network<\/title>\n<meta name=\"robots\" content=\"index, follow, max-snippet:-1, max-image-preview:large, max-video-preview:-1\" \/>\n<link rel=\"canonical\" href=\"https:\/\/www.cfos-emobility.de\/network\/antworten\/laden-wird-schneller-bei-weniger-solarstrom\/\" \/>\n<meta property=\"og:locale\" content=\"de_DE\" \/>\n<meta property=\"og:type\" content=\"article\" \/>\n<meta property=\"og:title\" content=\"Laden wird schneller bei weniger Solarstrom. - cFos eMobility Network\" \/>\n<meta property=\"og:description\" content=\"Hallo cfos-Community, bei mir verh\u00e4lt sich das \u00dcberschussladen merkw\u00fcrdig wenn der Eigenverbrauch gr\u00f6\u00dfer als der Solarstrom ist. Die Laderegel ist aktuell konfiguriert, noch 5 Minuten weiter zu laden um nicht unn\u00f6tig viele Schaltvorg\u00e4nge am Relais zu machen. Laderegel siehe Screenshot. Das funktioniert auch soweit, aber sobald der Eigenverbrauch nicht mehr durch den Solarstrom gedeckt werden [&hellip;]\" \/>\n<meta property=\"og:url\" content=\"https:\/\/www.cfos-emobility.de\/network\/antworten\/laden-wird-schneller-bei-weniger-solarstrom\/\" \/>\n<meta property=\"og:site_name\" content=\"cFos eMobility Network\" \/>\n<meta property=\"article:modified_time\" content=\"2024-11-29T09:08:20+00:00\" \/>\n<meta name=\"twitter:card\" content=\"summary_large_image\" \/>\n<meta name=\"twitter:site\" content=\"@cFosEmobility\" \/>\n<meta name=\"twitter:label1\" content=\"Gesch\u00e4tzte Lesezeit\" \/>\n\t<meta name=\"twitter:data1\" content=\"1\u00a0Minute\" \/>\n<script type=\"application\/ld+json\" class=\"yoast-schema-graph\">{\"@context\":\"https:\\\/\\\/schema.org\",\"@graph\":[{\"@type\":\"WebPage\",\"@id\":\"https:\\\/\\\/www.cfos-emobility.de\\\/network\\\/antworten\\\/laden-wird-schneller-bei-weniger-solarstrom\\\/\",\"url\":\"https:\\\/\\\/www.cfos-emobility.de\\\/network\\\/antworten\\\/laden-wird-schneller-bei-weniger-solarstrom\\\/\",\"name\":\"Laden wird schneller bei weniger Solarstrom. - cFos eMobility Network\",\"isPartOf\":{\"@id\":\"https:\\\/\\\/www.cfos-emobility.de\\\/network\\\/#website\"},\"datePublished\":\"2024-11-26T12:11:55+00:00\",\"dateModified\":\"2024-11-29T09:08:20+00:00\",\"breadcrumb\":{\"@id\":\"https:\\\/\\\/www.cfos-emobility.de\\\/network\\\/antworten\\\/laden-wird-schneller-bei-weniger-solarstrom\\\/#breadcrumb\"},\"inLanguage\":\"de\",\"potentialAction\":[{\"@type\":\"ReadAction\",\"target\":[\"https:\\\/\\\/www.cfos-emobility.de\\\/network\\\/antworten\\\/laden-wird-schneller-bei-weniger-solarstrom\\\/\"]}]},{\"@type\":\"BreadcrumbList\",\"@id\":\"https:\\\/\\\/www.cfos-emobility.de\\\/network\\\/antworten\\\/laden-wird-schneller-bei-weniger-solarstrom\\\/#breadcrumb\",\"itemListElement\":[{\"@type\":\"ListItem\",\"position\":1,\"name\":\"Startseite\",\"item\":\"https:\\\/\\\/www.cfos-emobility.de\\\/network\\\/\"},{\"@type\":\"ListItem\",\"position\":2,\"name\":\"Fragen\",\"item\":\"https:\\\/\\\/www.cfos-emobility.de\\\/network\\\/antworten\\\/\"},{\"@type\":\"ListItem\",\"position\":3,\"name\":\"Laden wird schneller bei weniger Solarstrom.\"}]},{\"@type\":\"WebSite\",\"@id\":\"https:\\\/\\\/www.cfos-emobility.de\\\/network\\\/#website\",\"url\":\"https:\\\/\\\/www.cfos-emobility.de\\\/network\\\/\",\"name\":\"cFos eMobility Network\",\"description\":\"Das cFos Power Brain Community Portal\",\"publisher\":{\"@id\":\"https:\\\/\\\/www.cfos-emobility.de\\\/network\\\/#organization\"},\"potentialAction\":[{\"@type\":\"SearchAction\",\"target\":{\"@type\":\"EntryPoint\",\"urlTemplate\":\"https:\\\/\\\/www.cfos-emobility.de\\\/network\\\/?s={search_term_string}\"},\"query-input\":{\"@type\":\"PropertyValueSpecification\",\"valueRequired\":true,\"valueName\":\"search_term_string\"}}],\"inLanguage\":\"de\"},{\"@type\":\"Organization\",\"@id\":\"https:\\\/\\\/www.cfos-emobility.de\\\/network\\\/#organization\",\"name\":\"cFos eMobility GmbH\",\"url\":\"https:\\\/\\\/www.cfos-emobility.de\\\/network\\\/\",\"logo\":{\"@type\":\"ImageObject\",\"inLanguage\":\"de\",\"@id\":\"https:\\\/\\\/www.cfos-emobility.de\\\/network\\\/#\\\/schema\\\/logo\\\/image\\\/\",\"url\":\"https:\\\/\\\/www.cfos-emobility.de\\\/network\\\/wp-content\\\/uploads\\\/2021\\\/12\\\/cfos-emobility-logo.jpg\",\"contentUrl\":\"https:\\\/\\\/www.cfos-emobility.de\\\/network\\\/wp-content\\\/uploads\\\/2021\\\/12\\\/cfos-emobility-logo.jpg\",\"width\":221,\"height\":80,\"caption\":\"cFos eMobility GmbH\"},\"image\":{\"@id\":\"https:\\\/\\\/www.cfos-emobility.de\\\/network\\\/#\\\/schema\\\/logo\\\/image\\\/\"},\"sameAs\":[\"https:\\\/\\\/x.com\\\/cFosEmobility\"]}]}<\/script>\n<!-- \/ Yoast SEO plugin. -->","yoast_head_json":{"title":"Laden wird schneller bei weniger Solarstrom. - cFos eMobility Network","robots":{"index":"index","follow":"follow","max-snippet":"max-snippet:-1","max-image-preview":"max-image-preview:large","max-video-preview":"max-video-preview:-1"},"canonical":"https:\/\/www.cfos-emobility.de\/network\/antworten\/laden-wird-schneller-bei-weniger-solarstrom\/","og_locale":"de_DE","og_type":"article","og_title":"Laden wird schneller bei weniger Solarstrom. - cFos eMobility Network","og_description":"Hallo cfos-Community, bei mir verh\u00e4lt sich das \u00dcberschussladen merkw\u00fcrdig wenn der Eigenverbrauch gr\u00f6\u00dfer als der Solarstrom ist. Die Laderegel ist aktuell konfiguriert, noch 5 Minuten weiter zu laden um nicht unn\u00f6tig viele Schaltvorg\u00e4nge am Relais zu machen. Laderegel siehe Screenshot. Das funktioniert auch soweit, aber sobald der Eigenverbrauch nicht mehr durch den Solarstrom gedeckt werden [&hellip;]","og_url":"https:\/\/www.cfos-emobility.de\/network\/antworten\/laden-wird-schneller-bei-weniger-solarstrom\/","og_site_name":"cFos eMobility Network","article_modified_time":"2024-11-29T09:08:20+00:00","twitter_card":"summary_large_image","twitter_site":"@cFosEmobility","twitter_misc":{"Gesch\u00e4tzte Lesezeit":"1\u00a0Minute"},"schema":{"@context":"https:\/\/schema.org","@graph":[{"@type":"WebPage","@id":"https:\/\/www.cfos-emobility.de\/network\/antworten\/laden-wird-schneller-bei-weniger-solarstrom\/","url":"https:\/\/www.cfos-emobility.de\/network\/antworten\/laden-wird-schneller-bei-weniger-solarstrom\/","name":"Laden wird schneller bei weniger Solarstrom. - cFos eMobility Network","isPartOf":{"@id":"https:\/\/www.cfos-emobility.de\/network\/#website"},"datePublished":"2024-11-26T12:11:55+00:00","dateModified":"2024-11-29T09:08:20+00:00","breadcrumb":{"@id":"https:\/\/www.cfos-emobility.de\/network\/antworten\/laden-wird-schneller-bei-weniger-solarstrom\/#breadcrumb"},"inLanguage":"de","potentialAction":[{"@type":"ReadAction","target":["https:\/\/www.cfos-emobility.de\/network\/antworten\/laden-wird-schneller-bei-weniger-solarstrom\/"]}]},{"@type":"BreadcrumbList","@id":"https:\/\/www.cfos-emobility.de\/network\/antworten\/laden-wird-schneller-bei-weniger-solarstrom\/#breadcrumb","itemListElement":[{"@type":"ListItem","position":1,"name":"Startseite","item":"https:\/\/www.cfos-emobility.de\/network\/"},{"@type":"ListItem","position":2,"name":"Fragen","item":"https:\/\/www.cfos-emobility.de\/network\/antworten\/"},{"@type":"ListItem","position":3,"name":"Laden wird schneller bei weniger Solarstrom."}]},{"@type":"WebSite","@id":"https:\/\/www.cfos-emobility.de\/network\/#website","url":"https:\/\/www.cfos-emobility.de\/network\/","name":"cFos eMobility Network","description":"Das cFos Power Brain Community Portal","publisher":{"@id":"https:\/\/www.cfos-emobility.de\/network\/#organization"},"potentialAction":[{"@type":"SearchAction","target":{"@type":"EntryPoint","urlTemplate":"https:\/\/www.cfos-emobility.de\/network\/?s={search_term_string}"},"query-input":{"@type":"PropertyValueSpecification","valueRequired":true,"valueName":"search_term_string"}}],"inLanguage":"de"},{"@type":"Organization","@id":"https:\/\/www.cfos-emobility.de\/network\/#organization","name":"cFos eMobility GmbH","url":"https:\/\/www.cfos-emobility.de\/network\/","logo":{"@type":"ImageObject","inLanguage":"de","@id":"https:\/\/www.cfos-emobility.de\/network\/#\/schema\/logo\/image\/","url":"https:\/\/www.cfos-emobility.de\/network\/wp-content\/uploads\/2021\/12\/cfos-emobility-logo.jpg","contentUrl":"https:\/\/www.cfos-emobility.de\/network\/wp-content\/uploads\/2021\/12\/cfos-emobility-logo.jpg","width":221,"height":80,"caption":"cFos eMobility GmbH"},"image":{"@id":"https:\/\/www.cfos-emobility.de\/network\/#\/schema\/logo\/image\/"},"sameAs":["https:\/\/x.com\/cFosEmobility"]}]}},"_links":{"self":[{"href":"https:\/\/www.cfos-emobility.de\/network\/wp-json\/wp\/v2\/cma_thread\/4607","targetHints":{"allow":["GET"]}}],"collection":[{"href":"https:\/\/www.cfos-emobility.de\/network\/wp-json\/wp\/v2\/cma_thread"}],"about":[{"href":"https:\/\/www.cfos-emobility.de\/network\/wp-json\/wp\/v2\/types\/cma_thread"}],"author":[{"embeddable":true,"href":"https:\/\/www.cfos-emobility.de\/network\/wp-json\/wp\/v2\/users\/557"}],"wp:attachment":[{"href":"https:\/\/www.cfos-emobility.de\/network\/wp-json\/wp\/v2\/media?parent=4607"}],"wp:term":[{"taxonomy":"post_tag","embeddable":true,"href":"https:\/\/www.cfos-emobility.de\/network\/wp-json\/wp\/v2\/tags?post=4607"},{"taxonomy":"cma_category","embeddable":true,"href":"https:\/\/www.cfos-emobility.de\/network\/wp-json\/wp\/v2\/cma_category?post=4607"},{"taxonomy":"cma_difficulty_level","embeddable":true,"href":"https:\/\/www.cfos-emobility.de\/network\/wp-json\/wp\/v2\/cma_difficulty_level?post=4607"}],"curies":[{"name":"wp","href":"https:\/\/api.w.org\/{rel}","templated":true}]}}

<p>Hallo cfos-Community,</p>
<p>bei mir verhält sich das Überschussladen merkwürdig wenn der Eigenverbrauch größer als der Solarstrom ist.<br />
Die Laderegel ist aktuell konfiguriert, noch 5 Minuten weiter zu laden um nicht unnötig viele Schaltvorgänge am Relais zu machen. Laderegel siehe Screenshot. Das funktioniert auch soweit, aber sobald der Eigenverbrauch nicht mehr durch den Solarstrom gedeckt werden kann, regelt die Ladestation voll hoch.</p>
<p>Ich habe hier ein Setup mit 2 SMA Invertern und einem SMA-Stromzähler um den Netzbezug zu messen.<br />
Der Solarüberschuss muss also durch Erzeugung &#8211; Netz &#8211; Ladestation berechnet werden. Ich habe keine Formel in den Einstellungen angegeben, da es dies der Normalfall sein müsste. Der Wert im Frontend der Ladestation stimmt auch.</p>
<p>Mein Wunsch, grade für den Winter wäre, zu erreichen, das die Ladestation mit Minimalstrom lädt sobald auch nur noch so kleiner Solarstrom über ist.</p>
<p>Mit freundlichen Grüßen<br />
Lars</p>

<p>Hallo cfos-Community, bei mir verhält sich das Überschussladen merkwürdig wenn der Eigenverbrauch größer als der Solarstrom ist. Die Laderegel ist aktuell konfiguriert, noch 5 Minuten weiter zu laden um nicht unnötig viele Schaltvorgänge am Relais zu machen. Laderegel siehe Screenshot. Das funktioniert auch soweit, aber sobald der Eigenverbrauch nicht mehr durch den Solarstrom gedeckt werden [&hellip;]</p>

<!-- This site is optimized with the Yoast SEO plugin v27.5 - https://yoast.com/product/yoast-seo-wordpress/ -->
<title>Laden wird schneller bei weniger Solarstrom. - cFos eMobility Network</title>
<meta name="robots" content="index, follow, max-snippet:-1, max-image-preview:large, max-video-preview:-1" />
<link rel="canonical" href="https://www.cfos-emobility.de/network/antworten/laden-wird-schneller-bei-weniger-solarstrom/" />
<meta property="og:locale" content="de_DE" />
<meta property="og:type" content="article" />
<meta property="og:title" content="Laden wird schneller bei weniger Solarstrom. - cFos eMobility Network" />
<meta property="og:description" content="Hallo cfos-Community, bei mir verhält sich das Überschussladen merkwürdig wenn der Eigenverbrauch größer als der Solarstrom ist. Die Laderegel ist aktuell konfiguriert, noch 5 Minuten weiter zu laden um nicht unnötig viele Schaltvorgänge am Relais zu machen. Laderegel siehe Screenshot. Das funktioniert auch soweit, aber sobald der Eigenverbrauch nicht mehr durch den Solarstrom gedeckt werden [&hellip;]" />
<meta property="og:url" content="https://www.cfos-emobility.de/network/antworten/laden-wird-schneller-bei-weniger-solarstrom/" />
<meta property="og:site_name" content="cFos eMobility Network" />
<meta property="article:modified_time" content="2024-11-29T09:08:20+00:00" />
<meta name="twitter:card" content="summary_large_image" />
<meta name="twitter:site" content="@cFosEmobility" />
<meta name="twitter:label1" content="Geschätzte Lesezeit" />
	<meta name="twitter:data1" content="1 Minute" />
<script type="application/ld+json" class="yoast-schema-graph">{"@context":"https:\/\/schema.org","@graph":[{"@type":"WebPage","@id":"https:\/\/www.cfos-emobility.de\/network\/antworten\/laden-wird-schneller-bei-weniger-solarstrom\/","url":"https:\/\/www.cfos-emobility.de\/network\/antworten\/laden-wird-schneller-bei-weniger-solarstrom\/","name":"Laden wird schneller bei weniger Solarstrom. - cFos eMobility Network","isPartOf":{"@id":"https:\/\/www.cfos-emobility.de\/network\/#website"},"datePublished":"2024-11-26T12:11:55+00:00","dateModified":"2024-11-29T09:08:20+00:00","breadcrumb":{"@id":"https:\/\/www.cfos-emobility.de\/network\/antworten\/laden-wird-schneller-bei-weniger-solarstrom\/#breadcrumb"},"inLanguage":"de","potentialAction":[{"@type":"ReadAction","target":["https:\/\/www.cfos-emobility.de\/network\/antworten\/laden-wird-schneller-bei-weniger-solarstrom\/"]}]},{"@type":"BreadcrumbList","@id":"https:\/\/www.cfos-emobility.de\/network\/antworten\/laden-wird-schneller-bei-weniger-solarstrom\/#breadcrumb","itemListElement":[{"@type":"ListItem","position":1,"name":"Startseite","item":"https:\/\/www.cfos-emobility.de\/network\/"},{"@type":"ListItem","position":2,"name":"Fragen","item":"https:\/\/www.cfos-emobility.de\/network\/antworten\/"},{"@type":"ListItem","position":3,"name":"Laden wird schneller bei weniger Solarstrom."}]},{"@type":"WebSite","@id":"https:\/\/www.cfos-emobility.de\/network\/#website","url":"https:\/\/www.cfos-emobility.de\/network\/","name":"cFos eMobility Network","description":"Das cFos Power Brain Community Portal","publisher":{"@id":"https:\/\/www.cfos-emobility.de\/network\/#organization"},"potentialAction":[{"@type":"SearchAction","target":{"@type":"EntryPoint","urlTemplate":"https:\/\/www.cfos-emobility.de\/network\/?s={search_term_string}"},"query-input":{"@type":"PropertyValueSpecification","valueRequired":true,"valueName":"search_term_string"}}],"inLanguage":"de"},{"@type":"Organization","@id":"https:\/\/www.cfos-emobility.de\/network\/#organization","name":"cFos eMobility GmbH","url":"https:\/\/www.cfos-emobility.de\/network\/","logo":{"@type":"ImageObject","inLanguage":"de","@id":"https:\/\/www.cfos-emobility.de\/network\/#\/schema\/logo\/image\/","url":"https:\/\/www.cfos-emobility.de\/network\/wp-content\/uploads\/2021\/12\/cfos-emobility-logo.jpg","contentUrl":"https:\/\/www.cfos-emobility.de\/network\/wp-content\/uploads\/2021\/12\/cfos-emobility-logo.jpg","width":221,"height":80,"caption":"cFos eMobility GmbH"},"image":{"@id":"https:\/\/www.cfos-emobility.de\/network\/#\/schema\/logo\/image\/"},"sameAs":["https:\/\/x.com\/cFosEmobility"]}]}</script>
<!-- / Yoast SEO plugin. -->

Hallo cfos-Community, bei mir verhält sich das Überschussladen merkwürdig wenn der Eigenverbrauch größer als der Solarstrom ist. Die Laderegel ist aktuell konfiguriert, noch 5 Minuten weiter zu laden um nicht unnötig viele Schaltvorgänge am Relais zu machen. Laderegel siehe Screenshot. Das funktioniert auch soweit, aber sobald der Eigenverbrauch nicht mehr durch den Solarstrom gedeckt werden [&hellip;]
