{"id":4590,"date":"2024-11-24T18:55:21","date_gmt":"2024-11-24T17:55:21","guid":{"rendered":"https:\/\/www.cfos-emobility.de\/network\/antworten\/konfiguration-fuer-winter-und-sommer-ueberschussladen\/"},"modified":"2024-11-24T19:11:06","modified_gmt":"2024-11-24T18:11:06","slug":"konfiguration-fuer-winter-und-sommer-ueberschussladen","status":"publish","type":"cma_thread","link":"https:\/\/www.cfos-emobility.de\/network\/antworten\/konfiguration-fuer-winter-und-sommer-ueberschussladen\/","title":{"rendered":"Konfiguration \u00dcberschussladen ohne Wallboxverbrauch"},"content":{"rendered":"<p>Hallo,<\/p>\n<p>wie kann ich die Wallbox Konfiguration so gestalten, dass sie sich nicht bei der Berechnung des \u00dcberschusses sich nicht selbst mitrechnet.<\/p>\n<p>Meine Stromz\u00e4hler (die vom Wechselrichter) haben die Wallbox nicht im blick da sie gleich nach dem Hausz\u00e4hler installiert ist.<\/p>\n<p>Ich m\u00f6chte, dass die Wallbox Produktion minus Verbrauch rechnet und das dann als Ladestrom benutzt und nicht noch zus\u00e4tzlich versucht sich aus der Gleichung zu subtrahieren da sie nicht mitgez\u00e4hlt wird.<\/p>\n<p>Vielen Dank<\/p>\n","protected":false},"excerpt":{"rendered":"<p>Hallo, wie kann ich die Wallbox Konfiguration so gestalten, dass sie sich nicht bei der Berechnung des \u00dcberschusses sich nicht selbst mitrechnet. Meine Stromz\u00e4hler (die vom Wechselrichter) haben die Wallbox nicht im blick da sie gleich nach dem Hausz\u00e4hler installiert ist. Ich m\u00f6chte, dass die Wallbox Produktion minus Verbrauch rechnet und das dann als Ladestrom [&hellip;]<\/p>\n","protected":false},"author":467,"featured_media":0,"template":"","tags":[46],"cma_category":[2],"cma_difficulty_level":[],"class_list":["post-4590","cma_thread","type-cma_thread","status-publish","hentry","tag-konfiguration","cma_category-cfos-emobility"],"yoast_head":"<!-- This site is optimized with the Yoast SEO plugin v27.5 - https:\/\/yoast.com\/product\/yoast-seo-wordpress\/ -->\n<title>Konfiguration \u00dcberschussladen ohne Wallboxverbrauch - cFos eMobility Network<\/title>\n<meta name=\"robots\" content=\"index, follow, max-snippet:-1, max-image-preview:large, max-video-preview:-1\" \/>\n<link rel=\"canonical\" href=\"https:\/\/www.cfos-emobility.de\/network\/antworten\/konfiguration-fuer-winter-und-sommer-ueberschussladen\/\" \/>\n<meta property=\"og:locale\" content=\"de_DE\" \/>\n<meta property=\"og:type\" content=\"article\" \/>\n<meta property=\"og:title\" content=\"Konfiguration \u00dcberschussladen ohne Wallboxverbrauch - cFos eMobility Network\" \/>\n<meta property=\"og:description\" content=\"Hallo, wie kann ich die Wallbox Konfiguration so gestalten, dass sie sich nicht bei der Berechnung des \u00dcberschusses sich nicht selbst mitrechnet. Meine Stromz\u00e4hler (die vom Wechselrichter) haben die Wallbox nicht im blick da sie gleich nach dem Hausz\u00e4hler installiert ist. Ich m\u00f6chte, dass die Wallbox Produktion minus Verbrauch rechnet und das dann als Ladestrom [&hellip;]\" \/>\n<meta property=\"og:url\" content=\"https:\/\/www.cfos-emobility.de\/network\/antworten\/konfiguration-fuer-winter-und-sommer-ueberschussladen\/\" \/>\n<meta property=\"og:site_name\" content=\"cFos eMobility Network\" \/>\n<meta property=\"article:modified_time\" content=\"2024-11-24T18:11:06+00:00\" \/>\n<meta name=\"twitter:card\" content=\"summary_large_image\" \/>\n<meta name=\"twitter:site\" content=\"@cFosEmobility\" \/>\n<script type=\"application\/ld+json\" class=\"yoast-schema-graph\">{\"@context\":\"https:\\\/\\\/schema.org\",\"@graph\":[{\"@type\":\"WebPage\",\"@id\":\"https:\\\/\\\/www.cfos-emobility.de\\\/network\\\/antworten\\\/konfiguration-fuer-winter-und-sommer-ueberschussladen\\\/\",\"url\":\"https:\\\/\\\/www.cfos-emobility.de\\\/network\\\/antworten\\\/konfiguration-fuer-winter-und-sommer-ueberschussladen\\\/\",\"name\":\"Konfiguration \u00dcberschussladen ohne Wallboxverbrauch - cFos eMobility Network\",\"isPartOf\":{\"@id\":\"https:\\\/\\\/www.cfos-emobility.de\\\/network\\\/#website\"},\"datePublished\":\"2024-11-24T17:55:21+00:00\",\"dateModified\":\"2024-11-24T18:11:06+00:00\",\"breadcrumb\":{\"@id\":\"https:\\\/\\\/www.cfos-emobility.de\\\/network\\\/antworten\\\/konfiguration-fuer-winter-und-sommer-ueberschussladen\\\/#breadcrumb\"},\"inLanguage\":\"de\",\"potentialAction\":[{\"@type\":\"ReadAction\",\"target\":[\"https:\\\/\\\/www.cfos-emobility.de\\\/network\\\/antworten\\\/konfiguration-fuer-winter-und-sommer-ueberschussladen\\\/\"]}]},{\"@type\":\"BreadcrumbList\",\"@id\":\"https:\\\/\\\/www.cfos-emobility.de\\\/network\\\/antworten\\\/konfiguration-fuer-winter-und-sommer-ueberschussladen\\\/#breadcrumb\",\"itemListElement\":[{\"@type\":\"ListItem\",\"position\":1,\"name\":\"Startseite\",\"item\":\"https:\\\/\\\/www.cfos-emobility.de\\\/network\\\/\"},{\"@type\":\"ListItem\",\"position\":2,\"name\":\"Fragen\",\"item\":\"https:\\\/\\\/www.cfos-emobility.de\\\/network\\\/antworten\\\/\"},{\"@type\":\"ListItem\",\"position\":3,\"name\":\"Konfiguration \u00dcberschussladen ohne Wallboxverbrauch\"}]},{\"@type\":\"WebSite\",\"@id\":\"https:\\\/\\\/www.cfos-emobility.de\\\/network\\\/#website\",\"url\":\"https:\\\/\\\/www.cfos-emobility.de\\\/network\\\/\",\"name\":\"cFos eMobility Network\",\"description\":\"Das cFos Power Brain Community Portal\",\"publisher\":{\"@id\":\"https:\\\/\\\/www.cfos-emobility.de\\\/network\\\/#organization\"},\"potentialAction\":[{\"@type\":\"SearchAction\",\"target\":{\"@type\":\"EntryPoint\",\"urlTemplate\":\"https:\\\/\\\/www.cfos-emobility.de\\\/network\\\/?s={search_term_string}\"},\"query-input\":{\"@type\":\"PropertyValueSpecification\",\"valueRequired\":true,\"valueName\":\"search_term_string\"}}],\"inLanguage\":\"de\"},{\"@type\":\"Organization\",\"@id\":\"https:\\\/\\\/www.cfos-emobility.de\\\/network\\\/#organization\",\"name\":\"cFos eMobility GmbH\",\"url\":\"https:\\\/\\\/www.cfos-emobility.de\\\/network\\\/\",\"logo\":{\"@type\":\"ImageObject\",\"inLanguage\":\"de\",\"@id\":\"https:\\\/\\\/www.cfos-emobility.de\\\/network\\\/#\\\/schema\\\/logo\\\/image\\\/\",\"url\":\"https:\\\/\\\/www.cfos-emobility.de\\\/network\\\/wp-content\\\/uploads\\\/2021\\\/12\\\/cfos-emobility-logo.jpg\",\"contentUrl\":\"https:\\\/\\\/www.cfos-emobility.de\\\/network\\\/wp-content\\\/uploads\\\/2021\\\/12\\\/cfos-emobility-logo.jpg\",\"width\":221,\"height\":80,\"caption\":\"cFos eMobility GmbH\"},\"image\":{\"@id\":\"https:\\\/\\\/www.cfos-emobility.de\\\/network\\\/#\\\/schema\\\/logo\\\/image\\\/\"},\"sameAs\":[\"https:\\\/\\\/x.com\\\/cFosEmobility\"]}]}<\/script>\n<!-- \/ Yoast SEO plugin. -->","yoast_head_json":{"title":"Konfiguration \u00dcberschussladen ohne Wallboxverbrauch - cFos eMobility Network","robots":{"index":"index","follow":"follow","max-snippet":"max-snippet:-1","max-image-preview":"max-image-preview:large","max-video-preview":"max-video-preview:-1"},"canonical":"https:\/\/www.cfos-emobility.de\/network\/antworten\/konfiguration-fuer-winter-und-sommer-ueberschussladen\/","og_locale":"de_DE","og_type":"article","og_title":"Konfiguration \u00dcberschussladen ohne Wallboxverbrauch - cFos eMobility Network","og_description":"Hallo, wie kann ich die Wallbox Konfiguration so gestalten, dass sie sich nicht bei der Berechnung des \u00dcberschusses sich nicht selbst mitrechnet. Meine Stromz\u00e4hler (die vom Wechselrichter) haben die Wallbox nicht im blick da sie gleich nach dem Hausz\u00e4hler installiert ist. Ich m\u00f6chte, dass die Wallbox Produktion minus Verbrauch rechnet und das dann als Ladestrom [&hellip;]","og_url":"https:\/\/www.cfos-emobility.de\/network\/antworten\/konfiguration-fuer-winter-und-sommer-ueberschussladen\/","og_site_name":"cFos eMobility Network","article_modified_time":"2024-11-24T18:11:06+00:00","twitter_card":"summary_large_image","twitter_site":"@cFosEmobility","schema":{"@context":"https:\/\/schema.org","@graph":[{"@type":"WebPage","@id":"https:\/\/www.cfos-emobility.de\/network\/antworten\/konfiguration-fuer-winter-und-sommer-ueberschussladen\/","url":"https:\/\/www.cfos-emobility.de\/network\/antworten\/konfiguration-fuer-winter-und-sommer-ueberschussladen\/","name":"Konfiguration \u00dcberschussladen ohne Wallboxverbrauch - cFos eMobility Network","isPartOf":{"@id":"https:\/\/www.cfos-emobility.de\/network\/#website"},"datePublished":"2024-11-24T17:55:21+00:00","dateModified":"2024-11-24T18:11:06+00:00","breadcrumb":{"@id":"https:\/\/www.cfos-emobility.de\/network\/antworten\/konfiguration-fuer-winter-und-sommer-ueberschussladen\/#breadcrumb"},"inLanguage":"de","potentialAction":[{"@type":"ReadAction","target":["https:\/\/www.cfos-emobility.de\/network\/antworten\/konfiguration-fuer-winter-und-sommer-ueberschussladen\/"]}]},{"@type":"BreadcrumbList","@id":"https:\/\/www.cfos-emobility.de\/network\/antworten\/konfiguration-fuer-winter-und-sommer-ueberschussladen\/#breadcrumb","itemListElement":[{"@type":"ListItem","position":1,"name":"Startseite","item":"https:\/\/www.cfos-emobility.de\/network\/"},{"@type":"ListItem","position":2,"name":"Fragen","item":"https:\/\/www.cfos-emobility.de\/network\/antworten\/"},{"@type":"ListItem","position":3,"name":"Konfiguration \u00dcberschussladen ohne Wallboxverbrauch"}]},{"@type":"WebSite","@id":"https:\/\/www.cfos-emobility.de\/network\/#website","url":"https:\/\/www.cfos-emobility.de\/network\/","name":"cFos eMobility Network","description":"Das cFos Power Brain Community Portal","publisher":{"@id":"https:\/\/www.cfos-emobility.de\/network\/#organization"},"potentialAction":[{"@type":"SearchAction","target":{"@type":"EntryPoint","urlTemplate":"https:\/\/www.cfos-emobility.de\/network\/?s={search_term_string}"},"query-input":{"@type":"PropertyValueSpecification","valueRequired":true,"valueName":"search_term_string"}}],"inLanguage":"de"},{"@type":"Organization","@id":"https:\/\/www.cfos-emobility.de\/network\/#organization","name":"cFos eMobility GmbH","url":"https:\/\/www.cfos-emobility.de\/network\/","logo":{"@type":"ImageObject","inLanguage":"de","@id":"https:\/\/www.cfos-emobility.de\/network\/#\/schema\/logo\/image\/","url":"https:\/\/www.cfos-emobility.de\/network\/wp-content\/uploads\/2021\/12\/cfos-emobility-logo.jpg","contentUrl":"https:\/\/www.cfos-emobility.de\/network\/wp-content\/uploads\/2021\/12\/cfos-emobility-logo.jpg","width":221,"height":80,"caption":"cFos eMobility GmbH"},"image":{"@id":"https:\/\/www.cfos-emobility.de\/network\/#\/schema\/logo\/image\/"},"sameAs":["https:\/\/x.com\/cFosEmobility"]}]}},"_links":{"self":[{"href":"https:\/\/www.cfos-emobility.de\/network\/wp-json\/wp\/v2\/cma_thread\/4590","targetHints":{"allow":["GET"]}}],"collection":[{"href":"https:\/\/www.cfos-emobility.de\/network\/wp-json\/wp\/v2\/cma_thread"}],"about":[{"href":"https:\/\/www.cfos-emobility.de\/network\/wp-json\/wp\/v2\/types\/cma_thread"}],"author":[{"embeddable":true,"href":"https:\/\/www.cfos-emobility.de\/network\/wp-json\/wp\/v2\/users\/467"}],"wp:attachment":[{"href":"https:\/\/www.cfos-emobility.de\/network\/wp-json\/wp\/v2\/media?parent=4590"}],"wp:term":[{"taxonomy":"post_tag","embeddable":true,"href":"https:\/\/www.cfos-emobility.de\/network\/wp-json\/wp\/v2\/tags?post=4590"},{"taxonomy":"cma_category","embeddable":true,"href":"https:\/\/www.cfos-emobility.de\/network\/wp-json\/wp\/v2\/cma_category?post=4590"},{"taxonomy":"cma_difficulty_level","embeddable":true,"href":"https:\/\/www.cfos-emobility.de\/network\/wp-json\/wp\/v2\/cma_difficulty_level?post=4590"}],"curies":[{"name":"wp","href":"https:\/\/api.w.org\/{rel}","templated":true}]}}

Konfiguration Überschussladen ohne Wallboxverbrauch

<p>Hallo,</p>
<p>wie kann ich die Wallbox Konfiguration so gestalten, dass sie sich nicht bei der Berechnung des Überschusses sich nicht selbst mitrechnet.</p>
<p>Meine Stromzähler (die vom Wechselrichter) haben die Wallbox nicht im blick da sie gleich nach dem Hauszähler installiert ist.</p>
<p>Ich möchte, dass die Wallbox Produktion minus Verbrauch rechnet und das dann als Ladestrom benutzt und nicht noch zusätzlich versucht sich aus der Gleichung zu subtrahieren da sie nicht mitgezählt wird.</p>
<p>Vielen Dank</p>

<p>Hallo, wie kann ich die Wallbox Konfiguration so gestalten, dass sie sich nicht bei der Berechnung des Überschusses sich nicht selbst mitrechnet. Meine Stromzähler (die vom Wechselrichter) haben die Wallbox nicht im blick da sie gleich nach dem Hauszähler installiert ist. Ich möchte, dass die Wallbox Produktion minus Verbrauch rechnet und das dann als Ladestrom [&hellip;]</p>

<!-- This site is optimized with the Yoast SEO plugin v27.5 - https://yoast.com/product/yoast-seo-wordpress/ -->
<title>Konfiguration Überschussladen ohne Wallboxverbrauch - cFos eMobility Network</title>
<meta name="robots" content="index, follow, max-snippet:-1, max-image-preview:large, max-video-preview:-1" />
<link rel="canonical" href="https://www.cfos-emobility.de/network/antworten/konfiguration-fuer-winter-und-sommer-ueberschussladen/" />
<meta property="og:locale" content="de_DE" />
<meta property="og:type" content="article" />
<meta property="og:title" content="Konfiguration Überschussladen ohne Wallboxverbrauch - cFos eMobility Network" />
<meta property="og:description" content="Hallo, wie kann ich die Wallbox Konfiguration so gestalten, dass sie sich nicht bei der Berechnung des Überschusses sich nicht selbst mitrechnet. Meine Stromzähler (die vom Wechselrichter) haben die Wallbox nicht im blick da sie gleich nach dem Hauszähler installiert ist. Ich möchte, dass die Wallbox Produktion minus Verbrauch rechnet und das dann als Ladestrom [&hellip;]" />
<meta property="og:url" content="https://www.cfos-emobility.de/network/antworten/konfiguration-fuer-winter-und-sommer-ueberschussladen/" />
<meta property="og:site_name" content="cFos eMobility Network" />
<meta property="article:modified_time" content="2024-11-24T18:11:06+00:00" />
<meta name="twitter:card" content="summary_large_image" />
<meta name="twitter:site" content="@cFosEmobility" />
<script type="application/ld+json" class="yoast-schema-graph">{"@context":"https:\/\/schema.org","@graph":[{"@type":"WebPage","@id":"https:\/\/www.cfos-emobility.de\/network\/antworten\/konfiguration-fuer-winter-und-sommer-ueberschussladen\/","url":"https:\/\/www.cfos-emobility.de\/network\/antworten\/konfiguration-fuer-winter-und-sommer-ueberschussladen\/","name":"Konfiguration Überschussladen ohne Wallboxverbrauch - cFos eMobility Network","isPartOf":{"@id":"https:\/\/www.cfos-emobility.de\/network\/#website"},"datePublished":"2024-11-24T17:55:21+00:00","dateModified":"2024-11-24T18:11:06+00:00","breadcrumb":{"@id":"https:\/\/www.cfos-emobility.de\/network\/antworten\/konfiguration-fuer-winter-und-sommer-ueberschussladen\/#breadcrumb"},"inLanguage":"de","potentialAction":[{"@type":"ReadAction","target":["https:\/\/www.cfos-emobility.de\/network\/antworten\/konfiguration-fuer-winter-und-sommer-ueberschussladen\/"]}]},{"@type":"BreadcrumbList","@id":"https:\/\/www.cfos-emobility.de\/network\/antworten\/konfiguration-fuer-winter-und-sommer-ueberschussladen\/#breadcrumb","itemListElement":[{"@type":"ListItem","position":1,"name":"Startseite","item":"https:\/\/www.cfos-emobility.de\/network\/"},{"@type":"ListItem","position":2,"name":"Fragen","item":"https:\/\/www.cfos-emobility.de\/network\/antworten\/"},{"@type":"ListItem","position":3,"name":"Konfiguration Überschussladen ohne Wallboxverbrauch"}]},{"@type":"WebSite","@id":"https:\/\/www.cfos-emobility.de\/network\/#website","url":"https:\/\/www.cfos-emobility.de\/network\/","name":"cFos eMobility Network","description":"Das cFos Power Brain Community Portal","publisher":{"@id":"https:\/\/www.cfos-emobility.de\/network\/#organization"},"potentialAction":[{"@type":"SearchAction","target":{"@type":"EntryPoint","urlTemplate":"https:\/\/www.cfos-emobility.de\/network\/?s={search_term_string}"},"query-input":{"@type":"PropertyValueSpecification","valueRequired":true,"valueName":"search_term_string"}}],"inLanguage":"de"},{"@type":"Organization","@id":"https:\/\/www.cfos-emobility.de\/network\/#organization","name":"cFos eMobility GmbH","url":"https:\/\/www.cfos-emobility.de\/network\/","logo":{"@type":"ImageObject","inLanguage":"de","@id":"https:\/\/www.cfos-emobility.de\/network\/#\/schema\/logo\/image\/","url":"https:\/\/www.cfos-emobility.de\/network\/wp-content\/uploads\/2021\/12\/cfos-emobility-logo.jpg","contentUrl":"https:\/\/www.cfos-emobility.de\/network\/wp-content\/uploads\/2021\/12\/cfos-emobility-logo.jpg","width":221,"height":80,"caption":"cFos eMobility GmbH"},"image":{"@id":"https:\/\/www.cfos-emobility.de\/network\/#\/schema\/logo\/image\/"},"sameAs":["https:\/\/x.com\/cFosEmobility"]}]}</script>
<!-- / Yoast SEO plugin. -->

Konfiguration Überschussladen ohne Wallboxverbrauch - cFos eMobility Network

Hallo, wie kann ich die Wallbox Konfiguration so gestalten, dass sie sich nicht bei der Berechnung des Überschusses sich nicht selbst mitrechnet. Meine Stromzähler (die vom Wechselrichter) haben die Wallbox nicht im blick da sie gleich nach dem Hauszähler installiert ist. Ich möchte, dass die Wallbox Produktion minus Verbrauch rechnet und das dann als Ladestrom [&hellip;]
