{"id":4513,"date":"2024-11-16T18:41:06","date_gmt":"2024-11-16T17:41:06","guid":{"rendered":"https:\/\/www.cfos-emobility.de\/network\/antworten\/per-laderegel-vorgegebener-strom-wird-ignoriert\/"},"modified":"2025-01-27T19:45:39","modified_gmt":"2025-01-27T18:45:39","slug":"per-laderegel-vorgegebener-strom-wird-ignoriert","status":"publish","type":"cma_thread","link":"https:\/\/www.cfos-emobility.de\/network\/antworten\/per-laderegel-vorgegebener-strom-wird-ignoriert\/","title":{"rendered":"per Laderegel vorgegebener Strom wird ignoriert"},"content":{"rendered":"<p>Mir ist aufgefallen, dass die Wallbox die Angaben zum Ladestrom in meinen Laderegeln offenbar ignoriert. Stattdessen l\u00e4dt sie mit dem maximal verf\u00fcgbaren Strom (pro Phase), der f\u00fcr die Wallbox eingestellt ist. Lt. Regel soll zu einer bestimmten Uhrzeit mit 15A geladen werden, stattdessen l\u00e4dt die Box mit 16,6 von 18A. 18A habe ich als max. Strom pro Phase eingestellt. Im Grunde greift nur die Regel 24, R1-10 greifen wegen fehlendem \u00dcberschuss nicht und Regeln 20 und 22 sind deaktiviert.<\/p>\n<p>&nbsp;<\/p>\n","protected":false},"excerpt":{"rendered":"<p>Mir ist aufgefallen, dass die Wallbox die Angaben zum Ladestrom in meinen Laderegeln offenbar ignoriert. Stattdessen l\u00e4dt sie mit dem maximal verf\u00fcgbaren Strom (pro Phase), der f\u00fcr die Wallbox eingestellt ist. Lt. Regel soll zu einer bestimmten Uhrzeit mit 15A geladen werden, stattdessen l\u00e4dt die Box mit 16,6 von 18A. 18A habe ich als max. [&hellip;]<\/p>\n","protected":false},"author":393,"featured_media":0,"template":"","tags":[171,99],"cma_category":[],"cma_difficulty_level":[],"class_list":["post-4513","cma_thread","type-cma_thread","status-publish","hentry","tag-laderegeln","tag-ladestrom"],"yoast_head":"<!-- This site is optimized with the Yoast SEO plugin v27.5 - https:\/\/yoast.com\/product\/yoast-seo-wordpress\/ -->\n<title>per Laderegel vorgegebener Strom wird ignoriert - cFos eMobility Network<\/title>\n<meta name=\"robots\" content=\"index, follow, max-snippet:-1, max-image-preview:large, max-video-preview:-1\" \/>\n<link rel=\"canonical\" href=\"https:\/\/www.cfos-emobility.de\/network\/antworten\/per-laderegel-vorgegebener-strom-wird-ignoriert\/\" \/>\n<meta property=\"og:locale\" content=\"de_DE\" \/>\n<meta property=\"og:type\" content=\"article\" \/>\n<meta property=\"og:title\" content=\"per Laderegel vorgegebener Strom wird ignoriert - cFos eMobility Network\" \/>\n<meta property=\"og:description\" content=\"Mir ist aufgefallen, dass die Wallbox die Angaben zum Ladestrom in meinen Laderegeln offenbar ignoriert. Stattdessen l\u00e4dt sie mit dem maximal verf\u00fcgbaren Strom (pro Phase), der f\u00fcr die Wallbox eingestellt ist. Lt. Regel soll zu einer bestimmten Uhrzeit mit 15A geladen werden, stattdessen l\u00e4dt die Box mit 16,6 von 18A. 18A habe ich als max. [&hellip;]\" \/>\n<meta property=\"og:url\" content=\"https:\/\/www.cfos-emobility.de\/network\/antworten\/per-laderegel-vorgegebener-strom-wird-ignoriert\/\" \/>\n<meta property=\"og:site_name\" content=\"cFos eMobility Network\" \/>\n<meta property=\"article:modified_time\" content=\"2025-01-27T18:45:39+00:00\" \/>\n<meta name=\"twitter:card\" content=\"summary_large_image\" \/>\n<meta name=\"twitter:site\" content=\"@cFosEmobility\" \/>\n<script type=\"application\/ld+json\" class=\"yoast-schema-graph\">{\"@context\":\"https:\\\/\\\/schema.org\",\"@graph\":[{\"@type\":\"WebPage\",\"@id\":\"https:\\\/\\\/www.cfos-emobility.de\\\/network\\\/antworten\\\/per-laderegel-vorgegebener-strom-wird-ignoriert\\\/\",\"url\":\"https:\\\/\\\/www.cfos-emobility.de\\\/network\\\/antworten\\\/per-laderegel-vorgegebener-strom-wird-ignoriert\\\/\",\"name\":\"per Laderegel vorgegebener Strom wird ignoriert - cFos eMobility Network\",\"isPartOf\":{\"@id\":\"https:\\\/\\\/www.cfos-emobility.de\\\/network\\\/#website\"},\"datePublished\":\"2024-11-16T17:41:06+00:00\",\"dateModified\":\"2025-01-27T18:45:39+00:00\",\"breadcrumb\":{\"@id\":\"https:\\\/\\\/www.cfos-emobility.de\\\/network\\\/antworten\\\/per-laderegel-vorgegebener-strom-wird-ignoriert\\\/#breadcrumb\"},\"inLanguage\":\"de\",\"potentialAction\":[{\"@type\":\"ReadAction\",\"target\":[\"https:\\\/\\\/www.cfos-emobility.de\\\/network\\\/antworten\\\/per-laderegel-vorgegebener-strom-wird-ignoriert\\\/\"]}]},{\"@type\":\"BreadcrumbList\",\"@id\":\"https:\\\/\\\/www.cfos-emobility.de\\\/network\\\/antworten\\\/per-laderegel-vorgegebener-strom-wird-ignoriert\\\/#breadcrumb\",\"itemListElement\":[{\"@type\":\"ListItem\",\"position\":1,\"name\":\"Startseite\",\"item\":\"https:\\\/\\\/www.cfos-emobility.de\\\/network\\\/\"},{\"@type\":\"ListItem\",\"position\":2,\"name\":\"Fragen\",\"item\":\"https:\\\/\\\/www.cfos-emobility.de\\\/network\\\/antworten\\\/\"},{\"@type\":\"ListItem\",\"position\":3,\"name\":\"per Laderegel vorgegebener Strom wird ignoriert\"}]},{\"@type\":\"WebSite\",\"@id\":\"https:\\\/\\\/www.cfos-emobility.de\\\/network\\\/#website\",\"url\":\"https:\\\/\\\/www.cfos-emobility.de\\\/network\\\/\",\"name\":\"cFos eMobility Network\",\"description\":\"Das cFos Power Brain Community Portal\",\"publisher\":{\"@id\":\"https:\\\/\\\/www.cfos-emobility.de\\\/network\\\/#organization\"},\"potentialAction\":[{\"@type\":\"SearchAction\",\"target\":{\"@type\":\"EntryPoint\",\"urlTemplate\":\"https:\\\/\\\/www.cfos-emobility.de\\\/network\\\/?s={search_term_string}\"},\"query-input\":{\"@type\":\"PropertyValueSpecification\",\"valueRequired\":true,\"valueName\":\"search_term_string\"}}],\"inLanguage\":\"de\"},{\"@type\":\"Organization\",\"@id\":\"https:\\\/\\\/www.cfos-emobility.de\\\/network\\\/#organization\",\"name\":\"cFos eMobility GmbH\",\"url\":\"https:\\\/\\\/www.cfos-emobility.de\\\/network\\\/\",\"logo\":{\"@type\":\"ImageObject\",\"inLanguage\":\"de\",\"@id\":\"https:\\\/\\\/www.cfos-emobility.de\\\/network\\\/#\\\/schema\\\/logo\\\/image\\\/\",\"url\":\"https:\\\/\\\/www.cfos-emobility.de\\\/network\\\/wp-content\\\/uploads\\\/2021\\\/12\\\/cfos-emobility-logo.jpg\",\"contentUrl\":\"https:\\\/\\\/www.cfos-emobility.de\\\/network\\\/wp-content\\\/uploads\\\/2021\\\/12\\\/cfos-emobility-logo.jpg\",\"width\":221,\"height\":80,\"caption\":\"cFos eMobility GmbH\"},\"image\":{\"@id\":\"https:\\\/\\\/www.cfos-emobility.de\\\/network\\\/#\\\/schema\\\/logo\\\/image\\\/\"},\"sameAs\":[\"https:\\\/\\\/x.com\\\/cFosEmobility\"]}]}<\/script>\n<!-- \/ Yoast SEO plugin. -->","yoast_head_json":{"title":"per Laderegel vorgegebener Strom wird ignoriert - cFos eMobility Network","robots":{"index":"index","follow":"follow","max-snippet":"max-snippet:-1","max-image-preview":"max-image-preview:large","max-video-preview":"max-video-preview:-1"},"canonical":"https:\/\/www.cfos-emobility.de\/network\/antworten\/per-laderegel-vorgegebener-strom-wird-ignoriert\/","og_locale":"de_DE","og_type":"article","og_title":"per Laderegel vorgegebener Strom wird ignoriert - cFos eMobility Network","og_description":"Mir ist aufgefallen, dass die Wallbox die Angaben zum Ladestrom in meinen Laderegeln offenbar ignoriert. Stattdessen l\u00e4dt sie mit dem maximal verf\u00fcgbaren Strom (pro Phase), der f\u00fcr die Wallbox eingestellt ist. Lt. Regel soll zu einer bestimmten Uhrzeit mit 15A geladen werden, stattdessen l\u00e4dt die Box mit 16,6 von 18A. 18A habe ich als max. [&hellip;]","og_url":"https:\/\/www.cfos-emobility.de\/network\/antworten\/per-laderegel-vorgegebener-strom-wird-ignoriert\/","og_site_name":"cFos eMobility Network","article_modified_time":"2025-01-27T18:45:39+00:00","twitter_card":"summary_large_image","twitter_site":"@cFosEmobility","schema":{"@context":"https:\/\/schema.org","@graph":[{"@type":"WebPage","@id":"https:\/\/www.cfos-emobility.de\/network\/antworten\/per-laderegel-vorgegebener-strom-wird-ignoriert\/","url":"https:\/\/www.cfos-emobility.de\/network\/antworten\/per-laderegel-vorgegebener-strom-wird-ignoriert\/","name":"per Laderegel vorgegebener Strom wird ignoriert - cFos eMobility Network","isPartOf":{"@id":"https:\/\/www.cfos-emobility.de\/network\/#website"},"datePublished":"2024-11-16T17:41:06+00:00","dateModified":"2025-01-27T18:45:39+00:00","breadcrumb":{"@id":"https:\/\/www.cfos-emobility.de\/network\/antworten\/per-laderegel-vorgegebener-strom-wird-ignoriert\/#breadcrumb"},"inLanguage":"de","potentialAction":[{"@type":"ReadAction","target":["https:\/\/www.cfos-emobility.de\/network\/antworten\/per-laderegel-vorgegebener-strom-wird-ignoriert\/"]}]},{"@type":"BreadcrumbList","@id":"https:\/\/www.cfos-emobility.de\/network\/antworten\/per-laderegel-vorgegebener-strom-wird-ignoriert\/#breadcrumb","itemListElement":[{"@type":"ListItem","position":1,"name":"Startseite","item":"https:\/\/www.cfos-emobility.de\/network\/"},{"@type":"ListItem","position":2,"name":"Fragen","item":"https:\/\/www.cfos-emobility.de\/network\/antworten\/"},{"@type":"ListItem","position":3,"name":"per Laderegel vorgegebener Strom wird ignoriert"}]},{"@type":"WebSite","@id":"https:\/\/www.cfos-emobility.de\/network\/#website","url":"https:\/\/www.cfos-emobility.de\/network\/","name":"cFos eMobility Network","description":"Das cFos Power Brain Community Portal","publisher":{"@id":"https:\/\/www.cfos-emobility.de\/network\/#organization"},"potentialAction":[{"@type":"SearchAction","target":{"@type":"EntryPoint","urlTemplate":"https:\/\/www.cfos-emobility.de\/network\/?s={search_term_string}"},"query-input":{"@type":"PropertyValueSpecification","valueRequired":true,"valueName":"search_term_string"}}],"inLanguage":"de"},{"@type":"Organization","@id":"https:\/\/www.cfos-emobility.de\/network\/#organization","name":"cFos eMobility GmbH","url":"https:\/\/www.cfos-emobility.de\/network\/","logo":{"@type":"ImageObject","inLanguage":"de","@id":"https:\/\/www.cfos-emobility.de\/network\/#\/schema\/logo\/image\/","url":"https:\/\/www.cfos-emobility.de\/network\/wp-content\/uploads\/2021\/12\/cfos-emobility-logo.jpg","contentUrl":"https:\/\/www.cfos-emobility.de\/network\/wp-content\/uploads\/2021\/12\/cfos-emobility-logo.jpg","width":221,"height":80,"caption":"cFos eMobility GmbH"},"image":{"@id":"https:\/\/www.cfos-emobility.de\/network\/#\/schema\/logo\/image\/"},"sameAs":["https:\/\/x.com\/cFosEmobility"]}]}},"_links":{"self":[{"href":"https:\/\/www.cfos-emobility.de\/network\/wp-json\/wp\/v2\/cma_thread\/4513","targetHints":{"allow":["GET"]}}],"collection":[{"href":"https:\/\/www.cfos-emobility.de\/network\/wp-json\/wp\/v2\/cma_thread"}],"about":[{"href":"https:\/\/www.cfos-emobility.de\/network\/wp-json\/wp\/v2\/types\/cma_thread"}],"author":[{"embeddable":true,"href":"https:\/\/www.cfos-emobility.de\/network\/wp-json\/wp\/v2\/users\/393"}],"wp:attachment":[{"href":"https:\/\/www.cfos-emobility.de\/network\/wp-json\/wp\/v2\/media?parent=4513"}],"wp:term":[{"taxonomy":"post_tag","embeddable":true,"href":"https:\/\/www.cfos-emobility.de\/network\/wp-json\/wp\/v2\/tags?post=4513"},{"taxonomy":"cma_category","embeddable":true,"href":"https:\/\/www.cfos-emobility.de\/network\/wp-json\/wp\/v2\/cma_category?post=4513"},{"taxonomy":"cma_difficulty_level","embeddable":true,"href":"https:\/\/www.cfos-emobility.de\/network\/wp-json\/wp\/v2\/cma_difficulty_level?post=4513"}],"curies":[{"name":"wp","href":"https:\/\/api.w.org\/{rel}","templated":true}]}}

<p>Mir ist aufgefallen, dass die Wallbox die Angaben zum Ladestrom in meinen Laderegeln offenbar ignoriert. Stattdessen lädt sie mit dem maximal verfügbaren Strom (pro Phase), der für die Wallbox eingestellt ist. Lt. Regel soll zu einer bestimmten Uhrzeit mit 15A geladen werden, stattdessen lädt die Box mit 16,6 von 18A. 18A habe ich als max. Strom pro Phase eingestellt. Im Grunde greift nur die Regel 24, R1-10 greifen wegen fehlendem Überschuss nicht und Regeln 20 und 22 sind deaktiviert.</p>
<p>&nbsp;</p>

<p>Mir ist aufgefallen, dass die Wallbox die Angaben zum Ladestrom in meinen Laderegeln offenbar ignoriert. Stattdessen lädt sie mit dem maximal verfügbaren Strom (pro Phase), der für die Wallbox eingestellt ist. Lt. Regel soll zu einer bestimmten Uhrzeit mit 15A geladen werden, stattdessen lädt die Box mit 16,6 von 18A. 18A habe ich als max. [&hellip;]</p>

<!-- This site is optimized with the Yoast SEO plugin v27.5 - https://yoast.com/product/yoast-seo-wordpress/ -->
<title>per Laderegel vorgegebener Strom wird ignoriert - cFos eMobility Network</title>
<meta name="robots" content="index, follow, max-snippet:-1, max-image-preview:large, max-video-preview:-1" />
<link rel="canonical" href="https://www.cfos-emobility.de/network/antworten/per-laderegel-vorgegebener-strom-wird-ignoriert/" />
<meta property="og:locale" content="de_DE" />
<meta property="og:type" content="article" />
<meta property="og:title" content="per Laderegel vorgegebener Strom wird ignoriert - cFos eMobility Network" />
<meta property="og:description" content="Mir ist aufgefallen, dass die Wallbox die Angaben zum Ladestrom in meinen Laderegeln offenbar ignoriert. Stattdessen lädt sie mit dem maximal verfügbaren Strom (pro Phase), der für die Wallbox eingestellt ist. Lt. Regel soll zu einer bestimmten Uhrzeit mit 15A geladen werden, stattdessen lädt die Box mit 16,6 von 18A. 18A habe ich als max. [&hellip;]" />
<meta property="og:url" content="https://www.cfos-emobility.de/network/antworten/per-laderegel-vorgegebener-strom-wird-ignoriert/" />
<meta property="og:site_name" content="cFos eMobility Network" />
<meta property="article:modified_time" content="2025-01-27T18:45:39+00:00" />
<meta name="twitter:card" content="summary_large_image" />
<meta name="twitter:site" content="@cFosEmobility" />
<script type="application/ld+json" class="yoast-schema-graph">{"@context":"https:\/\/schema.org","@graph":[{"@type":"WebPage","@id":"https:\/\/www.cfos-emobility.de\/network\/antworten\/per-laderegel-vorgegebener-strom-wird-ignoriert\/","url":"https:\/\/www.cfos-emobility.de\/network\/antworten\/per-laderegel-vorgegebener-strom-wird-ignoriert\/","name":"per Laderegel vorgegebener Strom wird ignoriert - cFos eMobility Network","isPartOf":{"@id":"https:\/\/www.cfos-emobility.de\/network\/#website"},"datePublished":"2024-11-16T17:41:06+00:00","dateModified":"2025-01-27T18:45:39+00:00","breadcrumb":{"@id":"https:\/\/www.cfos-emobility.de\/network\/antworten\/per-laderegel-vorgegebener-strom-wird-ignoriert\/#breadcrumb"},"inLanguage":"de","potentialAction":[{"@type":"ReadAction","target":["https:\/\/www.cfos-emobility.de\/network\/antworten\/per-laderegel-vorgegebener-strom-wird-ignoriert\/"]}]},{"@type":"BreadcrumbList","@id":"https:\/\/www.cfos-emobility.de\/network\/antworten\/per-laderegel-vorgegebener-strom-wird-ignoriert\/#breadcrumb","itemListElement":[{"@type":"ListItem","position":1,"name":"Startseite","item":"https:\/\/www.cfos-emobility.de\/network\/"},{"@type":"ListItem","position":2,"name":"Fragen","item":"https:\/\/www.cfos-emobility.de\/network\/antworten\/"},{"@type":"ListItem","position":3,"name":"per Laderegel vorgegebener Strom wird ignoriert"}]},{"@type":"WebSite","@id":"https:\/\/www.cfos-emobility.de\/network\/#website","url":"https:\/\/www.cfos-emobility.de\/network\/","name":"cFos eMobility Network","description":"Das cFos Power Brain Community Portal","publisher":{"@id":"https:\/\/www.cfos-emobility.de\/network\/#organization"},"potentialAction":[{"@type":"SearchAction","target":{"@type":"EntryPoint","urlTemplate":"https:\/\/www.cfos-emobility.de\/network\/?s={search_term_string}"},"query-input":{"@type":"PropertyValueSpecification","valueRequired":true,"valueName":"search_term_string"}}],"inLanguage":"de"},{"@type":"Organization","@id":"https:\/\/www.cfos-emobility.de\/network\/#organization","name":"cFos eMobility GmbH","url":"https:\/\/www.cfos-emobility.de\/network\/","logo":{"@type":"ImageObject","inLanguage":"de","@id":"https:\/\/www.cfos-emobility.de\/network\/#\/schema\/logo\/image\/","url":"https:\/\/www.cfos-emobility.de\/network\/wp-content\/uploads\/2021\/12\/cfos-emobility-logo.jpg","contentUrl":"https:\/\/www.cfos-emobility.de\/network\/wp-content\/uploads\/2021\/12\/cfos-emobility-logo.jpg","width":221,"height":80,"caption":"cFos eMobility GmbH"},"image":{"@id":"https:\/\/www.cfos-emobility.de\/network\/#\/schema\/logo\/image\/"},"sameAs":["https:\/\/x.com\/cFosEmobility"]}]}</script>
<!-- / Yoast SEO plugin. -->

Mir ist aufgefallen, dass die Wallbox die Angaben zum Ladestrom in meinen Laderegeln offenbar ignoriert. Stattdessen lädt sie mit dem maximal verfügbaren Strom (pro Phase), der für die Wallbox eingestellt ist. Lt. Regel soll zu einer bestimmten Uhrzeit mit 15A geladen werden, stattdessen lädt die Box mit 16,6 von 18A. 18A habe ich als max. [&hellip;]
