{"id":3636,"date":"2024-08-01T08:36:02","date_gmt":"2024-08-01T06:36:02","guid":{"rendered":"https:\/\/www.cfos-emobility.de\/network\/antworten\/zoe-laesst-sich-nicht-laden\/"},"modified":"2024-08-12T12:45:50","modified_gmt":"2024-08-12T10:45:50","slug":"zoe-laesst-sich-nicht-laden","status":"publish","type":"cma_thread","link":"https:\/\/www.cfos-emobility.de\/network\/antworten\/zoe-laesst-sich-nicht-laden\/","title":{"rendered":"Zoe l\u00e4\u00dft sich nicht laden"},"content":{"rendered":"<p>Hallo zusammen,<\/p>\n<p>meine cFos Power Brain Wallbox 11kW wurde vor kurzem installiert und konfiguriert. Ich wollte nun damit meine Zoe (BJ 2014) laden. Bei der Zoe selbst liegt ein Problem mit dem dreiphasigen laden vor, aber einphasig \u00fcber ein Ladeziegel l\u00e4sst sie sich problemlos laden. Dummerweise jedoch nicht bei der neuen Wallbox.<br \/>\nMir ist bekannt dass die Zoe einen h\u00f6heren Ladestrom ben\u00f6tigt, diesen habe ich auf 8 A gesetzt. Als Phase wurde nur L1 ausgew\u00e4hlt, das entspricht auch dem was beim Ladeziegel verwendet wird. Laut verbauten Smartmeter stimmen Phase und Spannung an L1 auch.<br \/>\nBeim Ladevorgang zeigt die Zoe die Pr\u00fcfung an, dann wird kurz das Relais geschaltet (wechselt zu rot) um ein paar Sekunden sp\u00e4ter wieder zur\u00fcck zu schalten. Die Zoe selbst zeigt dann einen Ladefehler an.<br \/>\nWas kann ich noch versuchen um das Auto zum Laden zu bringen?<\/p>\n<p>VG<\/p>\n","protected":false},"excerpt":{"rendered":"<p>Hallo zusammen, meine cFos Power Brain Wallbox 11kW wurde vor kurzem installiert und konfiguriert. Ich wollte nun damit meine Zoe (BJ 2014) laden. Bei der Zoe selbst liegt ein Problem mit dem dreiphasigen laden vor, aber einphasig \u00fcber ein Ladeziegel l\u00e4sst sie sich problemlos laden. Dummerweise jedoch nicht bei der neuen Wallbox. Mir ist bekannt [&hellip;]<\/p>\n","protected":false},"author":478,"featured_media":0,"template":"","tags":[100,178,322],"cma_category":[],"cma_difficulty_level":[],"class_list":["post-3636","cma_thread","type-cma_thread","status-publish","hentry","tag-laden","tag-problem","tag-zoe"],"yoast_head":"<!-- This site is optimized with the Yoast SEO plugin v27.5 - https:\/\/yoast.com\/product\/yoast-seo-wordpress\/ -->\n<title>Zoe l\u00e4\u00dft sich nicht laden - cFos eMobility Network<\/title>\n<meta name=\"robots\" content=\"index, follow, max-snippet:-1, max-image-preview:large, max-video-preview:-1\" \/>\n<link rel=\"canonical\" href=\"https:\/\/www.cfos-emobility.de\/network\/antworten\/zoe-laesst-sich-nicht-laden\/\" \/>\n<meta property=\"og:locale\" content=\"de_DE\" \/>\n<meta property=\"og:type\" content=\"article\" \/>\n<meta property=\"og:title\" content=\"Zoe l\u00e4\u00dft sich nicht laden - cFos eMobility Network\" \/>\n<meta property=\"og:description\" content=\"Hallo zusammen, meine cFos Power Brain Wallbox 11kW wurde vor kurzem installiert und konfiguriert. Ich wollte nun damit meine Zoe (BJ 2014) laden. Bei der Zoe selbst liegt ein Problem mit dem dreiphasigen laden vor, aber einphasig \u00fcber ein Ladeziegel l\u00e4sst sie sich problemlos laden. Dummerweise jedoch nicht bei der neuen Wallbox. Mir ist bekannt [&hellip;]\" \/>\n<meta property=\"og:url\" content=\"https:\/\/www.cfos-emobility.de\/network\/antworten\/zoe-laesst-sich-nicht-laden\/\" \/>\n<meta property=\"og:site_name\" content=\"cFos eMobility Network\" \/>\n<meta property=\"article:modified_time\" content=\"2024-08-12T10:45:50+00:00\" \/>\n<meta name=\"twitter:card\" content=\"summary_large_image\" \/>\n<meta name=\"twitter:site\" content=\"@cFosEmobility\" \/>\n<meta name=\"twitter:label1\" content=\"Gesch\u00e4tzte Lesezeit\" \/>\n\t<meta name=\"twitter:data1\" content=\"1\u00a0Minute\" \/>\n<script type=\"application\/ld+json\" class=\"yoast-schema-graph\">{\"@context\":\"https:\\\/\\\/schema.org\",\"@graph\":[{\"@type\":\"WebPage\",\"@id\":\"https:\\\/\\\/www.cfos-emobility.de\\\/network\\\/antworten\\\/zoe-laesst-sich-nicht-laden\\\/\",\"url\":\"https:\\\/\\\/www.cfos-emobility.de\\\/network\\\/antworten\\\/zoe-laesst-sich-nicht-laden\\\/\",\"name\":\"Zoe l\u00e4\u00dft sich nicht laden - cFos eMobility Network\",\"isPartOf\":{\"@id\":\"https:\\\/\\\/www.cfos-emobility.de\\\/network\\\/#website\"},\"datePublished\":\"2024-08-01T06:36:02+00:00\",\"dateModified\":\"2024-08-12T10:45:50+00:00\",\"breadcrumb\":{\"@id\":\"https:\\\/\\\/www.cfos-emobility.de\\\/network\\\/antworten\\\/zoe-laesst-sich-nicht-laden\\\/#breadcrumb\"},\"inLanguage\":\"de\",\"potentialAction\":[{\"@type\":\"ReadAction\",\"target\":[\"https:\\\/\\\/www.cfos-emobility.de\\\/network\\\/antworten\\\/zoe-laesst-sich-nicht-laden\\\/\"]}]},{\"@type\":\"BreadcrumbList\",\"@id\":\"https:\\\/\\\/www.cfos-emobility.de\\\/network\\\/antworten\\\/zoe-laesst-sich-nicht-laden\\\/#breadcrumb\",\"itemListElement\":[{\"@type\":\"ListItem\",\"position\":1,\"name\":\"Startseite\",\"item\":\"https:\\\/\\\/www.cfos-emobility.de\\\/network\\\/\"},{\"@type\":\"ListItem\",\"position\":2,\"name\":\"Fragen\",\"item\":\"https:\\\/\\\/www.cfos-emobility.de\\\/network\\\/antworten\\\/\"},{\"@type\":\"ListItem\",\"position\":3,\"name\":\"Zoe l\u00e4\u00dft sich nicht laden\"}]},{\"@type\":\"WebSite\",\"@id\":\"https:\\\/\\\/www.cfos-emobility.de\\\/network\\\/#website\",\"url\":\"https:\\\/\\\/www.cfos-emobility.de\\\/network\\\/\",\"name\":\"cFos eMobility Network\",\"description\":\"Das cFos Power Brain Community Portal\",\"publisher\":{\"@id\":\"https:\\\/\\\/www.cfos-emobility.de\\\/network\\\/#organization\"},\"potentialAction\":[{\"@type\":\"SearchAction\",\"target\":{\"@type\":\"EntryPoint\",\"urlTemplate\":\"https:\\\/\\\/www.cfos-emobility.de\\\/network\\\/?s={search_term_string}\"},\"query-input\":{\"@type\":\"PropertyValueSpecification\",\"valueRequired\":true,\"valueName\":\"search_term_string\"}}],\"inLanguage\":\"de\"},{\"@type\":\"Organization\",\"@id\":\"https:\\\/\\\/www.cfos-emobility.de\\\/network\\\/#organization\",\"name\":\"cFos eMobility GmbH\",\"url\":\"https:\\\/\\\/www.cfos-emobility.de\\\/network\\\/\",\"logo\":{\"@type\":\"ImageObject\",\"inLanguage\":\"de\",\"@id\":\"https:\\\/\\\/www.cfos-emobility.de\\\/network\\\/#\\\/schema\\\/logo\\\/image\\\/\",\"url\":\"https:\\\/\\\/www.cfos-emobility.de\\\/network\\\/wp-content\\\/uploads\\\/2021\\\/12\\\/cfos-emobility-logo.jpg\",\"contentUrl\":\"https:\\\/\\\/www.cfos-emobility.de\\\/network\\\/wp-content\\\/uploads\\\/2021\\\/12\\\/cfos-emobility-logo.jpg\",\"width\":221,\"height\":80,\"caption\":\"cFos eMobility GmbH\"},\"image\":{\"@id\":\"https:\\\/\\\/www.cfos-emobility.de\\\/network\\\/#\\\/schema\\\/logo\\\/image\\\/\"},\"sameAs\":[\"https:\\\/\\\/x.com\\\/cFosEmobility\"]}]}<\/script>\n<!-- \/ Yoast SEO plugin. -->","yoast_head_json":{"title":"Zoe l\u00e4\u00dft sich nicht laden - cFos eMobility Network","robots":{"index":"index","follow":"follow","max-snippet":"max-snippet:-1","max-image-preview":"max-image-preview:large","max-video-preview":"max-video-preview:-1"},"canonical":"https:\/\/www.cfos-emobility.de\/network\/antworten\/zoe-laesst-sich-nicht-laden\/","og_locale":"de_DE","og_type":"article","og_title":"Zoe l\u00e4\u00dft sich nicht laden - cFos eMobility Network","og_description":"Hallo zusammen, meine cFos Power Brain Wallbox 11kW wurde vor kurzem installiert und konfiguriert. Ich wollte nun damit meine Zoe (BJ 2014) laden. Bei der Zoe selbst liegt ein Problem mit dem dreiphasigen laden vor, aber einphasig \u00fcber ein Ladeziegel l\u00e4sst sie sich problemlos laden. Dummerweise jedoch nicht bei der neuen Wallbox. Mir ist bekannt [&hellip;]","og_url":"https:\/\/www.cfos-emobility.de\/network\/antworten\/zoe-laesst-sich-nicht-laden\/","og_site_name":"cFos eMobility Network","article_modified_time":"2024-08-12T10:45:50+00:00","twitter_card":"summary_large_image","twitter_site":"@cFosEmobility","twitter_misc":{"Gesch\u00e4tzte Lesezeit":"1\u00a0Minute"},"schema":{"@context":"https:\/\/schema.org","@graph":[{"@type":"WebPage","@id":"https:\/\/www.cfos-emobility.de\/network\/antworten\/zoe-laesst-sich-nicht-laden\/","url":"https:\/\/www.cfos-emobility.de\/network\/antworten\/zoe-laesst-sich-nicht-laden\/","name":"Zoe l\u00e4\u00dft sich nicht laden - cFos eMobility Network","isPartOf":{"@id":"https:\/\/www.cfos-emobility.de\/network\/#website"},"datePublished":"2024-08-01T06:36:02+00:00","dateModified":"2024-08-12T10:45:50+00:00","breadcrumb":{"@id":"https:\/\/www.cfos-emobility.de\/network\/antworten\/zoe-laesst-sich-nicht-laden\/#breadcrumb"},"inLanguage":"de","potentialAction":[{"@type":"ReadAction","target":["https:\/\/www.cfos-emobility.de\/network\/antworten\/zoe-laesst-sich-nicht-laden\/"]}]},{"@type":"BreadcrumbList","@id":"https:\/\/www.cfos-emobility.de\/network\/antworten\/zoe-laesst-sich-nicht-laden\/#breadcrumb","itemListElement":[{"@type":"ListItem","position":1,"name":"Startseite","item":"https:\/\/www.cfos-emobility.de\/network\/"},{"@type":"ListItem","position":2,"name":"Fragen","item":"https:\/\/www.cfos-emobility.de\/network\/antworten\/"},{"@type":"ListItem","position":3,"name":"Zoe l\u00e4\u00dft sich nicht laden"}]},{"@type":"WebSite","@id":"https:\/\/www.cfos-emobility.de\/network\/#website","url":"https:\/\/www.cfos-emobility.de\/network\/","name":"cFos eMobility Network","description":"Das cFos Power Brain Community Portal","publisher":{"@id":"https:\/\/www.cfos-emobility.de\/network\/#organization"},"potentialAction":[{"@type":"SearchAction","target":{"@type":"EntryPoint","urlTemplate":"https:\/\/www.cfos-emobility.de\/network\/?s={search_term_string}"},"query-input":{"@type":"PropertyValueSpecification","valueRequired":true,"valueName":"search_term_string"}}],"inLanguage":"de"},{"@type":"Organization","@id":"https:\/\/www.cfos-emobility.de\/network\/#organization","name":"cFos eMobility GmbH","url":"https:\/\/www.cfos-emobility.de\/network\/","logo":{"@type":"ImageObject","inLanguage":"de","@id":"https:\/\/www.cfos-emobility.de\/network\/#\/schema\/logo\/image\/","url":"https:\/\/www.cfos-emobility.de\/network\/wp-content\/uploads\/2021\/12\/cfos-emobility-logo.jpg","contentUrl":"https:\/\/www.cfos-emobility.de\/network\/wp-content\/uploads\/2021\/12\/cfos-emobility-logo.jpg","width":221,"height":80,"caption":"cFos eMobility GmbH"},"image":{"@id":"https:\/\/www.cfos-emobility.de\/network\/#\/schema\/logo\/image\/"},"sameAs":["https:\/\/x.com\/cFosEmobility"]}]}},"_links":{"self":[{"href":"https:\/\/www.cfos-emobility.de\/network\/wp-json\/wp\/v2\/cma_thread\/3636","targetHints":{"allow":["GET"]}}],"collection":[{"href":"https:\/\/www.cfos-emobility.de\/network\/wp-json\/wp\/v2\/cma_thread"}],"about":[{"href":"https:\/\/www.cfos-emobility.de\/network\/wp-json\/wp\/v2\/types\/cma_thread"}],"author":[{"embeddable":true,"href":"https:\/\/www.cfos-emobility.de\/network\/wp-json\/wp\/v2\/users\/478"}],"wp:attachment":[{"href":"https:\/\/www.cfos-emobility.de\/network\/wp-json\/wp\/v2\/media?parent=3636"}],"wp:term":[{"taxonomy":"post_tag","embeddable":true,"href":"https:\/\/www.cfos-emobility.de\/network\/wp-json\/wp\/v2\/tags?post=3636"},{"taxonomy":"cma_category","embeddable":true,"href":"https:\/\/www.cfos-emobility.de\/network\/wp-json\/wp\/v2\/cma_category?post=3636"},{"taxonomy":"cma_difficulty_level","embeddable":true,"href":"https:\/\/www.cfos-emobility.de\/network\/wp-json\/wp\/v2\/cma_difficulty_level?post=3636"}],"curies":[{"name":"wp","href":"https:\/\/api.w.org\/{rel}","templated":true}]}}

Zoe läßt sich nicht laden

<p>Hallo zusammen,</p>
<p>meine cFos Power Brain Wallbox 11kW wurde vor kurzem installiert und konfiguriert. Ich wollte nun damit meine Zoe (BJ 2014) laden. Bei der Zoe selbst liegt ein Problem mit dem dreiphasigen laden vor, aber einphasig über ein Ladeziegel lässt sie sich problemlos laden. Dummerweise jedoch nicht bei der neuen Wallbox.<br />
Mir ist bekannt dass die Zoe einen höheren Ladestrom benötigt, diesen habe ich auf 8 A gesetzt. Als Phase wurde nur L1 ausgewählt, das entspricht auch dem was beim Ladeziegel verwendet wird. Laut verbauten Smartmeter stimmen Phase und Spannung an L1 auch.<br />
Beim Ladevorgang zeigt die Zoe die Prüfung an, dann wird kurz das Relais geschaltet (wechselt zu rot) um ein paar Sekunden später wieder zurück zu schalten. Die Zoe selbst zeigt dann einen Ladefehler an.<br />
Was kann ich noch versuchen um das Auto zum Laden zu bringen?</p>
<p>VG</p>

<p>Hallo zusammen, meine cFos Power Brain Wallbox 11kW wurde vor kurzem installiert und konfiguriert. Ich wollte nun damit meine Zoe (BJ 2014) laden. Bei der Zoe selbst liegt ein Problem mit dem dreiphasigen laden vor, aber einphasig über ein Ladeziegel lässt sie sich problemlos laden. Dummerweise jedoch nicht bei der neuen Wallbox. Mir ist bekannt [&hellip;]</p>

<!-- This site is optimized with the Yoast SEO plugin v27.5 - https://yoast.com/product/yoast-seo-wordpress/ -->
<title>Zoe läßt sich nicht laden - cFos eMobility Network</title>
<meta name="robots" content="index, follow, max-snippet:-1, max-image-preview:large, max-video-preview:-1" />
<link rel="canonical" href="https://www.cfos-emobility.de/network/antworten/zoe-laesst-sich-nicht-laden/" />
<meta property="og:locale" content="de_DE" />
<meta property="og:type" content="article" />
<meta property="og:title" content="Zoe läßt sich nicht laden - cFos eMobility Network" />
<meta property="og:description" content="Hallo zusammen, meine cFos Power Brain Wallbox 11kW wurde vor kurzem installiert und konfiguriert. Ich wollte nun damit meine Zoe (BJ 2014) laden. Bei der Zoe selbst liegt ein Problem mit dem dreiphasigen laden vor, aber einphasig über ein Ladeziegel lässt sie sich problemlos laden. Dummerweise jedoch nicht bei der neuen Wallbox. Mir ist bekannt [&hellip;]" />
<meta property="og:url" content="https://www.cfos-emobility.de/network/antworten/zoe-laesst-sich-nicht-laden/" />
<meta property="og:site_name" content="cFos eMobility Network" />
<meta property="article:modified_time" content="2024-08-12T10:45:50+00:00" />
<meta name="twitter:card" content="summary_large_image" />
<meta name="twitter:site" content="@cFosEmobility" />
<meta name="twitter:label1" content="Geschätzte Lesezeit" />
	<meta name="twitter:data1" content="1 Minute" />
<script type="application/ld+json" class="yoast-schema-graph">{"@context":"https:\/\/schema.org","@graph":[{"@type":"WebPage","@id":"https:\/\/www.cfos-emobility.de\/network\/antworten\/zoe-laesst-sich-nicht-laden\/","url":"https:\/\/www.cfos-emobility.de\/network\/antworten\/zoe-laesst-sich-nicht-laden\/","name":"Zoe läßt sich nicht laden - cFos eMobility Network","isPartOf":{"@id":"https:\/\/www.cfos-emobility.de\/network\/#website"},"datePublished":"2024-08-01T06:36:02+00:00","dateModified":"2024-08-12T10:45:50+00:00","breadcrumb":{"@id":"https:\/\/www.cfos-emobility.de\/network\/antworten\/zoe-laesst-sich-nicht-laden\/#breadcrumb"},"inLanguage":"de","potentialAction":[{"@type":"ReadAction","target":["https:\/\/www.cfos-emobility.de\/network\/antworten\/zoe-laesst-sich-nicht-laden\/"]}]},{"@type":"BreadcrumbList","@id":"https:\/\/www.cfos-emobility.de\/network\/antworten\/zoe-laesst-sich-nicht-laden\/#breadcrumb","itemListElement":[{"@type":"ListItem","position":1,"name":"Startseite","item":"https:\/\/www.cfos-emobility.de\/network\/"},{"@type":"ListItem","position":2,"name":"Fragen","item":"https:\/\/www.cfos-emobility.de\/network\/antworten\/"},{"@type":"ListItem","position":3,"name":"Zoe läßt sich nicht laden"}]},{"@type":"WebSite","@id":"https:\/\/www.cfos-emobility.de\/network\/#website","url":"https:\/\/www.cfos-emobility.de\/network\/","name":"cFos eMobility Network","description":"Das cFos Power Brain Community Portal","publisher":{"@id":"https:\/\/www.cfos-emobility.de\/network\/#organization"},"potentialAction":[{"@type":"SearchAction","target":{"@type":"EntryPoint","urlTemplate":"https:\/\/www.cfos-emobility.de\/network\/?s={search_term_string}"},"query-input":{"@type":"PropertyValueSpecification","valueRequired":true,"valueName":"search_term_string"}}],"inLanguage":"de"},{"@type":"Organization","@id":"https:\/\/www.cfos-emobility.de\/network\/#organization","name":"cFos eMobility GmbH","url":"https:\/\/www.cfos-emobility.de\/network\/","logo":{"@type":"ImageObject","inLanguage":"de","@id":"https:\/\/www.cfos-emobility.de\/network\/#\/schema\/logo\/image\/","url":"https:\/\/www.cfos-emobility.de\/network\/wp-content\/uploads\/2021\/12\/cfos-emobility-logo.jpg","contentUrl":"https:\/\/www.cfos-emobility.de\/network\/wp-content\/uploads\/2021\/12\/cfos-emobility-logo.jpg","width":221,"height":80,"caption":"cFos eMobility GmbH"},"image":{"@id":"https:\/\/www.cfos-emobility.de\/network\/#\/schema\/logo\/image\/"},"sameAs":["https:\/\/x.com\/cFosEmobility"]}]}</script>
<!-- / Yoast SEO plugin. -->

Zoe läßt sich nicht laden - cFos eMobility Network

Hallo zusammen, meine cFos Power Brain Wallbox 11kW wurde vor kurzem installiert und konfiguriert. Ich wollte nun damit meine Zoe (BJ 2014) laden. Bei der Zoe selbst liegt ein Problem mit dem dreiphasigen laden vor, aber einphasig über ein Ladeziegel lässt sie sich problemlos laden. Dummerweise jedoch nicht bei der neuen Wallbox. Mir ist bekannt [&hellip;]
