{"id":3153,"date":"2024-05-29T13:21:38","date_gmt":"2024-05-29T11:21:38","guid":{"rendered":"https:\/\/www.cfos-emobility.de\/network\/antworten\/laderegel-bzw-speicher-steuern-nur-netzbezug-fuer-autoladen\/"},"modified":"2024-06-02T20:42:06","modified_gmt":"2024-06-02T18:42:06","slug":"laderegel-bzw-speicher-steuern-nur-netzbezug-fuer-autoladen","status":"publish","type":"cma_thread","link":"https:\/\/www.cfos-emobility.de\/network\/antworten\/laderegel-bzw-speicher-steuern-nur-netzbezug-fuer-autoladen\/","title":{"rendered":"Laderegel bzw. Speicher steuern, nur Netzbezug f\u00fcr Autoladen"},"content":{"rendered":"<p>Hi nochmal,<\/p>\n<p>Das \u00dcberschussladen funzt ja nun, dank eurer Hilfe, hervorragend. Ich habe die Regel daf\u00fcr in der Wallbox hinterlegt und die RFID-Steuerung des Benutzers rausgenommen. Nach meinem Daf\u00fcrhalten sollte die cFos Power Brain Solar nun mit dem Anstecken des Kabels loslegen mit \u00dcberschussladen.<\/p>\n<p>Nun m\u00f6chte ich, f\u00fcr den Fall, dass ich nachts oder bei schlechtem Wetter dringend noch aufladen muss, dass der Batteriespeicher mit maximal der Leistung entladen wird, die im Haus gebraucht wird und die Aufladeleistung des Autos aus dem Netz kommt. Und das Ganze soll durch das Vorhalten des RFID-Chips aktiviert werden.<\/p>\n<p>Tja, und jetzt bin ich mir nicht sicher ob das so \u00fcberhaupt funktionieren kann. Mein BYD Stromspeicher und die beiden Wechselrichter sind als Z\u00e4hler angelegt. Ich kann Lade- und Entladeleistung des Stromspeichers sowie SOC sehen. Jetzt m\u00fcsste ich nur noch den, zum Stromspeicher geh\u00f6renden, Wechselrichter bzgl. der maximalen Entladeleistung steuern. Kann mir jemand auf die Spr\u00fcnge helfen?<\/p>\n<p>Vielen Dank im Voraus!<\/p>\n","protected":false},"excerpt":{"rendered":"<p>Hi nochmal, Das \u00dcberschussladen funzt ja nun, dank eurer Hilfe, hervorragend. Ich habe die Regel daf\u00fcr in der Wallbox hinterlegt und die RFID-Steuerung des Benutzers rausgenommen. Nach meinem Daf\u00fcrhalten sollte die cFos Power Brain Solar nun mit dem Anstecken des Kabels loslegen mit \u00dcberschussladen. Nun m\u00f6chte ich, f\u00fcr den Fall, dass ich nachts oder bei [&hellip;]<\/p>\n","protected":false},"author":430,"featured_media":0,"template":"","tags":[172,151,225,286],"cma_category":[2],"cma_difficulty_level":[],"class_list":["post-3153","cma_thread","type-cma_thread","status-publish","hentry","tag-byd","tag-kostal","tag-laderegel","tag-stromspeicher","cma_category-cfos-emobility"],"yoast_head":"<!-- This site is optimized with the Yoast SEO plugin v27.5 - https:\/\/yoast.com\/product\/yoast-seo-wordpress\/ -->\n<title>Laderegel bzw. Speicher steuern, nur Netzbezug f\u00fcr Autoladen - cFos eMobility Network<\/title>\n<meta name=\"robots\" content=\"index, follow, max-snippet:-1, max-image-preview:large, max-video-preview:-1\" \/>\n<link rel=\"canonical\" href=\"https:\/\/www.cfos-emobility.de\/network\/antworten\/laderegel-bzw-speicher-steuern-nur-netzbezug-fuer-autoladen\/\" \/>\n<meta property=\"og:locale\" content=\"de_DE\" \/>\n<meta property=\"og:type\" content=\"article\" \/>\n<meta property=\"og:title\" content=\"Laderegel bzw. Speicher steuern, nur Netzbezug f\u00fcr Autoladen - cFos eMobility Network\" \/>\n<meta property=\"og:description\" content=\"Hi nochmal, Das \u00dcberschussladen funzt ja nun, dank eurer Hilfe, hervorragend. Ich habe die Regel daf\u00fcr in der Wallbox hinterlegt und die RFID-Steuerung des Benutzers rausgenommen. Nach meinem Daf\u00fcrhalten sollte die cFos Power Brain Solar nun mit dem Anstecken des Kabels loslegen mit \u00dcberschussladen. Nun m\u00f6chte ich, f\u00fcr den Fall, dass ich nachts oder bei [&hellip;]\" \/>\n<meta property=\"og:url\" content=\"https:\/\/www.cfos-emobility.de\/network\/antworten\/laderegel-bzw-speicher-steuern-nur-netzbezug-fuer-autoladen\/\" \/>\n<meta property=\"og:site_name\" content=\"cFos eMobility Network\" \/>\n<meta property=\"article:modified_time\" content=\"2024-06-02T18:42:06+00:00\" \/>\n<meta name=\"twitter:card\" content=\"summary_large_image\" \/>\n<meta name=\"twitter:site\" content=\"@cFosEmobility\" \/>\n<meta name=\"twitter:label1\" content=\"Gesch\u00e4tzte Lesezeit\" \/>\n\t<meta name=\"twitter:data1\" content=\"1\u00a0Minute\" \/>\n<script type=\"application\/ld+json\" class=\"yoast-schema-graph\">{\"@context\":\"https:\\\/\\\/schema.org\",\"@graph\":[{\"@type\":\"WebPage\",\"@id\":\"https:\\\/\\\/www.cfos-emobility.de\\\/network\\\/antworten\\\/laderegel-bzw-speicher-steuern-nur-netzbezug-fuer-autoladen\\\/\",\"url\":\"https:\\\/\\\/www.cfos-emobility.de\\\/network\\\/antworten\\\/laderegel-bzw-speicher-steuern-nur-netzbezug-fuer-autoladen\\\/\",\"name\":\"Laderegel bzw. Speicher steuern, nur Netzbezug f\u00fcr Autoladen - cFos eMobility Network\",\"isPartOf\":{\"@id\":\"https:\\\/\\\/www.cfos-emobility.de\\\/network\\\/#website\"},\"datePublished\":\"2024-05-29T11:21:38+00:00\",\"dateModified\":\"2024-06-02T18:42:06+00:00\",\"breadcrumb\":{\"@id\":\"https:\\\/\\\/www.cfos-emobility.de\\\/network\\\/antworten\\\/laderegel-bzw-speicher-steuern-nur-netzbezug-fuer-autoladen\\\/#breadcrumb\"},\"inLanguage\":\"de\",\"potentialAction\":[{\"@type\":\"ReadAction\",\"target\":[\"https:\\\/\\\/www.cfos-emobility.de\\\/network\\\/antworten\\\/laderegel-bzw-speicher-steuern-nur-netzbezug-fuer-autoladen\\\/\"]}]},{\"@type\":\"BreadcrumbList\",\"@id\":\"https:\\\/\\\/www.cfos-emobility.de\\\/network\\\/antworten\\\/laderegel-bzw-speicher-steuern-nur-netzbezug-fuer-autoladen\\\/#breadcrumb\",\"itemListElement\":[{\"@type\":\"ListItem\",\"position\":1,\"name\":\"Startseite\",\"item\":\"https:\\\/\\\/www.cfos-emobility.de\\\/network\\\/\"},{\"@type\":\"ListItem\",\"position\":2,\"name\":\"Fragen\",\"item\":\"https:\\\/\\\/www.cfos-emobility.de\\\/network\\\/antworten\\\/\"},{\"@type\":\"ListItem\",\"position\":3,\"name\":\"Laderegel bzw. Speicher steuern, nur Netzbezug f\u00fcr Autoladen\"}]},{\"@type\":\"WebSite\",\"@id\":\"https:\\\/\\\/www.cfos-emobility.de\\\/network\\\/#website\",\"url\":\"https:\\\/\\\/www.cfos-emobility.de\\\/network\\\/\",\"name\":\"cFos eMobility Network\",\"description\":\"Das cFos Power Brain Community Portal\",\"publisher\":{\"@id\":\"https:\\\/\\\/www.cfos-emobility.de\\\/network\\\/#organization\"},\"potentialAction\":[{\"@type\":\"SearchAction\",\"target\":{\"@type\":\"EntryPoint\",\"urlTemplate\":\"https:\\\/\\\/www.cfos-emobility.de\\\/network\\\/?s={search_term_string}\"},\"query-input\":{\"@type\":\"PropertyValueSpecification\",\"valueRequired\":true,\"valueName\":\"search_term_string\"}}],\"inLanguage\":\"de\"},{\"@type\":\"Organization\",\"@id\":\"https:\\\/\\\/www.cfos-emobility.de\\\/network\\\/#organization\",\"name\":\"cFos eMobility GmbH\",\"url\":\"https:\\\/\\\/www.cfos-emobility.de\\\/network\\\/\",\"logo\":{\"@type\":\"ImageObject\",\"inLanguage\":\"de\",\"@id\":\"https:\\\/\\\/www.cfos-emobility.de\\\/network\\\/#\\\/schema\\\/logo\\\/image\\\/\",\"url\":\"https:\\\/\\\/www.cfos-emobility.de\\\/network\\\/wp-content\\\/uploads\\\/2021\\\/12\\\/cfos-emobility-logo.jpg\",\"contentUrl\":\"https:\\\/\\\/www.cfos-emobility.de\\\/network\\\/wp-content\\\/uploads\\\/2021\\\/12\\\/cfos-emobility-logo.jpg\",\"width\":221,\"height\":80,\"caption\":\"cFos eMobility GmbH\"},\"image\":{\"@id\":\"https:\\\/\\\/www.cfos-emobility.de\\\/network\\\/#\\\/schema\\\/logo\\\/image\\\/\"},\"sameAs\":[\"https:\\\/\\\/x.com\\\/cFosEmobility\"]}]}<\/script>\n<!-- \/ Yoast SEO plugin. -->","yoast_head_json":{"title":"Laderegel bzw. Speicher steuern, nur Netzbezug f\u00fcr Autoladen - cFos eMobility Network","robots":{"index":"index","follow":"follow","max-snippet":"max-snippet:-1","max-image-preview":"max-image-preview:large","max-video-preview":"max-video-preview:-1"},"canonical":"https:\/\/www.cfos-emobility.de\/network\/antworten\/laderegel-bzw-speicher-steuern-nur-netzbezug-fuer-autoladen\/","og_locale":"de_DE","og_type":"article","og_title":"Laderegel bzw. Speicher steuern, nur Netzbezug f\u00fcr Autoladen - cFos eMobility Network","og_description":"Hi nochmal, Das \u00dcberschussladen funzt ja nun, dank eurer Hilfe, hervorragend. Ich habe die Regel daf\u00fcr in der Wallbox hinterlegt und die RFID-Steuerung des Benutzers rausgenommen. Nach meinem Daf\u00fcrhalten sollte die cFos Power Brain Solar nun mit dem Anstecken des Kabels loslegen mit \u00dcberschussladen. Nun m\u00f6chte ich, f\u00fcr den Fall, dass ich nachts oder bei [&hellip;]","og_url":"https:\/\/www.cfos-emobility.de\/network\/antworten\/laderegel-bzw-speicher-steuern-nur-netzbezug-fuer-autoladen\/","og_site_name":"cFos eMobility Network","article_modified_time":"2024-06-02T18:42:06+00:00","twitter_card":"summary_large_image","twitter_site":"@cFosEmobility","twitter_misc":{"Gesch\u00e4tzte Lesezeit":"1\u00a0Minute"},"schema":{"@context":"https:\/\/schema.org","@graph":[{"@type":"WebPage","@id":"https:\/\/www.cfos-emobility.de\/network\/antworten\/laderegel-bzw-speicher-steuern-nur-netzbezug-fuer-autoladen\/","url":"https:\/\/www.cfos-emobility.de\/network\/antworten\/laderegel-bzw-speicher-steuern-nur-netzbezug-fuer-autoladen\/","name":"Laderegel bzw. Speicher steuern, nur Netzbezug f\u00fcr Autoladen - cFos eMobility Network","isPartOf":{"@id":"https:\/\/www.cfos-emobility.de\/network\/#website"},"datePublished":"2024-05-29T11:21:38+00:00","dateModified":"2024-06-02T18:42:06+00:00","breadcrumb":{"@id":"https:\/\/www.cfos-emobility.de\/network\/antworten\/laderegel-bzw-speicher-steuern-nur-netzbezug-fuer-autoladen\/#breadcrumb"},"inLanguage":"de","potentialAction":[{"@type":"ReadAction","target":["https:\/\/www.cfos-emobility.de\/network\/antworten\/laderegel-bzw-speicher-steuern-nur-netzbezug-fuer-autoladen\/"]}]},{"@type":"BreadcrumbList","@id":"https:\/\/www.cfos-emobility.de\/network\/antworten\/laderegel-bzw-speicher-steuern-nur-netzbezug-fuer-autoladen\/#breadcrumb","itemListElement":[{"@type":"ListItem","position":1,"name":"Startseite","item":"https:\/\/www.cfos-emobility.de\/network\/"},{"@type":"ListItem","position":2,"name":"Fragen","item":"https:\/\/www.cfos-emobility.de\/network\/antworten\/"},{"@type":"ListItem","position":3,"name":"Laderegel bzw. Speicher steuern, nur Netzbezug f\u00fcr Autoladen"}]},{"@type":"WebSite","@id":"https:\/\/www.cfos-emobility.de\/network\/#website","url":"https:\/\/www.cfos-emobility.de\/network\/","name":"cFos eMobility Network","description":"Das cFos Power Brain Community Portal","publisher":{"@id":"https:\/\/www.cfos-emobility.de\/network\/#organization"},"potentialAction":[{"@type":"SearchAction","target":{"@type":"EntryPoint","urlTemplate":"https:\/\/www.cfos-emobility.de\/network\/?s={search_term_string}"},"query-input":{"@type":"PropertyValueSpecification","valueRequired":true,"valueName":"search_term_string"}}],"inLanguage":"de"},{"@type":"Organization","@id":"https:\/\/www.cfos-emobility.de\/network\/#organization","name":"cFos eMobility GmbH","url":"https:\/\/www.cfos-emobility.de\/network\/","logo":{"@type":"ImageObject","inLanguage":"de","@id":"https:\/\/www.cfos-emobility.de\/network\/#\/schema\/logo\/image\/","url":"https:\/\/www.cfos-emobility.de\/network\/wp-content\/uploads\/2021\/12\/cfos-emobility-logo.jpg","contentUrl":"https:\/\/www.cfos-emobility.de\/network\/wp-content\/uploads\/2021\/12\/cfos-emobility-logo.jpg","width":221,"height":80,"caption":"cFos eMobility GmbH"},"image":{"@id":"https:\/\/www.cfos-emobility.de\/network\/#\/schema\/logo\/image\/"},"sameAs":["https:\/\/x.com\/cFosEmobility"]}]}},"_links":{"self":[{"href":"https:\/\/www.cfos-emobility.de\/network\/wp-json\/wp\/v2\/cma_thread\/3153","targetHints":{"allow":["GET"]}}],"collection":[{"href":"https:\/\/www.cfos-emobility.de\/network\/wp-json\/wp\/v2\/cma_thread"}],"about":[{"href":"https:\/\/www.cfos-emobility.de\/network\/wp-json\/wp\/v2\/types\/cma_thread"}],"author":[{"embeddable":true,"href":"https:\/\/www.cfos-emobility.de\/network\/wp-json\/wp\/v2\/users\/430"}],"wp:attachment":[{"href":"https:\/\/www.cfos-emobility.de\/network\/wp-json\/wp\/v2\/media?parent=3153"}],"wp:term":[{"taxonomy":"post_tag","embeddable":true,"href":"https:\/\/www.cfos-emobility.de\/network\/wp-json\/wp\/v2\/tags?post=3153"},{"taxonomy":"cma_category","embeddable":true,"href":"https:\/\/www.cfos-emobility.de\/network\/wp-json\/wp\/v2\/cma_category?post=3153"},{"taxonomy":"cma_difficulty_level","embeddable":true,"href":"https:\/\/www.cfos-emobility.de\/network\/wp-json\/wp\/v2\/cma_difficulty_level?post=3153"}],"curies":[{"name":"wp","href":"https:\/\/api.w.org\/{rel}","templated":true}]}}

Laderegel bzw. Speicher steuern, nur Netzbezug für Autoladen

<p>Hi nochmal,</p>
<p>Das Überschussladen funzt ja nun, dank eurer Hilfe, hervorragend. Ich habe die Regel dafür in der Wallbox hinterlegt und die RFID-Steuerung des Benutzers rausgenommen. Nach meinem Dafürhalten sollte die cFos Power Brain Solar nun mit dem Anstecken des Kabels loslegen mit Überschussladen.</p>
<p>Nun möchte ich, für den Fall, dass ich nachts oder bei schlechtem Wetter dringend noch aufladen muss, dass der Batteriespeicher mit maximal der Leistung entladen wird, die im Haus gebraucht wird und die Aufladeleistung des Autos aus dem Netz kommt. Und das Ganze soll durch das Vorhalten des RFID-Chips aktiviert werden.</p>
<p>Tja, und jetzt bin ich mir nicht sicher ob das so überhaupt funktionieren kann. Mein BYD Stromspeicher und die beiden Wechselrichter sind als Zähler angelegt. Ich kann Lade- und Entladeleistung des Stromspeichers sowie SOC sehen. Jetzt müsste ich nur noch den, zum Stromspeicher gehörenden, Wechselrichter bzgl. der maximalen Entladeleistung steuern. Kann mir jemand auf die Sprünge helfen?</p>
<p>Vielen Dank im Voraus!</p>

<p>Hi nochmal, Das Überschussladen funzt ja nun, dank eurer Hilfe, hervorragend. Ich habe die Regel dafür in der Wallbox hinterlegt und die RFID-Steuerung des Benutzers rausgenommen. Nach meinem Dafürhalten sollte die cFos Power Brain Solar nun mit dem Anstecken des Kabels loslegen mit Überschussladen. Nun möchte ich, für den Fall, dass ich nachts oder bei [&hellip;]</p>

<!-- This site is optimized with the Yoast SEO plugin v27.5 - https://yoast.com/product/yoast-seo-wordpress/ -->
<title>Laderegel bzw. Speicher steuern, nur Netzbezug für Autoladen - cFos eMobility Network</title>
<meta name="robots" content="index, follow, max-snippet:-1, max-image-preview:large, max-video-preview:-1" />
<link rel="canonical" href="https://www.cfos-emobility.de/network/antworten/laderegel-bzw-speicher-steuern-nur-netzbezug-fuer-autoladen/" />
<meta property="og:locale" content="de_DE" />
<meta property="og:type" content="article" />
<meta property="og:title" content="Laderegel bzw. Speicher steuern, nur Netzbezug für Autoladen - cFos eMobility Network" />
<meta property="og:description" content="Hi nochmal, Das Überschussladen funzt ja nun, dank eurer Hilfe, hervorragend. Ich habe die Regel dafür in der Wallbox hinterlegt und die RFID-Steuerung des Benutzers rausgenommen. Nach meinem Dafürhalten sollte die cFos Power Brain Solar nun mit dem Anstecken des Kabels loslegen mit Überschussladen. Nun möchte ich, für den Fall, dass ich nachts oder bei [&hellip;]" />
<meta property="og:url" content="https://www.cfos-emobility.de/network/antworten/laderegel-bzw-speicher-steuern-nur-netzbezug-fuer-autoladen/" />
<meta property="og:site_name" content="cFos eMobility Network" />
<meta property="article:modified_time" content="2024-06-02T18:42:06+00:00" />
<meta name="twitter:card" content="summary_large_image" />
<meta name="twitter:site" content="@cFosEmobility" />
<meta name="twitter:label1" content="Geschätzte Lesezeit" />
	<meta name="twitter:data1" content="1 Minute" />
<script type="application/ld+json" class="yoast-schema-graph">{"@context":"https:\/\/schema.org","@graph":[{"@type":"WebPage","@id":"https:\/\/www.cfos-emobility.de\/network\/antworten\/laderegel-bzw-speicher-steuern-nur-netzbezug-fuer-autoladen\/","url":"https:\/\/www.cfos-emobility.de\/network\/antworten\/laderegel-bzw-speicher-steuern-nur-netzbezug-fuer-autoladen\/","name":"Laderegel bzw. Speicher steuern, nur Netzbezug für Autoladen - cFos eMobility Network","isPartOf":{"@id":"https:\/\/www.cfos-emobility.de\/network\/#website"},"datePublished":"2024-05-29T11:21:38+00:00","dateModified":"2024-06-02T18:42:06+00:00","breadcrumb":{"@id":"https:\/\/www.cfos-emobility.de\/network\/antworten\/laderegel-bzw-speicher-steuern-nur-netzbezug-fuer-autoladen\/#breadcrumb"},"inLanguage":"de","potentialAction":[{"@type":"ReadAction","target":["https:\/\/www.cfos-emobility.de\/network\/antworten\/laderegel-bzw-speicher-steuern-nur-netzbezug-fuer-autoladen\/"]}]},{"@type":"BreadcrumbList","@id":"https:\/\/www.cfos-emobility.de\/network\/antworten\/laderegel-bzw-speicher-steuern-nur-netzbezug-fuer-autoladen\/#breadcrumb","itemListElement":[{"@type":"ListItem","position":1,"name":"Startseite","item":"https:\/\/www.cfos-emobility.de\/network\/"},{"@type":"ListItem","position":2,"name":"Fragen","item":"https:\/\/www.cfos-emobility.de\/network\/antworten\/"},{"@type":"ListItem","position":3,"name":"Laderegel bzw. Speicher steuern, nur Netzbezug für Autoladen"}]},{"@type":"WebSite","@id":"https:\/\/www.cfos-emobility.de\/network\/#website","url":"https:\/\/www.cfos-emobility.de\/network\/","name":"cFos eMobility Network","description":"Das cFos Power Brain Community Portal","publisher":{"@id":"https:\/\/www.cfos-emobility.de\/network\/#organization"},"potentialAction":[{"@type":"SearchAction","target":{"@type":"EntryPoint","urlTemplate":"https:\/\/www.cfos-emobility.de\/network\/?s={search_term_string}"},"query-input":{"@type":"PropertyValueSpecification","valueRequired":true,"valueName":"search_term_string"}}],"inLanguage":"de"},{"@type":"Organization","@id":"https:\/\/www.cfos-emobility.de\/network\/#organization","name":"cFos eMobility GmbH","url":"https:\/\/www.cfos-emobility.de\/network\/","logo":{"@type":"ImageObject","inLanguage":"de","@id":"https:\/\/www.cfos-emobility.de\/network\/#\/schema\/logo\/image\/","url":"https:\/\/www.cfos-emobility.de\/network\/wp-content\/uploads\/2021\/12\/cfos-emobility-logo.jpg","contentUrl":"https:\/\/www.cfos-emobility.de\/network\/wp-content\/uploads\/2021\/12\/cfos-emobility-logo.jpg","width":221,"height":80,"caption":"cFos eMobility GmbH"},"image":{"@id":"https:\/\/www.cfos-emobility.de\/network\/#\/schema\/logo\/image\/"},"sameAs":["https:\/\/x.com\/cFosEmobility"]}]}</script>
<!-- / Yoast SEO plugin. -->

Laderegel bzw. Speicher steuern, nur Netzbezug für Autoladen - cFos eMobility Network

Hi nochmal, Das Überschussladen funzt ja nun, dank eurer Hilfe, hervorragend. Ich habe die Regel dafür in der Wallbox hinterlegt und die RFID-Steuerung des Benutzers rausgenommen. Nach meinem Dafürhalten sollte die cFos Power Brain Solar nun mit dem Anstecken des Kabels loslegen mit Überschussladen. Nun möchte ich, für den Fall, dass ich nachts oder bei [&hellip;]
