{"id":3096,"date":"2024-05-18T14:34:37","date_gmt":"2024-05-18T12:34:37","guid":{"rendered":"https:\/\/www.cfos-emobility.de\/network\/antworten\/wie-zei-powerbrain-verbinden\/"},"modified":"2024-05-18T23:52:16","modified_gmt":"2024-05-18T21:52:16","slug":"wie-zei-powerbrain-verbinden","status":"publish","type":"cma_thread","link":"https:\/\/www.cfos-emobility.de\/network\/antworten\/wie-zei-powerbrain-verbinden\/","title":{"rendered":"Wie zwei PowerBrain verbinden"},"content":{"rendered":"<p>So, nachdem die PowerBrain nun den Z\u00e4hler korrekt anzeigt zum n\u00e4chsten Problem:<\/p>\n<p>Ich m\u00f6chte zwei Powerbrain miteinander verbinden. Daf\u00fcr habe ich die Master\/Slave Anleitung befolgt bekomme aber immer Fehler. Die Ger\u00e4te h\u00e4ngen im gleichen WLAN, beide Ger\u00e4te f\u00fcr sich funktionieren auch, es kommt nur keine Verbindung zustande.<\/p>\n<p>Drei Screenshots: Slave Einstellungen (heller Background) Master Einstellungen (dunkler Background) und Dashboard mit dem Verbindungsfehler. Was mache ich falsch?<\/p>\n","protected":false},"excerpt":{"rendered":"<p>So, nachdem die PowerBrain nun den Z\u00e4hler korrekt anzeigt zum n\u00e4chsten Problem: Ich m\u00f6chte zwei Powerbrain miteinander verbinden. Daf\u00fcr habe ich die Master\/Slave Anleitung befolgt bekomme aber immer Fehler. Die Ger\u00e4te h\u00e4ngen im gleichen WLAN, beide Ger\u00e4te f\u00fcr sich funktionieren auch, es kommt nur keine Verbindung zustande. Drei Screenshots: Slave Einstellungen (heller Background) Master Einstellungen [&hellip;]<\/p>\n","protected":false},"author":340,"featured_media":0,"template":"","tags":[283,282,5],"cma_category":[2],"cma_difficulty_level":[],"class_list":["post-3096","cma_thread","type-cma_thread","status-publish","hentry","tag-master","tag-slave","tag-wallbox","cma_category-cfos-emobility"],"yoast_head":"<!-- This site is optimized with the Yoast SEO plugin v27.5 - https:\/\/yoast.com\/product\/yoast-seo-wordpress\/ -->\n<title>Wie zwei PowerBrain verbinden - cFos eMobility Network<\/title>\n<meta name=\"robots\" content=\"index, follow, max-snippet:-1, max-image-preview:large, max-video-preview:-1\" \/>\n<link rel=\"canonical\" href=\"https:\/\/www.cfos-emobility.de\/network\/antworten\/wie-zei-powerbrain-verbinden\/\" \/>\n<meta property=\"og:locale\" content=\"de_DE\" \/>\n<meta property=\"og:type\" content=\"article\" \/>\n<meta property=\"og:title\" content=\"Wie zwei PowerBrain verbinden - cFos eMobility Network\" \/>\n<meta property=\"og:description\" content=\"So, nachdem die PowerBrain nun den Z\u00e4hler korrekt anzeigt zum n\u00e4chsten Problem: Ich m\u00f6chte zwei Powerbrain miteinander verbinden. Daf\u00fcr habe ich die Master\/Slave Anleitung befolgt bekomme aber immer Fehler. Die Ger\u00e4te h\u00e4ngen im gleichen WLAN, beide Ger\u00e4te f\u00fcr sich funktionieren auch, es kommt nur keine Verbindung zustande. Drei Screenshots: Slave Einstellungen (heller Background) Master Einstellungen [&hellip;]\" \/>\n<meta property=\"og:url\" content=\"https:\/\/www.cfos-emobility.de\/network\/antworten\/wie-zei-powerbrain-verbinden\/\" \/>\n<meta property=\"og:site_name\" content=\"cFos eMobility Network\" \/>\n<meta property=\"article:modified_time\" content=\"2024-05-18T21:52:16+00:00\" \/>\n<meta name=\"twitter:card\" content=\"summary_large_image\" \/>\n<meta name=\"twitter:site\" content=\"@cFosEmobility\" \/>\n<script type=\"application\/ld+json\" class=\"yoast-schema-graph\">{\"@context\":\"https:\\\/\\\/schema.org\",\"@graph\":[{\"@type\":\"WebPage\",\"@id\":\"https:\\\/\\\/www.cfos-emobility.de\\\/network\\\/antworten\\\/wie-zei-powerbrain-verbinden\\\/\",\"url\":\"https:\\\/\\\/www.cfos-emobility.de\\\/network\\\/antworten\\\/wie-zei-powerbrain-verbinden\\\/\",\"name\":\"Wie zwei PowerBrain verbinden - cFos eMobility Network\",\"isPartOf\":{\"@id\":\"https:\\\/\\\/www.cfos-emobility.de\\\/network\\\/#website\"},\"datePublished\":\"2024-05-18T12:34:37+00:00\",\"dateModified\":\"2024-05-18T21:52:16+00:00\",\"breadcrumb\":{\"@id\":\"https:\\\/\\\/www.cfos-emobility.de\\\/network\\\/antworten\\\/wie-zei-powerbrain-verbinden\\\/#breadcrumb\"},\"inLanguage\":\"de\",\"potentialAction\":[{\"@type\":\"ReadAction\",\"target\":[\"https:\\\/\\\/www.cfos-emobility.de\\\/network\\\/antworten\\\/wie-zei-powerbrain-verbinden\\\/\"]}]},{\"@type\":\"BreadcrumbList\",\"@id\":\"https:\\\/\\\/www.cfos-emobility.de\\\/network\\\/antworten\\\/wie-zei-powerbrain-verbinden\\\/#breadcrumb\",\"itemListElement\":[{\"@type\":\"ListItem\",\"position\":1,\"name\":\"Startseite\",\"item\":\"https:\\\/\\\/www.cfos-emobility.de\\\/network\\\/\"},{\"@type\":\"ListItem\",\"position\":2,\"name\":\"Fragen\",\"item\":\"https:\\\/\\\/www.cfos-emobility.de\\\/network\\\/antworten\\\/\"},{\"@type\":\"ListItem\",\"position\":3,\"name\":\"Wie zwei PowerBrain verbinden\"}]},{\"@type\":\"WebSite\",\"@id\":\"https:\\\/\\\/www.cfos-emobility.de\\\/network\\\/#website\",\"url\":\"https:\\\/\\\/www.cfos-emobility.de\\\/network\\\/\",\"name\":\"cFos eMobility Network\",\"description\":\"Das cFos Power Brain Community Portal\",\"publisher\":{\"@id\":\"https:\\\/\\\/www.cfos-emobility.de\\\/network\\\/#organization\"},\"potentialAction\":[{\"@type\":\"SearchAction\",\"target\":{\"@type\":\"EntryPoint\",\"urlTemplate\":\"https:\\\/\\\/www.cfos-emobility.de\\\/network\\\/?s={search_term_string}\"},\"query-input\":{\"@type\":\"PropertyValueSpecification\",\"valueRequired\":true,\"valueName\":\"search_term_string\"}}],\"inLanguage\":\"de\"},{\"@type\":\"Organization\",\"@id\":\"https:\\\/\\\/www.cfos-emobility.de\\\/network\\\/#organization\",\"name\":\"cFos eMobility GmbH\",\"url\":\"https:\\\/\\\/www.cfos-emobility.de\\\/network\\\/\",\"logo\":{\"@type\":\"ImageObject\",\"inLanguage\":\"de\",\"@id\":\"https:\\\/\\\/www.cfos-emobility.de\\\/network\\\/#\\\/schema\\\/logo\\\/image\\\/\",\"url\":\"https:\\\/\\\/www.cfos-emobility.de\\\/network\\\/wp-content\\\/uploads\\\/2021\\\/12\\\/cfos-emobility-logo.jpg\",\"contentUrl\":\"https:\\\/\\\/www.cfos-emobility.de\\\/network\\\/wp-content\\\/uploads\\\/2021\\\/12\\\/cfos-emobility-logo.jpg\",\"width\":221,\"height\":80,\"caption\":\"cFos eMobility GmbH\"},\"image\":{\"@id\":\"https:\\\/\\\/www.cfos-emobility.de\\\/network\\\/#\\\/schema\\\/logo\\\/image\\\/\"},\"sameAs\":[\"https:\\\/\\\/x.com\\\/cFosEmobility\"]}]}<\/script>\n<!-- \/ Yoast SEO plugin. -->","yoast_head_json":{"title":"Wie zwei PowerBrain verbinden - cFos eMobility Network","robots":{"index":"index","follow":"follow","max-snippet":"max-snippet:-1","max-image-preview":"max-image-preview:large","max-video-preview":"max-video-preview:-1"},"canonical":"https:\/\/www.cfos-emobility.de\/network\/antworten\/wie-zei-powerbrain-verbinden\/","og_locale":"de_DE","og_type":"article","og_title":"Wie zwei PowerBrain verbinden - cFos eMobility Network","og_description":"So, nachdem die PowerBrain nun den Z\u00e4hler korrekt anzeigt zum n\u00e4chsten Problem: Ich m\u00f6chte zwei Powerbrain miteinander verbinden. Daf\u00fcr habe ich die Master\/Slave Anleitung befolgt bekomme aber immer Fehler. Die Ger\u00e4te h\u00e4ngen im gleichen WLAN, beide Ger\u00e4te f\u00fcr sich funktionieren auch, es kommt nur keine Verbindung zustande. Drei Screenshots: Slave Einstellungen (heller Background) Master Einstellungen [&hellip;]","og_url":"https:\/\/www.cfos-emobility.de\/network\/antworten\/wie-zei-powerbrain-verbinden\/","og_site_name":"cFos eMobility Network","article_modified_time":"2024-05-18T21:52:16+00:00","twitter_card":"summary_large_image","twitter_site":"@cFosEmobility","schema":{"@context":"https:\/\/schema.org","@graph":[{"@type":"WebPage","@id":"https:\/\/www.cfos-emobility.de\/network\/antworten\/wie-zei-powerbrain-verbinden\/","url":"https:\/\/www.cfos-emobility.de\/network\/antworten\/wie-zei-powerbrain-verbinden\/","name":"Wie zwei PowerBrain verbinden - cFos eMobility Network","isPartOf":{"@id":"https:\/\/www.cfos-emobility.de\/network\/#website"},"datePublished":"2024-05-18T12:34:37+00:00","dateModified":"2024-05-18T21:52:16+00:00","breadcrumb":{"@id":"https:\/\/www.cfos-emobility.de\/network\/antworten\/wie-zei-powerbrain-verbinden\/#breadcrumb"},"inLanguage":"de","potentialAction":[{"@type":"ReadAction","target":["https:\/\/www.cfos-emobility.de\/network\/antworten\/wie-zei-powerbrain-verbinden\/"]}]},{"@type":"BreadcrumbList","@id":"https:\/\/www.cfos-emobility.de\/network\/antworten\/wie-zei-powerbrain-verbinden\/#breadcrumb","itemListElement":[{"@type":"ListItem","position":1,"name":"Startseite","item":"https:\/\/www.cfos-emobility.de\/network\/"},{"@type":"ListItem","position":2,"name":"Fragen","item":"https:\/\/www.cfos-emobility.de\/network\/antworten\/"},{"@type":"ListItem","position":3,"name":"Wie zwei PowerBrain verbinden"}]},{"@type":"WebSite","@id":"https:\/\/www.cfos-emobility.de\/network\/#website","url":"https:\/\/www.cfos-emobility.de\/network\/","name":"cFos eMobility Network","description":"Das cFos Power Brain Community Portal","publisher":{"@id":"https:\/\/www.cfos-emobility.de\/network\/#organization"},"potentialAction":[{"@type":"SearchAction","target":{"@type":"EntryPoint","urlTemplate":"https:\/\/www.cfos-emobility.de\/network\/?s={search_term_string}"},"query-input":{"@type":"PropertyValueSpecification","valueRequired":true,"valueName":"search_term_string"}}],"inLanguage":"de"},{"@type":"Organization","@id":"https:\/\/www.cfos-emobility.de\/network\/#organization","name":"cFos eMobility GmbH","url":"https:\/\/www.cfos-emobility.de\/network\/","logo":{"@type":"ImageObject","inLanguage":"de","@id":"https:\/\/www.cfos-emobility.de\/network\/#\/schema\/logo\/image\/","url":"https:\/\/www.cfos-emobility.de\/network\/wp-content\/uploads\/2021\/12\/cfos-emobility-logo.jpg","contentUrl":"https:\/\/www.cfos-emobility.de\/network\/wp-content\/uploads\/2021\/12\/cfos-emobility-logo.jpg","width":221,"height":80,"caption":"cFos eMobility GmbH"},"image":{"@id":"https:\/\/www.cfos-emobility.de\/network\/#\/schema\/logo\/image\/"},"sameAs":["https:\/\/x.com\/cFosEmobility"]}]}},"_links":{"self":[{"href":"https:\/\/www.cfos-emobility.de\/network\/wp-json\/wp\/v2\/cma_thread\/3096","targetHints":{"allow":["GET"]}}],"collection":[{"href":"https:\/\/www.cfos-emobility.de\/network\/wp-json\/wp\/v2\/cma_thread"}],"about":[{"href":"https:\/\/www.cfos-emobility.de\/network\/wp-json\/wp\/v2\/types\/cma_thread"}],"author":[{"embeddable":true,"href":"https:\/\/www.cfos-emobility.de\/network\/wp-json\/wp\/v2\/users\/340"}],"wp:attachment":[{"href":"https:\/\/www.cfos-emobility.de\/network\/wp-json\/wp\/v2\/media?parent=3096"}],"wp:term":[{"taxonomy":"post_tag","embeddable":true,"href":"https:\/\/www.cfos-emobility.de\/network\/wp-json\/wp\/v2\/tags?post=3096"},{"taxonomy":"cma_category","embeddable":true,"href":"https:\/\/www.cfos-emobility.de\/network\/wp-json\/wp\/v2\/cma_category?post=3096"},{"taxonomy":"cma_difficulty_level","embeddable":true,"href":"https:\/\/www.cfos-emobility.de\/network\/wp-json\/wp\/v2\/cma_difficulty_level?post=3096"}],"curies":[{"name":"wp","href":"https:\/\/api.w.org\/{rel}","templated":true}]}}

<p>So, nachdem die PowerBrain nun den Zähler korrekt anzeigt zum nächsten Problem:</p>
<p>Ich möchte zwei Powerbrain miteinander verbinden. Dafür habe ich die Master/Slave Anleitung befolgt bekomme aber immer Fehler. Die Geräte hängen im gleichen WLAN, beide Geräte für sich funktionieren auch, es kommt nur keine Verbindung zustande.</p>
<p>Drei Screenshots: Slave Einstellungen (heller Background) Master Einstellungen (dunkler Background) und Dashboard mit dem Verbindungsfehler. Was mache ich falsch?</p>

<p>So, nachdem die PowerBrain nun den Zähler korrekt anzeigt zum nächsten Problem: Ich möchte zwei Powerbrain miteinander verbinden. Dafür habe ich die Master/Slave Anleitung befolgt bekomme aber immer Fehler. Die Geräte hängen im gleichen WLAN, beide Geräte für sich funktionieren auch, es kommt nur keine Verbindung zustande. Drei Screenshots: Slave Einstellungen (heller Background) Master Einstellungen [&hellip;]</p>

<!-- This site is optimized with the Yoast SEO plugin v27.5 - https://yoast.com/product/yoast-seo-wordpress/ -->
<title>Wie zwei PowerBrain verbinden - cFos eMobility Network</title>
<meta name="robots" content="index, follow, max-snippet:-1, max-image-preview:large, max-video-preview:-1" />
<link rel="canonical" href="https://www.cfos-emobility.de/network/antworten/wie-zei-powerbrain-verbinden/" />
<meta property="og:locale" content="de_DE" />
<meta property="og:type" content="article" />
<meta property="og:title" content="Wie zwei PowerBrain verbinden - cFos eMobility Network" />
<meta property="og:description" content="So, nachdem die PowerBrain nun den Zähler korrekt anzeigt zum nächsten Problem: Ich möchte zwei Powerbrain miteinander verbinden. Dafür habe ich die Master/Slave Anleitung befolgt bekomme aber immer Fehler. Die Geräte hängen im gleichen WLAN, beide Geräte für sich funktionieren auch, es kommt nur keine Verbindung zustande. Drei Screenshots: Slave Einstellungen (heller Background) Master Einstellungen [&hellip;]" />
<meta property="og:url" content="https://www.cfos-emobility.de/network/antworten/wie-zei-powerbrain-verbinden/" />
<meta property="og:site_name" content="cFos eMobility Network" />
<meta property="article:modified_time" content="2024-05-18T21:52:16+00:00" />
<meta name="twitter:card" content="summary_large_image" />
<meta name="twitter:site" content="@cFosEmobility" />
<script type="application/ld+json" class="yoast-schema-graph">{"@context":"https:\/\/schema.org","@graph":[{"@type":"WebPage","@id":"https:\/\/www.cfos-emobility.de\/network\/antworten\/wie-zei-powerbrain-verbinden\/","url":"https:\/\/www.cfos-emobility.de\/network\/antworten\/wie-zei-powerbrain-verbinden\/","name":"Wie zwei PowerBrain verbinden - cFos eMobility Network","isPartOf":{"@id":"https:\/\/www.cfos-emobility.de\/network\/#website"},"datePublished":"2024-05-18T12:34:37+00:00","dateModified":"2024-05-18T21:52:16+00:00","breadcrumb":{"@id":"https:\/\/www.cfos-emobility.de\/network\/antworten\/wie-zei-powerbrain-verbinden\/#breadcrumb"},"inLanguage":"de","potentialAction":[{"@type":"ReadAction","target":["https:\/\/www.cfos-emobility.de\/network\/antworten\/wie-zei-powerbrain-verbinden\/"]}]},{"@type":"BreadcrumbList","@id":"https:\/\/www.cfos-emobility.de\/network\/antworten\/wie-zei-powerbrain-verbinden\/#breadcrumb","itemListElement":[{"@type":"ListItem","position":1,"name":"Startseite","item":"https:\/\/www.cfos-emobility.de\/network\/"},{"@type":"ListItem","position":2,"name":"Fragen","item":"https:\/\/www.cfos-emobility.de\/network\/antworten\/"},{"@type":"ListItem","position":3,"name":"Wie zwei PowerBrain verbinden"}]},{"@type":"WebSite","@id":"https:\/\/www.cfos-emobility.de\/network\/#website","url":"https:\/\/www.cfos-emobility.de\/network\/","name":"cFos eMobility Network","description":"Das cFos Power Brain Community Portal","publisher":{"@id":"https:\/\/www.cfos-emobility.de\/network\/#organization"},"potentialAction":[{"@type":"SearchAction","target":{"@type":"EntryPoint","urlTemplate":"https:\/\/www.cfos-emobility.de\/network\/?s={search_term_string}"},"query-input":{"@type":"PropertyValueSpecification","valueRequired":true,"valueName":"search_term_string"}}],"inLanguage":"de"},{"@type":"Organization","@id":"https:\/\/www.cfos-emobility.de\/network\/#organization","name":"cFos eMobility GmbH","url":"https:\/\/www.cfos-emobility.de\/network\/","logo":{"@type":"ImageObject","inLanguage":"de","@id":"https:\/\/www.cfos-emobility.de\/network\/#\/schema\/logo\/image\/","url":"https:\/\/www.cfos-emobility.de\/network\/wp-content\/uploads\/2021\/12\/cfos-emobility-logo.jpg","contentUrl":"https:\/\/www.cfos-emobility.de\/network\/wp-content\/uploads\/2021\/12\/cfos-emobility-logo.jpg","width":221,"height":80,"caption":"cFos eMobility GmbH"},"image":{"@id":"https:\/\/www.cfos-emobility.de\/network\/#\/schema\/logo\/image\/"},"sameAs":["https:\/\/x.com\/cFosEmobility"]}]}</script>
<!-- / Yoast SEO plugin. -->

So, nachdem die PowerBrain nun den Zähler korrekt anzeigt zum nächsten Problem: Ich möchte zwei Powerbrain miteinander verbinden. Dafür habe ich die Master/Slave Anleitung befolgt bekomme aber immer Fehler. Die Geräte hängen im gleichen WLAN, beide Geräte für sich funktionieren auch, es kommt nur keine Verbindung zustande. Drei Screenshots: Slave Einstellungen (heller Background) Master Einstellungen [&hellip;]
