{"id":2856,"date":"2024-04-11T22:37:23","date_gmt":"2024-04-11T20:37:23","guid":{"rendered":"https:\/\/www.cfos-emobility.de\/network\/antworten\/zaehler-cfos-ytl-dem4a-series-modbus-an-cfos-pb-rev-c-anschliessen-und-konfigurieren\/"},"modified":"2024-04-14T09:38:39","modified_gmt":"2024-04-14T07:38:39","slug":"zaehler-cfos-ytl-dem4a-series-modbus-an-cfos-pb-rev-c-anschliessen-und-konfigurieren","status":"publish","type":"cma_thread","link":"https:\/\/www.cfos-emobility.de\/network\/antworten\/zaehler-cfos-ytl-dem4a-series-modbus-an-cfos-pb-rev-c-anschliessen-und-konfigurieren\/","title":{"rendered":"Z\u00e4hler \u201ecFos YTL DEM4A Series Modbus\u201c an cFos PB Rev. C anschlie\u00dfen und konfigurieren"},"content":{"rendered":"<p>Hallo,<\/p>\n<p>um das \u00dcberschussladen endlich zu optimieren habe ich mir 2 cFos YTL DEM4A Modbus Z\u00e4hler bei cFos gekauft, weil unsere beiden cFos Boxen damals noch mit S0-Z\u00e4hler ausgeliefert wurden.<\/p>\n<p>Es handelt sich bei den beiden <strong>cFos PB um die Rev. C Versionen.<\/strong><\/p>\n<p>Bei den Anleitungen wie man Modbus Z\u00e4hler an die Box anschlie\u00dft wird immer auf die \u00a0A und B Anschl\u00fcsse verwiesen, die es aber bei der Rev. C Version so nicht gibt.<\/p>\n<p><a href=\"https:\/\/www.cfos-emobility.de\/network\/antworten\/wie-schliesse-ich-den-zaehler-cfos-ytl-dem4a-series-modbus-per-modbus-an\/\">Wie schlie\u00dfe ich den Z\u00e4hler &#8222;cFos YTL DEM4A Series Modbus&#8220; per Modbus an? &#8211; cFos eMobility Network (cfos-emobility.de)<\/a><\/p>\n<p>Lt. dieser Anleitung<\/p>\n<p><a href=\"https:\/\/www.cfos-emobility.de\/de\/cfos-power-brain\/modbus-meter-s0-meter.htm\">cFos eMobility &#8211; cFos Power Brain Controller mit Modbus- oder S0-Z\u00e4hler (cfos-emobility.de)<\/a><\/p>\n<p>habe ich den Modbus Z\u00e4hler jetzt wie den S0 Z\u00e4hler am Power Brain angeschlossen (s. Foto 1-3) und als Z\u00e4hler konfiguriert (s. Foto 4+5), aber das funktioniert wie erwartet nat\u00fcrlich nicht. Als ID habe ich auch die 101 versucht aber ohne Erfolg. Die Br\u00fccke wie beim SO Z\u00e4hler (GND auf S0-1) habe ich weggelassen, weil es auch keine \u00c4nderungen brachte. <\/p>\n<p>Ich habe den Support auch mal direkt angeschrieben aber vielleicht kann mir ja jemand einen Tipp geben wie ich den Z\u00e4hler anschlie\u00dfen und\/oder konfigurieren muss.\u00a0 Vielen Dank vorab!<\/p>\n","protected":false},"excerpt":{"rendered":"<p>Hallo, um das \u00dcberschussladen endlich zu optimieren habe ich mir 2 cFos YTL DEM4A Modbus Z\u00e4hler bei cFos gekauft, weil unsere beiden cFos Boxen damals noch mit S0-Z\u00e4hler ausgeliefert wurden. Es handelt sich bei den beiden cFos PB um die Rev. C Versionen. Bei den Anleitungen wie man Modbus Z\u00e4hler an die Box anschlie\u00dft wird [&hellip;]<\/p>\n","protected":false},"author":378,"featured_media":0,"template":"","tags":[33,32],"cma_category":[2],"cma_difficulty_level":[],"class_list":["post-2856","cma_thread","type-cma_thread","status-publish","hentry","tag-modbus","tag-zaehler","cma_category-cfos-emobility"],"yoast_head":"<!-- This site is optimized with the Yoast SEO plugin v27.5 - https:\/\/yoast.com\/product\/yoast-seo-wordpress\/ -->\n<title>Z\u00e4hler \u201ecFos YTL DEM4A Series Modbus\u201c an cFos PB Rev. C anschlie\u00dfen und konfigurieren - cFos eMobility Network<\/title>\n<meta name=\"robots\" content=\"index, follow, max-snippet:-1, max-image-preview:large, max-video-preview:-1\" \/>\n<link rel=\"canonical\" href=\"https:\/\/www.cfos-emobility.de\/network\/antworten\/zaehler-cfos-ytl-dem4a-series-modbus-an-cfos-pb-rev-c-anschliessen-und-konfigurieren\/\" \/>\n<meta property=\"og:locale\" content=\"de_DE\" \/>\n<meta property=\"og:type\" content=\"article\" \/>\n<meta property=\"og:title\" content=\"Z\u00e4hler \u201ecFos YTL DEM4A Series Modbus\u201c an cFos PB Rev. C anschlie\u00dfen und konfigurieren - cFos eMobility Network\" \/>\n<meta property=\"og:description\" content=\"Hallo, um das \u00dcberschussladen endlich zu optimieren habe ich mir 2 cFos YTL DEM4A Modbus Z\u00e4hler bei cFos gekauft, weil unsere beiden cFos Boxen damals noch mit S0-Z\u00e4hler ausgeliefert wurden. Es handelt sich bei den beiden cFos PB um die Rev. C Versionen. Bei den Anleitungen wie man Modbus Z\u00e4hler an die Box anschlie\u00dft wird [&hellip;]\" \/>\n<meta property=\"og:url\" content=\"https:\/\/www.cfos-emobility.de\/network\/antworten\/zaehler-cfos-ytl-dem4a-series-modbus-an-cfos-pb-rev-c-anschliessen-und-konfigurieren\/\" \/>\n<meta property=\"og:site_name\" content=\"cFos eMobility Network\" \/>\n<meta property=\"article:modified_time\" content=\"2024-04-14T07:38:39+00:00\" \/>\n<meta name=\"twitter:card\" content=\"summary_large_image\" \/>\n<meta name=\"twitter:site\" content=\"@cFosEmobility\" \/>\n<meta name=\"twitter:label1\" content=\"Gesch\u00e4tzte Lesezeit\" \/>\n\t<meta name=\"twitter:data1\" content=\"1\u00a0Minute\" \/>\n<script type=\"application\/ld+json\" class=\"yoast-schema-graph\">{\"@context\":\"https:\\\/\\\/schema.org\",\"@graph\":[{\"@type\":\"WebPage\",\"@id\":\"https:\\\/\\\/www.cfos-emobility.de\\\/network\\\/antworten\\\/zaehler-cfos-ytl-dem4a-series-modbus-an-cfos-pb-rev-c-anschliessen-und-konfigurieren\\\/\",\"url\":\"https:\\\/\\\/www.cfos-emobility.de\\\/network\\\/antworten\\\/zaehler-cfos-ytl-dem4a-series-modbus-an-cfos-pb-rev-c-anschliessen-und-konfigurieren\\\/\",\"name\":\"Z\u00e4hler \u201ecFos YTL DEM4A Series Modbus\u201c an cFos PB Rev. C anschlie\u00dfen und konfigurieren - cFos eMobility Network\",\"isPartOf\":{\"@id\":\"https:\\\/\\\/www.cfos-emobility.de\\\/network\\\/#website\"},\"datePublished\":\"2024-04-11T20:37:23+00:00\",\"dateModified\":\"2024-04-14T07:38:39+00:00\",\"breadcrumb\":{\"@id\":\"https:\\\/\\\/www.cfos-emobility.de\\\/network\\\/antworten\\\/zaehler-cfos-ytl-dem4a-series-modbus-an-cfos-pb-rev-c-anschliessen-und-konfigurieren\\\/#breadcrumb\"},\"inLanguage\":\"de\",\"potentialAction\":[{\"@type\":\"ReadAction\",\"target\":[\"https:\\\/\\\/www.cfos-emobility.de\\\/network\\\/antworten\\\/zaehler-cfos-ytl-dem4a-series-modbus-an-cfos-pb-rev-c-anschliessen-und-konfigurieren\\\/\"]}]},{\"@type\":\"BreadcrumbList\",\"@id\":\"https:\\\/\\\/www.cfos-emobility.de\\\/network\\\/antworten\\\/zaehler-cfos-ytl-dem4a-series-modbus-an-cfos-pb-rev-c-anschliessen-und-konfigurieren\\\/#breadcrumb\",\"itemListElement\":[{\"@type\":\"ListItem\",\"position\":1,\"name\":\"Startseite\",\"item\":\"https:\\\/\\\/www.cfos-emobility.de\\\/network\\\/\"},{\"@type\":\"ListItem\",\"position\":2,\"name\":\"Fragen\",\"item\":\"https:\\\/\\\/www.cfos-emobility.de\\\/network\\\/antworten\\\/\"},{\"@type\":\"ListItem\",\"position\":3,\"name\":\"Z\u00e4hler \u201ecFos YTL DEM4A Series Modbus\u201c an cFos PB Rev. C anschlie\u00dfen und konfigurieren\"}]},{\"@type\":\"WebSite\",\"@id\":\"https:\\\/\\\/www.cfos-emobility.de\\\/network\\\/#website\",\"url\":\"https:\\\/\\\/www.cfos-emobility.de\\\/network\\\/\",\"name\":\"cFos eMobility Network\",\"description\":\"Das cFos Power Brain Community Portal\",\"publisher\":{\"@id\":\"https:\\\/\\\/www.cfos-emobility.de\\\/network\\\/#organization\"},\"potentialAction\":[{\"@type\":\"SearchAction\",\"target\":{\"@type\":\"EntryPoint\",\"urlTemplate\":\"https:\\\/\\\/www.cfos-emobility.de\\\/network\\\/?s={search_term_string}\"},\"query-input\":{\"@type\":\"PropertyValueSpecification\",\"valueRequired\":true,\"valueName\":\"search_term_string\"}}],\"inLanguage\":\"de\"},{\"@type\":\"Organization\",\"@id\":\"https:\\\/\\\/www.cfos-emobility.de\\\/network\\\/#organization\",\"name\":\"cFos eMobility GmbH\",\"url\":\"https:\\\/\\\/www.cfos-emobility.de\\\/network\\\/\",\"logo\":{\"@type\":\"ImageObject\",\"inLanguage\":\"de\",\"@id\":\"https:\\\/\\\/www.cfos-emobility.de\\\/network\\\/#\\\/schema\\\/logo\\\/image\\\/\",\"url\":\"https:\\\/\\\/www.cfos-emobility.de\\\/network\\\/wp-content\\\/uploads\\\/2021\\\/12\\\/cfos-emobility-logo.jpg\",\"contentUrl\":\"https:\\\/\\\/www.cfos-emobility.de\\\/network\\\/wp-content\\\/uploads\\\/2021\\\/12\\\/cfos-emobility-logo.jpg\",\"width\":221,\"height\":80,\"caption\":\"cFos eMobility GmbH\"},\"image\":{\"@id\":\"https:\\\/\\\/www.cfos-emobility.de\\\/network\\\/#\\\/schema\\\/logo\\\/image\\\/\"},\"sameAs\":[\"https:\\\/\\\/x.com\\\/cFosEmobility\"]}]}<\/script>\n<!-- \/ Yoast SEO plugin. -->","yoast_head_json":{"title":"Z\u00e4hler \u201ecFos YTL DEM4A Series Modbus\u201c an cFos PB Rev. C anschlie\u00dfen und konfigurieren - cFos eMobility Network","robots":{"index":"index","follow":"follow","max-snippet":"max-snippet:-1","max-image-preview":"max-image-preview:large","max-video-preview":"max-video-preview:-1"},"canonical":"https:\/\/www.cfos-emobility.de\/network\/antworten\/zaehler-cfos-ytl-dem4a-series-modbus-an-cfos-pb-rev-c-anschliessen-und-konfigurieren\/","og_locale":"de_DE","og_type":"article","og_title":"Z\u00e4hler \u201ecFos YTL DEM4A Series Modbus\u201c an cFos PB Rev. C anschlie\u00dfen und konfigurieren - cFos eMobility Network","og_description":"Hallo, um das \u00dcberschussladen endlich zu optimieren habe ich mir 2 cFos YTL DEM4A Modbus Z\u00e4hler bei cFos gekauft, weil unsere beiden cFos Boxen damals noch mit S0-Z\u00e4hler ausgeliefert wurden. Es handelt sich bei den beiden cFos PB um die Rev. C Versionen. Bei den Anleitungen wie man Modbus Z\u00e4hler an die Box anschlie\u00dft wird [&hellip;]","og_url":"https:\/\/www.cfos-emobility.de\/network\/antworten\/zaehler-cfos-ytl-dem4a-series-modbus-an-cfos-pb-rev-c-anschliessen-und-konfigurieren\/","og_site_name":"cFos eMobility Network","article_modified_time":"2024-04-14T07:38:39+00:00","twitter_card":"summary_large_image","twitter_site":"@cFosEmobility","twitter_misc":{"Gesch\u00e4tzte Lesezeit":"1\u00a0Minute"},"schema":{"@context":"https:\/\/schema.org","@graph":[{"@type":"WebPage","@id":"https:\/\/www.cfos-emobility.de\/network\/antworten\/zaehler-cfos-ytl-dem4a-series-modbus-an-cfos-pb-rev-c-anschliessen-und-konfigurieren\/","url":"https:\/\/www.cfos-emobility.de\/network\/antworten\/zaehler-cfos-ytl-dem4a-series-modbus-an-cfos-pb-rev-c-anschliessen-und-konfigurieren\/","name":"Z\u00e4hler \u201ecFos YTL DEM4A Series Modbus\u201c an cFos PB Rev. C anschlie\u00dfen und konfigurieren - cFos eMobility Network","isPartOf":{"@id":"https:\/\/www.cfos-emobility.de\/network\/#website"},"datePublished":"2024-04-11T20:37:23+00:00","dateModified":"2024-04-14T07:38:39+00:00","breadcrumb":{"@id":"https:\/\/www.cfos-emobility.de\/network\/antworten\/zaehler-cfos-ytl-dem4a-series-modbus-an-cfos-pb-rev-c-anschliessen-und-konfigurieren\/#breadcrumb"},"inLanguage":"de","potentialAction":[{"@type":"ReadAction","target":["https:\/\/www.cfos-emobility.de\/network\/antworten\/zaehler-cfos-ytl-dem4a-series-modbus-an-cfos-pb-rev-c-anschliessen-und-konfigurieren\/"]}]},{"@type":"BreadcrumbList","@id":"https:\/\/www.cfos-emobility.de\/network\/antworten\/zaehler-cfos-ytl-dem4a-series-modbus-an-cfos-pb-rev-c-anschliessen-und-konfigurieren\/#breadcrumb","itemListElement":[{"@type":"ListItem","position":1,"name":"Startseite","item":"https:\/\/www.cfos-emobility.de\/network\/"},{"@type":"ListItem","position":2,"name":"Fragen","item":"https:\/\/www.cfos-emobility.de\/network\/antworten\/"},{"@type":"ListItem","position":3,"name":"Z\u00e4hler \u201ecFos YTL DEM4A Series Modbus\u201c an cFos PB Rev. C anschlie\u00dfen und konfigurieren"}]},{"@type":"WebSite","@id":"https:\/\/www.cfos-emobility.de\/network\/#website","url":"https:\/\/www.cfos-emobility.de\/network\/","name":"cFos eMobility Network","description":"Das cFos Power Brain Community Portal","publisher":{"@id":"https:\/\/www.cfos-emobility.de\/network\/#organization"},"potentialAction":[{"@type":"SearchAction","target":{"@type":"EntryPoint","urlTemplate":"https:\/\/www.cfos-emobility.de\/network\/?s={search_term_string}"},"query-input":{"@type":"PropertyValueSpecification","valueRequired":true,"valueName":"search_term_string"}}],"inLanguage":"de"},{"@type":"Organization","@id":"https:\/\/www.cfos-emobility.de\/network\/#organization","name":"cFos eMobility GmbH","url":"https:\/\/www.cfos-emobility.de\/network\/","logo":{"@type":"ImageObject","inLanguage":"de","@id":"https:\/\/www.cfos-emobility.de\/network\/#\/schema\/logo\/image\/","url":"https:\/\/www.cfos-emobility.de\/network\/wp-content\/uploads\/2021\/12\/cfos-emobility-logo.jpg","contentUrl":"https:\/\/www.cfos-emobility.de\/network\/wp-content\/uploads\/2021\/12\/cfos-emobility-logo.jpg","width":221,"height":80,"caption":"cFos eMobility GmbH"},"image":{"@id":"https:\/\/www.cfos-emobility.de\/network\/#\/schema\/logo\/image\/"},"sameAs":["https:\/\/x.com\/cFosEmobility"]}]}},"_links":{"self":[{"href":"https:\/\/www.cfos-emobility.de\/network\/wp-json\/wp\/v2\/cma_thread\/2856","targetHints":{"allow":["GET"]}}],"collection":[{"href":"https:\/\/www.cfos-emobility.de\/network\/wp-json\/wp\/v2\/cma_thread"}],"about":[{"href":"https:\/\/www.cfos-emobility.de\/network\/wp-json\/wp\/v2\/types\/cma_thread"}],"author":[{"embeddable":true,"href":"https:\/\/www.cfos-emobility.de\/network\/wp-json\/wp\/v2\/users\/378"}],"wp:attachment":[{"href":"https:\/\/www.cfos-emobility.de\/network\/wp-json\/wp\/v2\/media?parent=2856"}],"wp:term":[{"taxonomy":"post_tag","embeddable":true,"href":"https:\/\/www.cfos-emobility.de\/network\/wp-json\/wp\/v2\/tags?post=2856"},{"taxonomy":"cma_category","embeddable":true,"href":"https:\/\/www.cfos-emobility.de\/network\/wp-json\/wp\/v2\/cma_category?post=2856"},{"taxonomy":"cma_difficulty_level","embeddable":true,"href":"https:\/\/www.cfos-emobility.de\/network\/wp-json\/wp\/v2\/cma_difficulty_level?post=2856"}],"curies":[{"name":"wp","href":"https:\/\/api.w.org\/{rel}","templated":true}]}}

Zähler „cFos YTL DEM4A Series Modbus“ an cFos PB Rev. C anschließen und konfigurieren

<p>Hallo,</p>
<p>um das Überschussladen endlich zu optimieren habe ich mir 2 cFos YTL DEM4A Modbus Zähler bei cFos gekauft, weil unsere beiden cFos Boxen damals noch mit S0-Zähler ausgeliefert wurden.</p>
<p>Es handelt sich bei den beiden <strong>cFos PB um die Rev. C Versionen.</strong></p>
<p>Bei den Anleitungen wie man Modbus Zähler an die Box anschließt wird immer auf die  A und B Anschlüsse verwiesen, die es aber bei der Rev. C Version so nicht gibt.</p>
<p><a href="https://www.cfos-emobility.de/network/antworten/wie-schliesse-ich-den-zaehler-cfos-ytl-dem4a-series-modbus-per-modbus-an/">Wie schließe ich den Zähler &#8222;cFos YTL DEM4A Series Modbus&#8220; per Modbus an? &#8211; cFos eMobility Network (cfos-emobility.de)</a></p>
<p>Lt. dieser Anleitung</p>
<p><a href="https://www.cfos-emobility.de/de/cfos-power-brain/modbus-meter-s0-meter.htm">cFos eMobility &#8211; cFos Power Brain Controller mit Modbus- oder S0-Zähler (cfos-emobility.de)</a></p>
<p>habe ich den Modbus Zähler jetzt wie den S0 Zähler am Power Brain angeschlossen (s. Foto 1-3) und als Zähler konfiguriert (s. Foto 4+5), aber das funktioniert wie erwartet natürlich nicht. Als ID habe ich auch die 101 versucht aber ohne Erfolg. Die Brücke wie beim SO Zähler (GND auf S0-1) habe ich weggelassen, weil es auch keine Änderungen brachte. </p>
<p>Ich habe den Support auch mal direkt angeschrieben aber vielleicht kann mir ja jemand einen Tipp geben wie ich den Zähler anschließen und/oder konfigurieren muss.  Vielen Dank vorab!</p>

<p>Hallo, um das Überschussladen endlich zu optimieren habe ich mir 2 cFos YTL DEM4A Modbus Zähler bei cFos gekauft, weil unsere beiden cFos Boxen damals noch mit S0-Zähler ausgeliefert wurden. Es handelt sich bei den beiden cFos PB um die Rev. C Versionen. Bei den Anleitungen wie man Modbus Zähler an die Box anschließt wird [&hellip;]</p>

<!-- This site is optimized with the Yoast SEO plugin v27.5 - https://yoast.com/product/yoast-seo-wordpress/ -->
<title>Zähler „cFos YTL DEM4A Series Modbus“ an cFos PB Rev. C anschließen und konfigurieren - cFos eMobility Network</title>
<meta name="robots" content="index, follow, max-snippet:-1, max-image-preview:large, max-video-preview:-1" />
<link rel="canonical" href="https://www.cfos-emobility.de/network/antworten/zaehler-cfos-ytl-dem4a-series-modbus-an-cfos-pb-rev-c-anschliessen-und-konfigurieren/" />
<meta property="og:locale" content="de_DE" />
<meta property="og:type" content="article" />
<meta property="og:title" content="Zähler „cFos YTL DEM4A Series Modbus“ an cFos PB Rev. C anschließen und konfigurieren - cFos eMobility Network" />
<meta property="og:description" content="Hallo, um das Überschussladen endlich zu optimieren habe ich mir 2 cFos YTL DEM4A Modbus Zähler bei cFos gekauft, weil unsere beiden cFos Boxen damals noch mit S0-Zähler ausgeliefert wurden. Es handelt sich bei den beiden cFos PB um die Rev. C Versionen. Bei den Anleitungen wie man Modbus Zähler an die Box anschließt wird [&hellip;]" />
<meta property="og:url" content="https://www.cfos-emobility.de/network/antworten/zaehler-cfos-ytl-dem4a-series-modbus-an-cfos-pb-rev-c-anschliessen-und-konfigurieren/" />
<meta property="og:site_name" content="cFos eMobility Network" />
<meta property="article:modified_time" content="2024-04-14T07:38:39+00:00" />
<meta name="twitter:card" content="summary_large_image" />
<meta name="twitter:site" content="@cFosEmobility" />
<meta name="twitter:label1" content="Geschätzte Lesezeit" />
	<meta name="twitter:data1" content="1 Minute" />
<script type="application/ld+json" class="yoast-schema-graph">{"@context":"https:\/\/schema.org","@graph":[{"@type":"WebPage","@id":"https:\/\/www.cfos-emobility.de\/network\/antworten\/zaehler-cfos-ytl-dem4a-series-modbus-an-cfos-pb-rev-c-anschliessen-und-konfigurieren\/","url":"https:\/\/www.cfos-emobility.de\/network\/antworten\/zaehler-cfos-ytl-dem4a-series-modbus-an-cfos-pb-rev-c-anschliessen-und-konfigurieren\/","name":"Zähler „cFos YTL DEM4A Series Modbus“ an cFos PB Rev. C anschließen und konfigurieren - cFos eMobility Network","isPartOf":{"@id":"https:\/\/www.cfos-emobility.de\/network\/#website"},"datePublished":"2024-04-11T20:37:23+00:00","dateModified":"2024-04-14T07:38:39+00:00","breadcrumb":{"@id":"https:\/\/www.cfos-emobility.de\/network\/antworten\/zaehler-cfos-ytl-dem4a-series-modbus-an-cfos-pb-rev-c-anschliessen-und-konfigurieren\/#breadcrumb"},"inLanguage":"de","potentialAction":[{"@type":"ReadAction","target":["https:\/\/www.cfos-emobility.de\/network\/antworten\/zaehler-cfos-ytl-dem4a-series-modbus-an-cfos-pb-rev-c-anschliessen-und-konfigurieren\/"]}]},{"@type":"BreadcrumbList","@id":"https:\/\/www.cfos-emobility.de\/network\/antworten\/zaehler-cfos-ytl-dem4a-series-modbus-an-cfos-pb-rev-c-anschliessen-und-konfigurieren\/#breadcrumb","itemListElement":[{"@type":"ListItem","position":1,"name":"Startseite","item":"https:\/\/www.cfos-emobility.de\/network\/"},{"@type":"ListItem","position":2,"name":"Fragen","item":"https:\/\/www.cfos-emobility.de\/network\/antworten\/"},{"@type":"ListItem","position":3,"name":"Zähler „cFos YTL DEM4A Series Modbus“ an cFos PB Rev. C anschließen und konfigurieren"}]},{"@type":"WebSite","@id":"https:\/\/www.cfos-emobility.de\/network\/#website","url":"https:\/\/www.cfos-emobility.de\/network\/","name":"cFos eMobility Network","description":"Das cFos Power Brain Community Portal","publisher":{"@id":"https:\/\/www.cfos-emobility.de\/network\/#organization"},"potentialAction":[{"@type":"SearchAction","target":{"@type":"EntryPoint","urlTemplate":"https:\/\/www.cfos-emobility.de\/network\/?s={search_term_string}"},"query-input":{"@type":"PropertyValueSpecification","valueRequired":true,"valueName":"search_term_string"}}],"inLanguage":"de"},{"@type":"Organization","@id":"https:\/\/www.cfos-emobility.de\/network\/#organization","name":"cFos eMobility GmbH","url":"https:\/\/www.cfos-emobility.de\/network\/","logo":{"@type":"ImageObject","inLanguage":"de","@id":"https:\/\/www.cfos-emobility.de\/network\/#\/schema\/logo\/image\/","url":"https:\/\/www.cfos-emobility.de\/network\/wp-content\/uploads\/2021\/12\/cfos-emobility-logo.jpg","contentUrl":"https:\/\/www.cfos-emobility.de\/network\/wp-content\/uploads\/2021\/12\/cfos-emobility-logo.jpg","width":221,"height":80,"caption":"cFos eMobility GmbH"},"image":{"@id":"https:\/\/www.cfos-emobility.de\/network\/#\/schema\/logo\/image\/"},"sameAs":["https:\/\/x.com\/cFosEmobility"]}]}</script>
<!-- / Yoast SEO plugin. -->

Zähler „cFos YTL DEM4A Series Modbus“ an cFos PB Rev. C anschließen und konfigurieren - cFos eMobility Network

Hallo, um das Überschussladen endlich zu optimieren habe ich mir 2 cFos YTL DEM4A Modbus Zähler bei cFos gekauft, weil unsere beiden cFos Boxen damals noch mit S0-Zähler ausgeliefert wurden. Es handelt sich bei den beiden cFos PB um die Rev. C Versionen. Bei den Anleitungen wie man Modbus Zähler an die Box anschließt wird [&hellip;]
