{"id":2845,"date":"2024-04-09T07:06:04","date_gmt":"2024-04-09T05:06:04","guid":{"rendered":"https:\/\/www.cfos-emobility.de\/network\/antworten\/kann-ich-die-charging-manager-variablen-auch-ueber-die-api-setzen-http-mqtt\/"},"modified":"2025-10-01T13:05:24","modified_gmt":"2025-10-01T11:05:24","slug":"kann-ich-die-charging-manager-variablen-auch-ueber-die-api-setzen-http-mqtt","status":"publish","type":"cma_thread","link":"https:\/\/www.cfos-emobility.de\/network\/antworten\/kann-ich-die-charging-manager-variablen-auch-ueber-die-api-setzen-http-mqtt\/","title":{"rendered":"Kann ich die Charging Manager Variablen auch \u00fcber die API setzen? HTTP\/ MQTT"},"content":{"rendered":"<p>Das w\u00e4re ja super, wenn man man die Charging Manager Variablen auch \u00fcber die API auslesen und setzen k\u00f6nnte.<\/p>\n<p>Ich will das auch mal so machen die wie cFos Jungs und fragen und dann selbst antworten \ud83d\ude00<\/p>\n","protected":false},"excerpt":{"rendered":"<p>Das w\u00e4re ja super, wenn man man die Charging Manager Variablen auch \u00fcber die API auslesen und setzen k\u00f6nnte. Ich will das auch mal so machen die wie cFos Jungs und fragen und dann selbst antworten \ud83d\ude00<\/p>\n","protected":false},"author":52,"featured_media":0,"template":"","tags":[53,207,35,237],"cma_category":[],"cma_difficulty_level":[],"class_list":["post-2845","cma_thread","type-cma_thread","status-publish","hentry","tag-api","tag-http","tag-mqtt","tag-variablen"],"yoast_head":"<!-- This site is optimized with the Yoast SEO plugin v27.5 - https:\/\/yoast.com\/product\/yoast-seo-wordpress\/ -->\n<title>Kann ich die Charging Manager Variablen auch \u00fcber die API setzen? HTTP\/ MQTT - cFos eMobility Network<\/title>\n<meta name=\"robots\" content=\"index, follow, max-snippet:-1, max-image-preview:large, max-video-preview:-1\" \/>\n<link rel=\"canonical\" href=\"https:\/\/www.cfos-emobility.de\/network\/antworten\/kann-ich-die-charging-manager-variablen-auch-ueber-die-api-setzen-http-mqtt\/\" \/>\n<meta property=\"og:locale\" content=\"de_DE\" \/>\n<meta property=\"og:type\" content=\"article\" \/>\n<meta property=\"og:title\" content=\"Kann ich die Charging Manager Variablen auch \u00fcber die API setzen? HTTP\/ MQTT - cFos eMobility Network\" \/>\n<meta property=\"og:description\" content=\"Das w\u00e4re ja super, wenn man man die Charging Manager Variablen auch \u00fcber die API auslesen und setzen k\u00f6nnte. Ich will das auch mal so machen die wie cFos Jungs und fragen und dann selbst antworten \ud83d\ude00\" \/>\n<meta property=\"og:url\" content=\"https:\/\/www.cfos-emobility.de\/network\/antworten\/kann-ich-die-charging-manager-variablen-auch-ueber-die-api-setzen-http-mqtt\/\" \/>\n<meta property=\"og:site_name\" content=\"cFos eMobility Network\" \/>\n<meta property=\"article:modified_time\" content=\"2025-10-01T11:05:24+00:00\" \/>\n<meta name=\"twitter:card\" content=\"summary_large_image\" \/>\n<meta name=\"twitter:site\" content=\"@cFosEmobility\" \/>\n<script type=\"application\/ld+json\" class=\"yoast-schema-graph\">{\"@context\":\"https:\\\/\\\/schema.org\",\"@graph\":[{\"@type\":\"WebPage\",\"@id\":\"https:\\\/\\\/www.cfos-emobility.de\\\/network\\\/antworten\\\/kann-ich-die-charging-manager-variablen-auch-ueber-die-api-setzen-http-mqtt\\\/\",\"url\":\"https:\\\/\\\/www.cfos-emobility.de\\\/network\\\/antworten\\\/kann-ich-die-charging-manager-variablen-auch-ueber-die-api-setzen-http-mqtt\\\/\",\"name\":\"Kann ich die Charging Manager Variablen auch \u00fcber die API setzen? HTTP\\\/ MQTT - cFos eMobility Network\",\"isPartOf\":{\"@id\":\"https:\\\/\\\/www.cfos-emobility.de\\\/network\\\/#website\"},\"datePublished\":\"2024-04-09T05:06:04+00:00\",\"dateModified\":\"2025-10-01T11:05:24+00:00\",\"breadcrumb\":{\"@id\":\"https:\\\/\\\/www.cfos-emobility.de\\\/network\\\/antworten\\\/kann-ich-die-charging-manager-variablen-auch-ueber-die-api-setzen-http-mqtt\\\/#breadcrumb\"},\"inLanguage\":\"de\",\"potentialAction\":[{\"@type\":\"ReadAction\",\"target\":[\"https:\\\/\\\/www.cfos-emobility.de\\\/network\\\/antworten\\\/kann-ich-die-charging-manager-variablen-auch-ueber-die-api-setzen-http-mqtt\\\/\"]}]},{\"@type\":\"BreadcrumbList\",\"@id\":\"https:\\\/\\\/www.cfos-emobility.de\\\/network\\\/antworten\\\/kann-ich-die-charging-manager-variablen-auch-ueber-die-api-setzen-http-mqtt\\\/#breadcrumb\",\"itemListElement\":[{\"@type\":\"ListItem\",\"position\":1,\"name\":\"Startseite\",\"item\":\"https:\\\/\\\/www.cfos-emobility.de\\\/network\\\/\"},{\"@type\":\"ListItem\",\"position\":2,\"name\":\"Fragen\",\"item\":\"https:\\\/\\\/www.cfos-emobility.de\\\/network\\\/antworten\\\/\"},{\"@type\":\"ListItem\",\"position\":3,\"name\":\"Kann ich die Charging Manager Variablen auch \u00fcber die API setzen? HTTP\\\/ MQTT\"}]},{\"@type\":\"WebSite\",\"@id\":\"https:\\\/\\\/www.cfos-emobility.de\\\/network\\\/#website\",\"url\":\"https:\\\/\\\/www.cfos-emobility.de\\\/network\\\/\",\"name\":\"cFos eMobility Network\",\"description\":\"Das cFos Power Brain Community Portal\",\"publisher\":{\"@id\":\"https:\\\/\\\/www.cfos-emobility.de\\\/network\\\/#organization\"},\"potentialAction\":[{\"@type\":\"SearchAction\",\"target\":{\"@type\":\"EntryPoint\",\"urlTemplate\":\"https:\\\/\\\/www.cfos-emobility.de\\\/network\\\/?s={search_term_string}\"},\"query-input\":{\"@type\":\"PropertyValueSpecification\",\"valueRequired\":true,\"valueName\":\"search_term_string\"}}],\"inLanguage\":\"de\"},{\"@type\":\"Organization\",\"@id\":\"https:\\\/\\\/www.cfos-emobility.de\\\/network\\\/#organization\",\"name\":\"cFos eMobility GmbH\",\"url\":\"https:\\\/\\\/www.cfos-emobility.de\\\/network\\\/\",\"logo\":{\"@type\":\"ImageObject\",\"inLanguage\":\"de\",\"@id\":\"https:\\\/\\\/www.cfos-emobility.de\\\/network\\\/#\\\/schema\\\/logo\\\/image\\\/\",\"url\":\"https:\\\/\\\/www.cfos-emobility.de\\\/network\\\/wp-content\\\/uploads\\\/2021\\\/12\\\/cfos-emobility-logo.jpg\",\"contentUrl\":\"https:\\\/\\\/www.cfos-emobility.de\\\/network\\\/wp-content\\\/uploads\\\/2021\\\/12\\\/cfos-emobility-logo.jpg\",\"width\":221,\"height\":80,\"caption\":\"cFos eMobility GmbH\"},\"image\":{\"@id\":\"https:\\\/\\\/www.cfos-emobility.de\\\/network\\\/#\\\/schema\\\/logo\\\/image\\\/\"},\"sameAs\":[\"https:\\\/\\\/x.com\\\/cFosEmobility\"]}]}<\/script>\n<!-- \/ Yoast SEO plugin. -->","yoast_head_json":{"title":"Kann ich die Charging Manager Variablen auch \u00fcber die API setzen? HTTP\/ MQTT - cFos eMobility Network","robots":{"index":"index","follow":"follow","max-snippet":"max-snippet:-1","max-image-preview":"max-image-preview:large","max-video-preview":"max-video-preview:-1"},"canonical":"https:\/\/www.cfos-emobility.de\/network\/antworten\/kann-ich-die-charging-manager-variablen-auch-ueber-die-api-setzen-http-mqtt\/","og_locale":"de_DE","og_type":"article","og_title":"Kann ich die Charging Manager Variablen auch \u00fcber die API setzen? HTTP\/ MQTT - cFos eMobility Network","og_description":"Das w\u00e4re ja super, wenn man man die Charging Manager Variablen auch \u00fcber die API auslesen und setzen k\u00f6nnte. Ich will das auch mal so machen die wie cFos Jungs und fragen und dann selbst antworten \ud83d\ude00","og_url":"https:\/\/www.cfos-emobility.de\/network\/antworten\/kann-ich-die-charging-manager-variablen-auch-ueber-die-api-setzen-http-mqtt\/","og_site_name":"cFos eMobility Network","article_modified_time":"2025-10-01T11:05:24+00:00","twitter_card":"summary_large_image","twitter_site":"@cFosEmobility","schema":{"@context":"https:\/\/schema.org","@graph":[{"@type":"WebPage","@id":"https:\/\/www.cfos-emobility.de\/network\/antworten\/kann-ich-die-charging-manager-variablen-auch-ueber-die-api-setzen-http-mqtt\/","url":"https:\/\/www.cfos-emobility.de\/network\/antworten\/kann-ich-die-charging-manager-variablen-auch-ueber-die-api-setzen-http-mqtt\/","name":"Kann ich die Charging Manager Variablen auch \u00fcber die API setzen? HTTP\/ MQTT - cFos eMobility Network","isPartOf":{"@id":"https:\/\/www.cfos-emobility.de\/network\/#website"},"datePublished":"2024-04-09T05:06:04+00:00","dateModified":"2025-10-01T11:05:24+00:00","breadcrumb":{"@id":"https:\/\/www.cfos-emobility.de\/network\/antworten\/kann-ich-die-charging-manager-variablen-auch-ueber-die-api-setzen-http-mqtt\/#breadcrumb"},"inLanguage":"de","potentialAction":[{"@type":"ReadAction","target":["https:\/\/www.cfos-emobility.de\/network\/antworten\/kann-ich-die-charging-manager-variablen-auch-ueber-die-api-setzen-http-mqtt\/"]}]},{"@type":"BreadcrumbList","@id":"https:\/\/www.cfos-emobility.de\/network\/antworten\/kann-ich-die-charging-manager-variablen-auch-ueber-die-api-setzen-http-mqtt\/#breadcrumb","itemListElement":[{"@type":"ListItem","position":1,"name":"Startseite","item":"https:\/\/www.cfos-emobility.de\/network\/"},{"@type":"ListItem","position":2,"name":"Fragen","item":"https:\/\/www.cfos-emobility.de\/network\/antworten\/"},{"@type":"ListItem","position":3,"name":"Kann ich die Charging Manager Variablen auch \u00fcber die API setzen? HTTP\/ MQTT"}]},{"@type":"WebSite","@id":"https:\/\/www.cfos-emobility.de\/network\/#website","url":"https:\/\/www.cfos-emobility.de\/network\/","name":"cFos eMobility Network","description":"Das cFos Power Brain Community Portal","publisher":{"@id":"https:\/\/www.cfos-emobility.de\/network\/#organization"},"potentialAction":[{"@type":"SearchAction","target":{"@type":"EntryPoint","urlTemplate":"https:\/\/www.cfos-emobility.de\/network\/?s={search_term_string}"},"query-input":{"@type":"PropertyValueSpecification","valueRequired":true,"valueName":"search_term_string"}}],"inLanguage":"de"},{"@type":"Organization","@id":"https:\/\/www.cfos-emobility.de\/network\/#organization","name":"cFos eMobility GmbH","url":"https:\/\/www.cfos-emobility.de\/network\/","logo":{"@type":"ImageObject","inLanguage":"de","@id":"https:\/\/www.cfos-emobility.de\/network\/#\/schema\/logo\/image\/","url":"https:\/\/www.cfos-emobility.de\/network\/wp-content\/uploads\/2021\/12\/cfos-emobility-logo.jpg","contentUrl":"https:\/\/www.cfos-emobility.de\/network\/wp-content\/uploads\/2021\/12\/cfos-emobility-logo.jpg","width":221,"height":80,"caption":"cFos eMobility GmbH"},"image":{"@id":"https:\/\/www.cfos-emobility.de\/network\/#\/schema\/logo\/image\/"},"sameAs":["https:\/\/x.com\/cFosEmobility"]}]}},"_links":{"self":[{"href":"https:\/\/www.cfos-emobility.de\/network\/wp-json\/wp\/v2\/cma_thread\/2845","targetHints":{"allow":["GET"]}}],"collection":[{"href":"https:\/\/www.cfos-emobility.de\/network\/wp-json\/wp\/v2\/cma_thread"}],"about":[{"href":"https:\/\/www.cfos-emobility.de\/network\/wp-json\/wp\/v2\/types\/cma_thread"}],"author":[{"embeddable":true,"href":"https:\/\/www.cfos-emobility.de\/network\/wp-json\/wp\/v2\/users\/52"}],"wp:attachment":[{"href":"https:\/\/www.cfos-emobility.de\/network\/wp-json\/wp\/v2\/media?parent=2845"}],"wp:term":[{"taxonomy":"post_tag","embeddable":true,"href":"https:\/\/www.cfos-emobility.de\/network\/wp-json\/wp\/v2\/tags?post=2845"},{"taxonomy":"cma_category","embeddable":true,"href":"https:\/\/www.cfos-emobility.de\/network\/wp-json\/wp\/v2\/cma_category?post=2845"},{"taxonomy":"cma_difficulty_level","embeddable":true,"href":"https:\/\/www.cfos-emobility.de\/network\/wp-json\/wp\/v2\/cma_difficulty_level?post=2845"}],"curies":[{"name":"wp","href":"https:\/\/api.w.org\/{rel}","templated":true}]}}

Kann ich die Charging Manager Variablen auch über die API setzen? HTTP/ MQTT

<p>Das wäre ja super, wenn man man die Charging Manager Variablen auch über die API auslesen und setzen könnte.</p>
<p>Ich will das auch mal so machen die wie cFos Jungs und fragen und dann selbst antworten 😀</p>

<p>Das wäre ja super, wenn man man die Charging Manager Variablen auch über die API auslesen und setzen könnte. Ich will das auch mal so machen die wie cFos Jungs und fragen und dann selbst antworten 😀</p>

<!-- This site is optimized with the Yoast SEO plugin v27.5 - https://yoast.com/product/yoast-seo-wordpress/ -->
<title>Kann ich die Charging Manager Variablen auch über die API setzen? HTTP/ MQTT - cFos eMobility Network</title>
<meta name="robots" content="index, follow, max-snippet:-1, max-image-preview:large, max-video-preview:-1" />
<link rel="canonical" href="https://www.cfos-emobility.de/network/antworten/kann-ich-die-charging-manager-variablen-auch-ueber-die-api-setzen-http-mqtt/" />
<meta property="og:locale" content="de_DE" />
<meta property="og:type" content="article" />
<meta property="og:title" content="Kann ich die Charging Manager Variablen auch über die API setzen? HTTP/ MQTT - cFos eMobility Network" />
<meta property="og:description" content="Das wäre ja super, wenn man man die Charging Manager Variablen auch über die API auslesen und setzen könnte. Ich will das auch mal so machen die wie cFos Jungs und fragen und dann selbst antworten 😀" />
<meta property="og:url" content="https://www.cfos-emobility.de/network/antworten/kann-ich-die-charging-manager-variablen-auch-ueber-die-api-setzen-http-mqtt/" />
<meta property="og:site_name" content="cFos eMobility Network" />
<meta property="article:modified_time" content="2025-10-01T11:05:24+00:00" />
<meta name="twitter:card" content="summary_large_image" />
<meta name="twitter:site" content="@cFosEmobility" />
<script type="application/ld+json" class="yoast-schema-graph">{"@context":"https:\/\/schema.org","@graph":[{"@type":"WebPage","@id":"https:\/\/www.cfos-emobility.de\/network\/antworten\/kann-ich-die-charging-manager-variablen-auch-ueber-die-api-setzen-http-mqtt\/","url":"https:\/\/www.cfos-emobility.de\/network\/antworten\/kann-ich-die-charging-manager-variablen-auch-ueber-die-api-setzen-http-mqtt\/","name":"Kann ich die Charging Manager Variablen auch über die API setzen? HTTP\/ MQTT - cFos eMobility Network","isPartOf":{"@id":"https:\/\/www.cfos-emobility.de\/network\/#website"},"datePublished":"2024-04-09T05:06:04+00:00","dateModified":"2025-10-01T11:05:24+00:00","breadcrumb":{"@id":"https:\/\/www.cfos-emobility.de\/network\/antworten\/kann-ich-die-charging-manager-variablen-auch-ueber-die-api-setzen-http-mqtt\/#breadcrumb"},"inLanguage":"de","potentialAction":[{"@type":"ReadAction","target":["https:\/\/www.cfos-emobility.de\/network\/antworten\/kann-ich-die-charging-manager-variablen-auch-ueber-die-api-setzen-http-mqtt\/"]}]},{"@type":"BreadcrumbList","@id":"https:\/\/www.cfos-emobility.de\/network\/antworten\/kann-ich-die-charging-manager-variablen-auch-ueber-die-api-setzen-http-mqtt\/#breadcrumb","itemListElement":[{"@type":"ListItem","position":1,"name":"Startseite","item":"https:\/\/www.cfos-emobility.de\/network\/"},{"@type":"ListItem","position":2,"name":"Fragen","item":"https:\/\/www.cfos-emobility.de\/network\/antworten\/"},{"@type":"ListItem","position":3,"name":"Kann ich die Charging Manager Variablen auch über die API setzen? HTTP\/ MQTT"}]},{"@type":"WebSite","@id":"https:\/\/www.cfos-emobility.de\/network\/#website","url":"https:\/\/www.cfos-emobility.de\/network\/","name":"cFos eMobility Network","description":"Das cFos Power Brain Community Portal","publisher":{"@id":"https:\/\/www.cfos-emobility.de\/network\/#organization"},"potentialAction":[{"@type":"SearchAction","target":{"@type":"EntryPoint","urlTemplate":"https:\/\/www.cfos-emobility.de\/network\/?s={search_term_string}"},"query-input":{"@type":"PropertyValueSpecification","valueRequired":true,"valueName":"search_term_string"}}],"inLanguage":"de"},{"@type":"Organization","@id":"https:\/\/www.cfos-emobility.de\/network\/#organization","name":"cFos eMobility GmbH","url":"https:\/\/www.cfos-emobility.de\/network\/","logo":{"@type":"ImageObject","inLanguage":"de","@id":"https:\/\/www.cfos-emobility.de\/network\/#\/schema\/logo\/image\/","url":"https:\/\/www.cfos-emobility.de\/network\/wp-content\/uploads\/2021\/12\/cfos-emobility-logo.jpg","contentUrl":"https:\/\/www.cfos-emobility.de\/network\/wp-content\/uploads\/2021\/12\/cfos-emobility-logo.jpg","width":221,"height":80,"caption":"cFos eMobility GmbH"},"image":{"@id":"https:\/\/www.cfos-emobility.de\/network\/#\/schema\/logo\/image\/"},"sameAs":["https:\/\/x.com\/cFosEmobility"]}]}</script>
<!-- / Yoast SEO plugin. -->

Kann ich die Charging Manager Variablen auch über die API setzen? HTTP/ MQTT - cFos eMobility Network

Das wäre ja super, wenn man man die Charging Manager Variablen auch über die API auslesen und setzen könnte. Ich will das auch mal so machen die wie cFos Jungs und fragen und dann selbst antworten 😀
