{"id":2776,"date":"2024-03-27T14:12:39","date_gmt":"2024-03-27T13:12:39","guid":{"rendered":"https:\/\/www.cfos-emobility.de\/network\/antworten\/startverzoegerung-pv-ueberschussladen-wegen-lastwechselspitzen\/"},"modified":"2024-03-28T15:19:14","modified_gmt":"2024-03-28T14:19:14","slug":"startverzoegerung-pv-ueberschussladen-wegen-lastwechselspitzen","status":"publish","type":"cma_thread","link":"https:\/\/www.cfos-emobility.de\/network\/antworten\/startverzoegerung-pv-ueberschussladen-wegen-lastwechselspitzen\/","title":{"rendered":"Startverz\u00f6gerung PV-\u00dcberschussladen wegen Lastwechselspitzen"},"content":{"rendered":"<p>Hallo liebe community,<\/p>\n<p>vielleicht hat hier jemand eine gute Idee, wie ich und vermutliche auch viele andere, ein Problem mit der cfos wallbox l\u00f6sen kann. Der cfos support konnte mir bislang leider nicht helfen.<\/p>\n<p>Das PV \u00dcberschussladen mit der cfos power brain funktioniert (auch mit Phasenumschaltung) prinzipiell. Es fehlt jedoch leider die Einstellm\u00f6glichkeit f\u00fcr eine Startverz\u00f6gerung, also die Dauer, f\u00fcr die ein \u00dcberschuss schon anliegen muss.<\/p>\n<p>Das Problem: Die cfos power brain befindet sich im Status &#8222;Ladepause&#8220;, weil z.B. am Abend der PV-\u00dcberschuss abgenommen hat bzw. entf\u00e4llt. Nun schaltet ein zuvor von der Hausbatterie gespei\u00dfter, gr\u00f6\u00dferer Verbrauchers aus. Der Wechselrichter kann nicht in Echtzeit regeln und f\u00fcr eine sehr kurze Dauer (&gt;1 Sekunde) spei\u00dft er\u00a0 Batteriestrom ins Netz ein. Dieser vermeintliche \u00dcberschuss wird unverz\u00f6gert vom cfos charging manager registriert und der Ladevorhang startet wieder ungewollt, wenn auch nur f\u00fcr die Mindestdauer. Das kann aber dann nachts auch h\u00e4ufiger passieren.<\/p>\n<p>Zur L\u00f6sung w\u00e4re nur ein Timer (Einschaltverz\u00f6gerung, TON) in der cfos firmware notwendig mit zus\u00e4tzlicher Regel: PV-\u00dcberschuss liegt f\u00fcr x Sekunden ohne Unterbrechung an. Diese Regel braucht auch nur zum (Wieder-)Starten des Ladenvorganges ber\u00fccksichtigt werden.<\/p>\n<p>In der Syntax f\u00fcr Formeln des charging managers finde ich leider keinen Ausdruck f\u00fcr Timer, wie z.B. &#8222;M4.power TON [3,0 s] &gt; 1300&#8220;\u00a0 als zus\u00e4tzliche (&amp;) Regel zu PV-\u00dcberschussladen.<\/p>\n<p>Es gabe in diesem Forum am 08.06.2023 von andi11 schon einmal eine Anfrage dieser Art, die leider nicht gel\u00f6st wurde. Daher r\u00fccke ich das Thema noch einmal in den Fokus.<\/p>\n<p>\u00dcber eine Antwort oder Diskussion w\u00fcrde ich mich freuen.<\/p>\n","protected":false},"excerpt":{"rendered":"<p>Hallo liebe community, vielleicht hat hier jemand eine gute Idee, wie ich und vermutliche auch viele andere, ein Problem mit der cfos wallbox l\u00f6sen kann. Der cfos support konnte mir bislang leider nicht helfen. Das PV \u00dcberschussladen mit der cfos power brain funktioniert (auch mit Phasenumschaltung) prinzipiell. Es fehlt jedoch leider die Einstellm\u00f6glichkeit f\u00fcr eine [&hellip;]<\/p>\n","protected":false},"author":387,"featured_media":0,"template":"","tags":[255,48,256],"cma_category":[2],"cma_difficulty_level":[],"class_list":["post-2776","cma_thread","type-cma_thread","status-publish","hentry","tag-ladestart","tag-pv-ueberschuss","tag-verzoegerung-ueberschusswert","cma_category-cfos-emobility"],"yoast_head":"<!-- This site is optimized with the Yoast SEO plugin v27.5 - https:\/\/yoast.com\/product\/yoast-seo-wordpress\/ -->\n<title>Startverz\u00f6gerung PV-\u00dcberschussladen wegen Lastwechselspitzen - cFos eMobility Network<\/title>\n<meta name=\"robots\" content=\"index, follow, max-snippet:-1, max-image-preview:large, max-video-preview:-1\" \/>\n<link rel=\"canonical\" href=\"https:\/\/www.cfos-emobility.de\/network\/antworten\/startverzoegerung-pv-ueberschussladen-wegen-lastwechselspitzen\/\" \/>\n<meta property=\"og:locale\" content=\"de_DE\" \/>\n<meta property=\"og:type\" content=\"article\" \/>\n<meta property=\"og:title\" content=\"Startverz\u00f6gerung PV-\u00dcberschussladen wegen Lastwechselspitzen - cFos eMobility Network\" \/>\n<meta property=\"og:description\" content=\"Hallo liebe community, vielleicht hat hier jemand eine gute Idee, wie ich und vermutliche auch viele andere, ein Problem mit der cfos wallbox l\u00f6sen kann. Der cfos support konnte mir bislang leider nicht helfen. Das PV \u00dcberschussladen mit der cfos power brain funktioniert (auch mit Phasenumschaltung) prinzipiell. Es fehlt jedoch leider die Einstellm\u00f6glichkeit f\u00fcr eine [&hellip;]\" \/>\n<meta property=\"og:url\" content=\"https:\/\/www.cfos-emobility.de\/network\/antworten\/startverzoegerung-pv-ueberschussladen-wegen-lastwechselspitzen\/\" \/>\n<meta property=\"og:site_name\" content=\"cFos eMobility Network\" \/>\n<meta property=\"article:modified_time\" content=\"2024-03-28T14:19:14+00:00\" \/>\n<meta name=\"twitter:card\" content=\"summary_large_image\" \/>\n<meta name=\"twitter:site\" content=\"@cFosEmobility\" \/>\n<meta name=\"twitter:label1\" content=\"Gesch\u00e4tzte Lesezeit\" \/>\n\t<meta name=\"twitter:data1\" content=\"1\u00a0Minute\" \/>\n<script type=\"application\/ld+json\" class=\"yoast-schema-graph\">{\"@context\":\"https:\\\/\\\/schema.org\",\"@graph\":[{\"@type\":\"WebPage\",\"@id\":\"https:\\\/\\\/www.cfos-emobility.de\\\/network\\\/antworten\\\/startverzoegerung-pv-ueberschussladen-wegen-lastwechselspitzen\\\/\",\"url\":\"https:\\\/\\\/www.cfos-emobility.de\\\/network\\\/antworten\\\/startverzoegerung-pv-ueberschussladen-wegen-lastwechselspitzen\\\/\",\"name\":\"Startverz\u00f6gerung PV-\u00dcberschussladen wegen Lastwechselspitzen - cFos eMobility Network\",\"isPartOf\":{\"@id\":\"https:\\\/\\\/www.cfos-emobility.de\\\/network\\\/#website\"},\"datePublished\":\"2024-03-27T13:12:39+00:00\",\"dateModified\":\"2024-03-28T14:19:14+00:00\",\"breadcrumb\":{\"@id\":\"https:\\\/\\\/www.cfos-emobility.de\\\/network\\\/antworten\\\/startverzoegerung-pv-ueberschussladen-wegen-lastwechselspitzen\\\/#breadcrumb\"},\"inLanguage\":\"de\",\"potentialAction\":[{\"@type\":\"ReadAction\",\"target\":[\"https:\\\/\\\/www.cfos-emobility.de\\\/network\\\/antworten\\\/startverzoegerung-pv-ueberschussladen-wegen-lastwechselspitzen\\\/\"]}]},{\"@type\":\"BreadcrumbList\",\"@id\":\"https:\\\/\\\/www.cfos-emobility.de\\\/network\\\/antworten\\\/startverzoegerung-pv-ueberschussladen-wegen-lastwechselspitzen\\\/#breadcrumb\",\"itemListElement\":[{\"@type\":\"ListItem\",\"position\":1,\"name\":\"Startseite\",\"item\":\"https:\\\/\\\/www.cfos-emobility.de\\\/network\\\/\"},{\"@type\":\"ListItem\",\"position\":2,\"name\":\"Fragen\",\"item\":\"https:\\\/\\\/www.cfos-emobility.de\\\/network\\\/antworten\\\/\"},{\"@type\":\"ListItem\",\"position\":3,\"name\":\"Startverz\u00f6gerung PV-\u00dcberschussladen wegen Lastwechselspitzen\"}]},{\"@type\":\"WebSite\",\"@id\":\"https:\\\/\\\/www.cfos-emobility.de\\\/network\\\/#website\",\"url\":\"https:\\\/\\\/www.cfos-emobility.de\\\/network\\\/\",\"name\":\"cFos eMobility Network\",\"description\":\"Das cFos Power Brain Community Portal\",\"publisher\":{\"@id\":\"https:\\\/\\\/www.cfos-emobility.de\\\/network\\\/#organization\"},\"potentialAction\":[{\"@type\":\"SearchAction\",\"target\":{\"@type\":\"EntryPoint\",\"urlTemplate\":\"https:\\\/\\\/www.cfos-emobility.de\\\/network\\\/?s={search_term_string}\"},\"query-input\":{\"@type\":\"PropertyValueSpecification\",\"valueRequired\":true,\"valueName\":\"search_term_string\"}}],\"inLanguage\":\"de\"},{\"@type\":\"Organization\",\"@id\":\"https:\\\/\\\/www.cfos-emobility.de\\\/network\\\/#organization\",\"name\":\"cFos eMobility GmbH\",\"url\":\"https:\\\/\\\/www.cfos-emobility.de\\\/network\\\/\",\"logo\":{\"@type\":\"ImageObject\",\"inLanguage\":\"de\",\"@id\":\"https:\\\/\\\/www.cfos-emobility.de\\\/network\\\/#\\\/schema\\\/logo\\\/image\\\/\",\"url\":\"https:\\\/\\\/www.cfos-emobility.de\\\/network\\\/wp-content\\\/uploads\\\/2021\\\/12\\\/cfos-emobility-logo.jpg\",\"contentUrl\":\"https:\\\/\\\/www.cfos-emobility.de\\\/network\\\/wp-content\\\/uploads\\\/2021\\\/12\\\/cfos-emobility-logo.jpg\",\"width\":221,\"height\":80,\"caption\":\"cFos eMobility GmbH\"},\"image\":{\"@id\":\"https:\\\/\\\/www.cfos-emobility.de\\\/network\\\/#\\\/schema\\\/logo\\\/image\\\/\"},\"sameAs\":[\"https:\\\/\\\/x.com\\\/cFosEmobility\"]}]}<\/script>\n<!-- \/ Yoast SEO plugin. -->","yoast_head_json":{"title":"Startverz\u00f6gerung PV-\u00dcberschussladen wegen Lastwechselspitzen - cFos eMobility Network","robots":{"index":"index","follow":"follow","max-snippet":"max-snippet:-1","max-image-preview":"max-image-preview:large","max-video-preview":"max-video-preview:-1"},"canonical":"https:\/\/www.cfos-emobility.de\/network\/antworten\/startverzoegerung-pv-ueberschussladen-wegen-lastwechselspitzen\/","og_locale":"de_DE","og_type":"article","og_title":"Startverz\u00f6gerung PV-\u00dcberschussladen wegen Lastwechselspitzen - cFos eMobility Network","og_description":"Hallo liebe community, vielleicht hat hier jemand eine gute Idee, wie ich und vermutliche auch viele andere, ein Problem mit der cfos wallbox l\u00f6sen kann. Der cfos support konnte mir bislang leider nicht helfen. Das PV \u00dcberschussladen mit der cfos power brain funktioniert (auch mit Phasenumschaltung) prinzipiell. Es fehlt jedoch leider die Einstellm\u00f6glichkeit f\u00fcr eine [&hellip;]","og_url":"https:\/\/www.cfos-emobility.de\/network\/antworten\/startverzoegerung-pv-ueberschussladen-wegen-lastwechselspitzen\/","og_site_name":"cFos eMobility Network","article_modified_time":"2024-03-28T14:19:14+00:00","twitter_card":"summary_large_image","twitter_site":"@cFosEmobility","twitter_misc":{"Gesch\u00e4tzte Lesezeit":"1\u00a0Minute"},"schema":{"@context":"https:\/\/schema.org","@graph":[{"@type":"WebPage","@id":"https:\/\/www.cfos-emobility.de\/network\/antworten\/startverzoegerung-pv-ueberschussladen-wegen-lastwechselspitzen\/","url":"https:\/\/www.cfos-emobility.de\/network\/antworten\/startverzoegerung-pv-ueberschussladen-wegen-lastwechselspitzen\/","name":"Startverz\u00f6gerung PV-\u00dcberschussladen wegen Lastwechselspitzen - cFos eMobility Network","isPartOf":{"@id":"https:\/\/www.cfos-emobility.de\/network\/#website"},"datePublished":"2024-03-27T13:12:39+00:00","dateModified":"2024-03-28T14:19:14+00:00","breadcrumb":{"@id":"https:\/\/www.cfos-emobility.de\/network\/antworten\/startverzoegerung-pv-ueberschussladen-wegen-lastwechselspitzen\/#breadcrumb"},"inLanguage":"de","potentialAction":[{"@type":"ReadAction","target":["https:\/\/www.cfos-emobility.de\/network\/antworten\/startverzoegerung-pv-ueberschussladen-wegen-lastwechselspitzen\/"]}]},{"@type":"BreadcrumbList","@id":"https:\/\/www.cfos-emobility.de\/network\/antworten\/startverzoegerung-pv-ueberschussladen-wegen-lastwechselspitzen\/#breadcrumb","itemListElement":[{"@type":"ListItem","position":1,"name":"Startseite","item":"https:\/\/www.cfos-emobility.de\/network\/"},{"@type":"ListItem","position":2,"name":"Fragen","item":"https:\/\/www.cfos-emobility.de\/network\/antworten\/"},{"@type":"ListItem","position":3,"name":"Startverz\u00f6gerung PV-\u00dcberschussladen wegen Lastwechselspitzen"}]},{"@type":"WebSite","@id":"https:\/\/www.cfos-emobility.de\/network\/#website","url":"https:\/\/www.cfos-emobility.de\/network\/","name":"cFos eMobility Network","description":"Das cFos Power Brain Community Portal","publisher":{"@id":"https:\/\/www.cfos-emobility.de\/network\/#organization"},"potentialAction":[{"@type":"SearchAction","target":{"@type":"EntryPoint","urlTemplate":"https:\/\/www.cfos-emobility.de\/network\/?s={search_term_string}"},"query-input":{"@type":"PropertyValueSpecification","valueRequired":true,"valueName":"search_term_string"}}],"inLanguage":"de"},{"@type":"Organization","@id":"https:\/\/www.cfos-emobility.de\/network\/#organization","name":"cFos eMobility GmbH","url":"https:\/\/www.cfos-emobility.de\/network\/","logo":{"@type":"ImageObject","inLanguage":"de","@id":"https:\/\/www.cfos-emobility.de\/network\/#\/schema\/logo\/image\/","url":"https:\/\/www.cfos-emobility.de\/network\/wp-content\/uploads\/2021\/12\/cfos-emobility-logo.jpg","contentUrl":"https:\/\/www.cfos-emobility.de\/network\/wp-content\/uploads\/2021\/12\/cfos-emobility-logo.jpg","width":221,"height":80,"caption":"cFos eMobility GmbH"},"image":{"@id":"https:\/\/www.cfos-emobility.de\/network\/#\/schema\/logo\/image\/"},"sameAs":["https:\/\/x.com\/cFosEmobility"]}]}},"_links":{"self":[{"href":"https:\/\/www.cfos-emobility.de\/network\/wp-json\/wp\/v2\/cma_thread\/2776","targetHints":{"allow":["GET"]}}],"collection":[{"href":"https:\/\/www.cfos-emobility.de\/network\/wp-json\/wp\/v2\/cma_thread"}],"about":[{"href":"https:\/\/www.cfos-emobility.de\/network\/wp-json\/wp\/v2\/types\/cma_thread"}],"author":[{"embeddable":true,"href":"https:\/\/www.cfos-emobility.de\/network\/wp-json\/wp\/v2\/users\/387"}],"wp:attachment":[{"href":"https:\/\/www.cfos-emobility.de\/network\/wp-json\/wp\/v2\/media?parent=2776"}],"wp:term":[{"taxonomy":"post_tag","embeddable":true,"href":"https:\/\/www.cfos-emobility.de\/network\/wp-json\/wp\/v2\/tags?post=2776"},{"taxonomy":"cma_category","embeddable":true,"href":"https:\/\/www.cfos-emobility.de\/network\/wp-json\/wp\/v2\/cma_category?post=2776"},{"taxonomy":"cma_difficulty_level","embeddable":true,"href":"https:\/\/www.cfos-emobility.de\/network\/wp-json\/wp\/v2\/cma_difficulty_level?post=2776"}],"curies":[{"name":"wp","href":"https:\/\/api.w.org\/{rel}","templated":true}]}}

Startverzögerung PV-Überschussladen wegen Lastwechselspitzen

<p>Hallo liebe community,</p>
<p>vielleicht hat hier jemand eine gute Idee, wie ich und vermutliche auch viele andere, ein Problem mit der cfos wallbox lösen kann. Der cfos support konnte mir bislang leider nicht helfen.</p>
<p>Das PV Überschussladen mit der cfos power brain funktioniert (auch mit Phasenumschaltung) prinzipiell. Es fehlt jedoch leider die Einstellmöglichkeit für eine Startverzögerung, also die Dauer, für die ein Überschuss schon anliegen muss.</p>
<p>Das Problem: Die cfos power brain befindet sich im Status &#8222;Ladepause&#8220;, weil z.B. am Abend der PV-Überschuss abgenommen hat bzw. entfällt. Nun schaltet ein zuvor von der Hausbatterie gespeißter, größerer Verbrauchers aus. Der Wechselrichter kann nicht in Echtzeit regeln und für eine sehr kurze Dauer (&gt;1 Sekunde) speißt er  Batteriestrom ins Netz ein. Dieser vermeintliche Überschuss wird unverzögert vom cfos charging manager registriert und der Ladevorhang startet wieder ungewollt, wenn auch nur für die Mindestdauer. Das kann aber dann nachts auch häufiger passieren.</p>
<p>Zur Lösung wäre nur ein Timer (Einschaltverzögerung, TON) in der cfos firmware notwendig mit zusätzlicher Regel: PV-Überschuss liegt für x Sekunden ohne Unterbrechung an. Diese Regel braucht auch nur zum (Wieder-)Starten des Ladenvorganges berücksichtigt werden.</p>
<p>In der Syntax für Formeln des charging managers finde ich leider keinen Ausdruck für Timer, wie z.B. &#8222;M4.power TON [3,0 s] &gt; 1300&#8220;  als zusätzliche (&amp;) Regel zu PV-Überschussladen.</p>
<p>Es gabe in diesem Forum am 08.06.2023 von andi11 schon einmal eine Anfrage dieser Art, die leider nicht gelöst wurde. Daher rücke ich das Thema noch einmal in den Fokus.</p>
<p>Über eine Antwort oder Diskussion würde ich mich freuen.</p>

<p>Hallo liebe community, vielleicht hat hier jemand eine gute Idee, wie ich und vermutliche auch viele andere, ein Problem mit der cfos wallbox lösen kann. Der cfos support konnte mir bislang leider nicht helfen. Das PV Überschussladen mit der cfos power brain funktioniert (auch mit Phasenumschaltung) prinzipiell. Es fehlt jedoch leider die Einstellmöglichkeit für eine [&hellip;]</p>

<!-- This site is optimized with the Yoast SEO plugin v27.5 - https://yoast.com/product/yoast-seo-wordpress/ -->
<title>Startverzögerung PV-Überschussladen wegen Lastwechselspitzen - cFos eMobility Network</title>
<meta name="robots" content="index, follow, max-snippet:-1, max-image-preview:large, max-video-preview:-1" />
<link rel="canonical" href="https://www.cfos-emobility.de/network/antworten/startverzoegerung-pv-ueberschussladen-wegen-lastwechselspitzen/" />
<meta property="og:locale" content="de_DE" />
<meta property="og:type" content="article" />
<meta property="og:title" content="Startverzögerung PV-Überschussladen wegen Lastwechselspitzen - cFos eMobility Network" />
<meta property="og:description" content="Hallo liebe community, vielleicht hat hier jemand eine gute Idee, wie ich und vermutliche auch viele andere, ein Problem mit der cfos wallbox lösen kann. Der cfos support konnte mir bislang leider nicht helfen. Das PV Überschussladen mit der cfos power brain funktioniert (auch mit Phasenumschaltung) prinzipiell. Es fehlt jedoch leider die Einstellmöglichkeit für eine [&hellip;]" />
<meta property="og:url" content="https://www.cfos-emobility.de/network/antworten/startverzoegerung-pv-ueberschussladen-wegen-lastwechselspitzen/" />
<meta property="og:site_name" content="cFos eMobility Network" />
<meta property="article:modified_time" content="2024-03-28T14:19:14+00:00" />
<meta name="twitter:card" content="summary_large_image" />
<meta name="twitter:site" content="@cFosEmobility" />
<meta name="twitter:label1" content="Geschätzte Lesezeit" />
	<meta name="twitter:data1" content="1 Minute" />
<script type="application/ld+json" class="yoast-schema-graph">{"@context":"https:\/\/schema.org","@graph":[{"@type":"WebPage","@id":"https:\/\/www.cfos-emobility.de\/network\/antworten\/startverzoegerung-pv-ueberschussladen-wegen-lastwechselspitzen\/","url":"https:\/\/www.cfos-emobility.de\/network\/antworten\/startverzoegerung-pv-ueberschussladen-wegen-lastwechselspitzen\/","name":"Startverzögerung PV-Überschussladen wegen Lastwechselspitzen - cFos eMobility Network","isPartOf":{"@id":"https:\/\/www.cfos-emobility.de\/network\/#website"},"datePublished":"2024-03-27T13:12:39+00:00","dateModified":"2024-03-28T14:19:14+00:00","breadcrumb":{"@id":"https:\/\/www.cfos-emobility.de\/network\/antworten\/startverzoegerung-pv-ueberschussladen-wegen-lastwechselspitzen\/#breadcrumb"},"inLanguage":"de","potentialAction":[{"@type":"ReadAction","target":["https:\/\/www.cfos-emobility.de\/network\/antworten\/startverzoegerung-pv-ueberschussladen-wegen-lastwechselspitzen\/"]}]},{"@type":"BreadcrumbList","@id":"https:\/\/www.cfos-emobility.de\/network\/antworten\/startverzoegerung-pv-ueberschussladen-wegen-lastwechselspitzen\/#breadcrumb","itemListElement":[{"@type":"ListItem","position":1,"name":"Startseite","item":"https:\/\/www.cfos-emobility.de\/network\/"},{"@type":"ListItem","position":2,"name":"Fragen","item":"https:\/\/www.cfos-emobility.de\/network\/antworten\/"},{"@type":"ListItem","position":3,"name":"Startverzögerung PV-Überschussladen wegen Lastwechselspitzen"}]},{"@type":"WebSite","@id":"https:\/\/www.cfos-emobility.de\/network\/#website","url":"https:\/\/www.cfos-emobility.de\/network\/","name":"cFos eMobility Network","description":"Das cFos Power Brain Community Portal","publisher":{"@id":"https:\/\/www.cfos-emobility.de\/network\/#organization"},"potentialAction":[{"@type":"SearchAction","target":{"@type":"EntryPoint","urlTemplate":"https:\/\/www.cfos-emobility.de\/network\/?s={search_term_string}"},"query-input":{"@type":"PropertyValueSpecification","valueRequired":true,"valueName":"search_term_string"}}],"inLanguage":"de"},{"@type":"Organization","@id":"https:\/\/www.cfos-emobility.de\/network\/#organization","name":"cFos eMobility GmbH","url":"https:\/\/www.cfos-emobility.de\/network\/","logo":{"@type":"ImageObject","inLanguage":"de","@id":"https:\/\/www.cfos-emobility.de\/network\/#\/schema\/logo\/image\/","url":"https:\/\/www.cfos-emobility.de\/network\/wp-content\/uploads\/2021\/12\/cfos-emobility-logo.jpg","contentUrl":"https:\/\/www.cfos-emobility.de\/network\/wp-content\/uploads\/2021\/12\/cfos-emobility-logo.jpg","width":221,"height":80,"caption":"cFos eMobility GmbH"},"image":{"@id":"https:\/\/www.cfos-emobility.de\/network\/#\/schema\/logo\/image\/"},"sameAs":["https:\/\/x.com\/cFosEmobility"]}]}</script>
<!-- / Yoast SEO plugin. -->

Startverzögerung PV-Überschussladen wegen Lastwechselspitzen - cFos eMobility Network

Hallo liebe community, vielleicht hat hier jemand eine gute Idee, wie ich und vermutliche auch viele andere, ein Problem mit der cfos wallbox lösen kann. Der cfos support konnte mir bislang leider nicht helfen. Das PV Überschussladen mit der cfos power brain funktioniert (auch mit Phasenumschaltung) prinzipiell. Es fehlt jedoch leider die Einstellmöglichkeit für eine [&hellip;]
