{"id":2609,"date":"2024-02-25T10:57:09","date_gmt":"2024-02-25T09:57:09","guid":{"rendered":"https:\/\/www.cfos-emobility.de\/network\/antworten\/solares-ueberschussladen-passt-sich-nicht-dynamisch-an\/"},"modified":"2024-02-29T21:00:01","modified_gmt":"2024-02-29T20:00:01","slug":"solares-ueberschussladen-passt-sich-nicht-dynamisch-an","status":"publish","type":"cma_thread","link":"https:\/\/www.cfos-emobility.de\/network\/antworten\/solares-ueberschussladen-passt-sich-nicht-dynamisch-an\/","title":{"rendered":"Solares \u00dcberschussladen passt sich nicht dynamisch an"},"content":{"rendered":"<p>Hallo zusammen,<\/p>\n<p>das solare \u00dcberschussladen funktioniert bei mir an sich soweit, allerdings jetzt da es sonniger wird, ist mir aufgefallen, dass die Ladeleistung bei mir immer konstant bleibt (und zwar beim minimalen Ladestrom wie f\u00fcr die Wallbox eingestellt) und das auch obwohl mehr solarer \u00dcberschuss vorliegt.<\/p>\n<p>Ich hatte vermutet, dass der solare \u00dcberschuss dynamisch geregelt wird, d.h. wenn mehr als der minimale Ladestrom PV-Seite \u00fcbersch\u00fcssig ist, sich der Ladestrom auch entsprechend erh\u00f6ht.<br \/>\nHabe ich da zu viel erwartet oder muss ich an meinen Einstellungen etwas anpassen?<\/p>\n<p>Danke schon mal im Voraus f\u00fcr Eure Erkl\u00e4rung.<\/p>\n","protected":false},"excerpt":{"rendered":"<p>Hallo zusammen, das solare \u00dcberschussladen funktioniert bei mir an sich soweit, allerdings jetzt da es sonniger wird, ist mir aufgefallen, dass die Ladeleistung bei mir immer konstant bleibt (und zwar beim minimalen Ladestrom wie f\u00fcr die Wallbox eingestellt) und das auch obwohl mehr solarer \u00dcberschuss vorliegt. Ich hatte vermutet, dass der solare \u00dcberschuss dynamisch geregelt [&hellip;]<\/p>\n","protected":false},"author":154,"featured_media":0,"template":"","tags":[48,226,37],"cma_category":[],"cma_difficulty_level":[],"class_list":["post-2609","cma_thread","type-cma_thread","status-publish","hentry","tag-pv-ueberschuss","tag-solarer-ueberschuss","tag-ueberschussladen"],"yoast_head":"<!-- This site is optimized with the Yoast SEO plugin v27.5 - https:\/\/yoast.com\/product\/yoast-seo-wordpress\/ -->\n<title>Solares \u00dcberschussladen passt sich nicht dynamisch an - cFos eMobility Network<\/title>\n<meta name=\"robots\" content=\"index, follow, max-snippet:-1, max-image-preview:large, max-video-preview:-1\" \/>\n<link rel=\"canonical\" href=\"https:\/\/www.cfos-emobility.de\/network\/antworten\/solares-ueberschussladen-passt-sich-nicht-dynamisch-an\/\" \/>\n<meta property=\"og:locale\" content=\"de_DE\" \/>\n<meta property=\"og:type\" content=\"article\" \/>\n<meta property=\"og:title\" content=\"Solares \u00dcberschussladen passt sich nicht dynamisch an - cFos eMobility Network\" \/>\n<meta property=\"og:description\" content=\"Hallo zusammen, das solare \u00dcberschussladen funktioniert bei mir an sich soweit, allerdings jetzt da es sonniger wird, ist mir aufgefallen, dass die Ladeleistung bei mir immer konstant bleibt (und zwar beim minimalen Ladestrom wie f\u00fcr die Wallbox eingestellt) und das auch obwohl mehr solarer \u00dcberschuss vorliegt. Ich hatte vermutet, dass der solare \u00dcberschuss dynamisch geregelt [&hellip;]\" \/>\n<meta property=\"og:url\" content=\"https:\/\/www.cfos-emobility.de\/network\/antworten\/solares-ueberschussladen-passt-sich-nicht-dynamisch-an\/\" \/>\n<meta property=\"og:site_name\" content=\"cFos eMobility Network\" \/>\n<meta property=\"article:modified_time\" content=\"2024-02-29T20:00:01+00:00\" \/>\n<meta name=\"twitter:card\" content=\"summary_large_image\" \/>\n<meta name=\"twitter:site\" content=\"@cFosEmobility\" \/>\n<meta name=\"twitter:label1\" content=\"Gesch\u00e4tzte Lesezeit\" \/>\n\t<meta name=\"twitter:data1\" content=\"1\u00a0Minute\" \/>\n<script type=\"application\/ld+json\" class=\"yoast-schema-graph\">{\"@context\":\"https:\\\/\\\/schema.org\",\"@graph\":[{\"@type\":\"WebPage\",\"@id\":\"https:\\\/\\\/www.cfos-emobility.de\\\/network\\\/antworten\\\/solares-ueberschussladen-passt-sich-nicht-dynamisch-an\\\/\",\"url\":\"https:\\\/\\\/www.cfos-emobility.de\\\/network\\\/antworten\\\/solares-ueberschussladen-passt-sich-nicht-dynamisch-an\\\/\",\"name\":\"Solares \u00dcberschussladen passt sich nicht dynamisch an - cFos eMobility Network\",\"isPartOf\":{\"@id\":\"https:\\\/\\\/www.cfos-emobility.de\\\/network\\\/#website\"},\"datePublished\":\"2024-02-25T09:57:09+00:00\",\"dateModified\":\"2024-02-29T20:00:01+00:00\",\"breadcrumb\":{\"@id\":\"https:\\\/\\\/www.cfos-emobility.de\\\/network\\\/antworten\\\/solares-ueberschussladen-passt-sich-nicht-dynamisch-an\\\/#breadcrumb\"},\"inLanguage\":\"de\",\"potentialAction\":[{\"@type\":\"ReadAction\",\"target\":[\"https:\\\/\\\/www.cfos-emobility.de\\\/network\\\/antworten\\\/solares-ueberschussladen-passt-sich-nicht-dynamisch-an\\\/\"]}]},{\"@type\":\"BreadcrumbList\",\"@id\":\"https:\\\/\\\/www.cfos-emobility.de\\\/network\\\/antworten\\\/solares-ueberschussladen-passt-sich-nicht-dynamisch-an\\\/#breadcrumb\",\"itemListElement\":[{\"@type\":\"ListItem\",\"position\":1,\"name\":\"Startseite\",\"item\":\"https:\\\/\\\/www.cfos-emobility.de\\\/network\\\/\"},{\"@type\":\"ListItem\",\"position\":2,\"name\":\"Fragen\",\"item\":\"https:\\\/\\\/www.cfos-emobility.de\\\/network\\\/antworten\\\/\"},{\"@type\":\"ListItem\",\"position\":3,\"name\":\"Solares \u00dcberschussladen passt sich nicht dynamisch an\"}]},{\"@type\":\"WebSite\",\"@id\":\"https:\\\/\\\/www.cfos-emobility.de\\\/network\\\/#website\",\"url\":\"https:\\\/\\\/www.cfos-emobility.de\\\/network\\\/\",\"name\":\"cFos eMobility Network\",\"description\":\"Das cFos Power Brain Community Portal\",\"publisher\":{\"@id\":\"https:\\\/\\\/www.cfos-emobility.de\\\/network\\\/#organization\"},\"potentialAction\":[{\"@type\":\"SearchAction\",\"target\":{\"@type\":\"EntryPoint\",\"urlTemplate\":\"https:\\\/\\\/www.cfos-emobility.de\\\/network\\\/?s={search_term_string}\"},\"query-input\":{\"@type\":\"PropertyValueSpecification\",\"valueRequired\":true,\"valueName\":\"search_term_string\"}}],\"inLanguage\":\"de\"},{\"@type\":\"Organization\",\"@id\":\"https:\\\/\\\/www.cfos-emobility.de\\\/network\\\/#organization\",\"name\":\"cFos eMobility GmbH\",\"url\":\"https:\\\/\\\/www.cfos-emobility.de\\\/network\\\/\",\"logo\":{\"@type\":\"ImageObject\",\"inLanguage\":\"de\",\"@id\":\"https:\\\/\\\/www.cfos-emobility.de\\\/network\\\/#\\\/schema\\\/logo\\\/image\\\/\",\"url\":\"https:\\\/\\\/www.cfos-emobility.de\\\/network\\\/wp-content\\\/uploads\\\/2021\\\/12\\\/cfos-emobility-logo.jpg\",\"contentUrl\":\"https:\\\/\\\/www.cfos-emobility.de\\\/network\\\/wp-content\\\/uploads\\\/2021\\\/12\\\/cfos-emobility-logo.jpg\",\"width\":221,\"height\":80,\"caption\":\"cFos eMobility GmbH\"},\"image\":{\"@id\":\"https:\\\/\\\/www.cfos-emobility.de\\\/network\\\/#\\\/schema\\\/logo\\\/image\\\/\"},\"sameAs\":[\"https:\\\/\\\/x.com\\\/cFosEmobility\"]}]}<\/script>\n<!-- \/ Yoast SEO plugin. -->","yoast_head_json":{"title":"Solares \u00dcberschussladen passt sich nicht dynamisch an - cFos eMobility Network","robots":{"index":"index","follow":"follow","max-snippet":"max-snippet:-1","max-image-preview":"max-image-preview:large","max-video-preview":"max-video-preview:-1"},"canonical":"https:\/\/www.cfos-emobility.de\/network\/antworten\/solares-ueberschussladen-passt-sich-nicht-dynamisch-an\/","og_locale":"de_DE","og_type":"article","og_title":"Solares \u00dcberschussladen passt sich nicht dynamisch an - cFos eMobility Network","og_description":"Hallo zusammen, das solare \u00dcberschussladen funktioniert bei mir an sich soweit, allerdings jetzt da es sonniger wird, ist mir aufgefallen, dass die Ladeleistung bei mir immer konstant bleibt (und zwar beim minimalen Ladestrom wie f\u00fcr die Wallbox eingestellt) und das auch obwohl mehr solarer \u00dcberschuss vorliegt. Ich hatte vermutet, dass der solare \u00dcberschuss dynamisch geregelt [&hellip;]","og_url":"https:\/\/www.cfos-emobility.de\/network\/antworten\/solares-ueberschussladen-passt-sich-nicht-dynamisch-an\/","og_site_name":"cFos eMobility Network","article_modified_time":"2024-02-29T20:00:01+00:00","twitter_card":"summary_large_image","twitter_site":"@cFosEmobility","twitter_misc":{"Gesch\u00e4tzte Lesezeit":"1\u00a0Minute"},"schema":{"@context":"https:\/\/schema.org","@graph":[{"@type":"WebPage","@id":"https:\/\/www.cfos-emobility.de\/network\/antworten\/solares-ueberschussladen-passt-sich-nicht-dynamisch-an\/","url":"https:\/\/www.cfos-emobility.de\/network\/antworten\/solares-ueberschussladen-passt-sich-nicht-dynamisch-an\/","name":"Solares \u00dcberschussladen passt sich nicht dynamisch an - cFos eMobility Network","isPartOf":{"@id":"https:\/\/www.cfos-emobility.de\/network\/#website"},"datePublished":"2024-02-25T09:57:09+00:00","dateModified":"2024-02-29T20:00:01+00:00","breadcrumb":{"@id":"https:\/\/www.cfos-emobility.de\/network\/antworten\/solares-ueberschussladen-passt-sich-nicht-dynamisch-an\/#breadcrumb"},"inLanguage":"de","potentialAction":[{"@type":"ReadAction","target":["https:\/\/www.cfos-emobility.de\/network\/antworten\/solares-ueberschussladen-passt-sich-nicht-dynamisch-an\/"]}]},{"@type":"BreadcrumbList","@id":"https:\/\/www.cfos-emobility.de\/network\/antworten\/solares-ueberschussladen-passt-sich-nicht-dynamisch-an\/#breadcrumb","itemListElement":[{"@type":"ListItem","position":1,"name":"Startseite","item":"https:\/\/www.cfos-emobility.de\/network\/"},{"@type":"ListItem","position":2,"name":"Fragen","item":"https:\/\/www.cfos-emobility.de\/network\/antworten\/"},{"@type":"ListItem","position":3,"name":"Solares \u00dcberschussladen passt sich nicht dynamisch an"}]},{"@type":"WebSite","@id":"https:\/\/www.cfos-emobility.de\/network\/#website","url":"https:\/\/www.cfos-emobility.de\/network\/","name":"cFos eMobility Network","description":"Das cFos Power Brain Community Portal","publisher":{"@id":"https:\/\/www.cfos-emobility.de\/network\/#organization"},"potentialAction":[{"@type":"SearchAction","target":{"@type":"EntryPoint","urlTemplate":"https:\/\/www.cfos-emobility.de\/network\/?s={search_term_string}"},"query-input":{"@type":"PropertyValueSpecification","valueRequired":true,"valueName":"search_term_string"}}],"inLanguage":"de"},{"@type":"Organization","@id":"https:\/\/www.cfos-emobility.de\/network\/#organization","name":"cFos eMobility GmbH","url":"https:\/\/www.cfos-emobility.de\/network\/","logo":{"@type":"ImageObject","inLanguage":"de","@id":"https:\/\/www.cfos-emobility.de\/network\/#\/schema\/logo\/image\/","url":"https:\/\/www.cfos-emobility.de\/network\/wp-content\/uploads\/2021\/12\/cfos-emobility-logo.jpg","contentUrl":"https:\/\/www.cfos-emobility.de\/network\/wp-content\/uploads\/2021\/12\/cfos-emobility-logo.jpg","width":221,"height":80,"caption":"cFos eMobility GmbH"},"image":{"@id":"https:\/\/www.cfos-emobility.de\/network\/#\/schema\/logo\/image\/"},"sameAs":["https:\/\/x.com\/cFosEmobility"]}]}},"_links":{"self":[{"href":"https:\/\/www.cfos-emobility.de\/network\/wp-json\/wp\/v2\/cma_thread\/2609","targetHints":{"allow":["GET"]}}],"collection":[{"href":"https:\/\/www.cfos-emobility.de\/network\/wp-json\/wp\/v2\/cma_thread"}],"about":[{"href":"https:\/\/www.cfos-emobility.de\/network\/wp-json\/wp\/v2\/types\/cma_thread"}],"author":[{"embeddable":true,"href":"https:\/\/www.cfos-emobility.de\/network\/wp-json\/wp\/v2\/users\/154"}],"wp:attachment":[{"href":"https:\/\/www.cfos-emobility.de\/network\/wp-json\/wp\/v2\/media?parent=2609"}],"wp:term":[{"taxonomy":"post_tag","embeddable":true,"href":"https:\/\/www.cfos-emobility.de\/network\/wp-json\/wp\/v2\/tags?post=2609"},{"taxonomy":"cma_category","embeddable":true,"href":"https:\/\/www.cfos-emobility.de\/network\/wp-json\/wp\/v2\/cma_category?post=2609"},{"taxonomy":"cma_difficulty_level","embeddable":true,"href":"https:\/\/www.cfos-emobility.de\/network\/wp-json\/wp\/v2\/cma_difficulty_level?post=2609"}],"curies":[{"name":"wp","href":"https:\/\/api.w.org\/{rel}","templated":true}]}}

Solares Überschussladen passt sich nicht dynamisch an

<p>Hallo zusammen,</p>
<p>das solare Überschussladen funktioniert bei mir an sich soweit, allerdings jetzt da es sonniger wird, ist mir aufgefallen, dass die Ladeleistung bei mir immer konstant bleibt (und zwar beim minimalen Ladestrom wie für die Wallbox eingestellt) und das auch obwohl mehr solarer Überschuss vorliegt.</p>
<p>Ich hatte vermutet, dass der solare Überschuss dynamisch geregelt wird, d.h. wenn mehr als der minimale Ladestrom PV-Seite überschüssig ist, sich der Ladestrom auch entsprechend erhöht.<br />
Habe ich da zu viel erwartet oder muss ich an meinen Einstellungen etwas anpassen?</p>
<p>Danke schon mal im Voraus für Eure Erklärung.</p>

<p>Hallo zusammen, das solare Überschussladen funktioniert bei mir an sich soweit, allerdings jetzt da es sonniger wird, ist mir aufgefallen, dass die Ladeleistung bei mir immer konstant bleibt (und zwar beim minimalen Ladestrom wie für die Wallbox eingestellt) und das auch obwohl mehr solarer Überschuss vorliegt. Ich hatte vermutet, dass der solare Überschuss dynamisch geregelt [&hellip;]</p>

<!-- This site is optimized with the Yoast SEO plugin v27.5 - https://yoast.com/product/yoast-seo-wordpress/ -->
<title>Solares Überschussladen passt sich nicht dynamisch an - cFos eMobility Network</title>
<meta name="robots" content="index, follow, max-snippet:-1, max-image-preview:large, max-video-preview:-1" />
<link rel="canonical" href="https://www.cfos-emobility.de/network/antworten/solares-ueberschussladen-passt-sich-nicht-dynamisch-an/" />
<meta property="og:locale" content="de_DE" />
<meta property="og:type" content="article" />
<meta property="og:title" content="Solares Überschussladen passt sich nicht dynamisch an - cFos eMobility Network" />
<meta property="og:description" content="Hallo zusammen, das solare Überschussladen funktioniert bei mir an sich soweit, allerdings jetzt da es sonniger wird, ist mir aufgefallen, dass die Ladeleistung bei mir immer konstant bleibt (und zwar beim minimalen Ladestrom wie für die Wallbox eingestellt) und das auch obwohl mehr solarer Überschuss vorliegt. Ich hatte vermutet, dass der solare Überschuss dynamisch geregelt [&hellip;]" />
<meta property="og:url" content="https://www.cfos-emobility.de/network/antworten/solares-ueberschussladen-passt-sich-nicht-dynamisch-an/" />
<meta property="og:site_name" content="cFos eMobility Network" />
<meta property="article:modified_time" content="2024-02-29T20:00:01+00:00" />
<meta name="twitter:card" content="summary_large_image" />
<meta name="twitter:site" content="@cFosEmobility" />
<meta name="twitter:label1" content="Geschätzte Lesezeit" />
	<meta name="twitter:data1" content="1 Minute" />
<script type="application/ld+json" class="yoast-schema-graph">{"@context":"https:\/\/schema.org","@graph":[{"@type":"WebPage","@id":"https:\/\/www.cfos-emobility.de\/network\/antworten\/solares-ueberschussladen-passt-sich-nicht-dynamisch-an\/","url":"https:\/\/www.cfos-emobility.de\/network\/antworten\/solares-ueberschussladen-passt-sich-nicht-dynamisch-an\/","name":"Solares Überschussladen passt sich nicht dynamisch an - cFos eMobility Network","isPartOf":{"@id":"https:\/\/www.cfos-emobility.de\/network\/#website"},"datePublished":"2024-02-25T09:57:09+00:00","dateModified":"2024-02-29T20:00:01+00:00","breadcrumb":{"@id":"https:\/\/www.cfos-emobility.de\/network\/antworten\/solares-ueberschussladen-passt-sich-nicht-dynamisch-an\/#breadcrumb"},"inLanguage":"de","potentialAction":[{"@type":"ReadAction","target":["https:\/\/www.cfos-emobility.de\/network\/antworten\/solares-ueberschussladen-passt-sich-nicht-dynamisch-an\/"]}]},{"@type":"BreadcrumbList","@id":"https:\/\/www.cfos-emobility.de\/network\/antworten\/solares-ueberschussladen-passt-sich-nicht-dynamisch-an\/#breadcrumb","itemListElement":[{"@type":"ListItem","position":1,"name":"Startseite","item":"https:\/\/www.cfos-emobility.de\/network\/"},{"@type":"ListItem","position":2,"name":"Fragen","item":"https:\/\/www.cfos-emobility.de\/network\/antworten\/"},{"@type":"ListItem","position":3,"name":"Solares Überschussladen passt sich nicht dynamisch an"}]},{"@type":"WebSite","@id":"https:\/\/www.cfos-emobility.de\/network\/#website","url":"https:\/\/www.cfos-emobility.de\/network\/","name":"cFos eMobility Network","description":"Das cFos Power Brain Community Portal","publisher":{"@id":"https:\/\/www.cfos-emobility.de\/network\/#organization"},"potentialAction":[{"@type":"SearchAction","target":{"@type":"EntryPoint","urlTemplate":"https:\/\/www.cfos-emobility.de\/network\/?s={search_term_string}"},"query-input":{"@type":"PropertyValueSpecification","valueRequired":true,"valueName":"search_term_string"}}],"inLanguage":"de"},{"@type":"Organization","@id":"https:\/\/www.cfos-emobility.de\/network\/#organization","name":"cFos eMobility GmbH","url":"https:\/\/www.cfos-emobility.de\/network\/","logo":{"@type":"ImageObject","inLanguage":"de","@id":"https:\/\/www.cfos-emobility.de\/network\/#\/schema\/logo\/image\/","url":"https:\/\/www.cfos-emobility.de\/network\/wp-content\/uploads\/2021\/12\/cfos-emobility-logo.jpg","contentUrl":"https:\/\/www.cfos-emobility.de\/network\/wp-content\/uploads\/2021\/12\/cfos-emobility-logo.jpg","width":221,"height":80,"caption":"cFos eMobility GmbH"},"image":{"@id":"https:\/\/www.cfos-emobility.de\/network\/#\/schema\/logo\/image\/"},"sameAs":["https:\/\/x.com\/cFosEmobility"]}]}</script>
<!-- / Yoast SEO plugin. -->

Solares Überschussladen passt sich nicht dynamisch an - cFos eMobility Network

Hallo zusammen, das solare Überschussladen funktioniert bei mir an sich soweit, allerdings jetzt da es sonniger wird, ist mir aufgefallen, dass die Ladeleistung bei mir immer konstant bleibt (und zwar beim minimalen Ladestrom wie für die Wallbox eingestellt) und das auch obwohl mehr solarer Überschuss vorliegt. Ich hatte vermutet, dass der solare Überschuss dynamisch geregelt [&hellip;]
