{"id":2073,"date":"2023-10-28T10:56:38","date_gmt":"2023-10-28T08:56:38","guid":{"rendered":"https:\/\/www.cfos-emobility.de\/network\/antworten\/unterstuetzung-bei-der-konfiguration\/"},"modified":"2023-10-28T18:28:00","modified_gmt":"2023-10-28T16:28:00","slug":"unterstuetzung-bei-der-konfiguration","status":"publish","type":"cma_thread","link":"https:\/\/www.cfos-emobility.de\/network\/antworten\/unterstuetzung-bei-der-konfiguration\/","title":{"rendered":"Unterst\u00fctzung bei der Konfiguration"},"content":{"rendered":"<p>Guten Morgen,<\/p>\n<p>ich ben\u00f6tige eure Unterst\u00fctzung bei der Konfiguration meiner Wallbox mit externem SO-Z\u00e4hler. Ich hatte schon mal einen Post \u201egeringe Leistung\u201c den ich aber nie richtig gel\u00f6st bekommen habe. Jetzt habe ich die Wallbox komplett resettet. Neue Benutzer angelegt und ich kann ohne Probleme laden. in der Wallbox wird dan zwar nirgends angezeigt das bzw. wieviel die Wallbox l\u00e4dt, aber das Auto wird geladen. Wenn ich den SO-Z\u00e4hler konfiguriere und den an die Wallbox anh\u00e4nge wird wieder angezeigt, zu wenig Leistung. Es sind aber keine sonstigen gro\u00dfen Verbraucher an. H\u00e4nge ich einen anderen SO-Z\u00e4hler an die Box scheint es zu laufen, es werden dann aber eine \u00dcberziehung angezeigt und eine verf\u00fcgbare Ladeleistung von nur 5.000 W. Was mache ich falsch?<\/p>\n","protected":false},"excerpt":{"rendered":"<p>Guten Morgen, ich ben\u00f6tige eure Unterst\u00fctzung bei der Konfiguration meiner Wallbox mit externem SO-Z\u00e4hler. Ich hatte schon mal einen Post \u201egeringe Leistung\u201c den ich aber nie richtig gel\u00f6st bekommen habe. Jetzt habe ich die Wallbox komplett resettet. Neue Benutzer angelegt und ich kann ohne Probleme laden. in der Wallbox wird dan zwar nirgends angezeigt das [&hellip;]<\/p>\n","protected":false},"author":74,"featured_media":0,"template":"","tags":[],"cma_category":[],"cma_difficulty_level":[],"class_list":["post-2073","cma_thread","type-cma_thread","status-publish","hentry"],"yoast_head":"<!-- This site is optimized with the Yoast SEO plugin v27.5 - https:\/\/yoast.com\/product\/yoast-seo-wordpress\/ -->\n<title>Unterst\u00fctzung bei der Konfiguration - cFos eMobility Network<\/title>\n<meta name=\"robots\" content=\"index, follow, max-snippet:-1, max-image-preview:large, max-video-preview:-1\" \/>\n<link rel=\"canonical\" href=\"https:\/\/www.cfos-emobility.de\/network\/antworten\/unterstuetzung-bei-der-konfiguration\/\" \/>\n<meta property=\"og:locale\" content=\"de_DE\" \/>\n<meta property=\"og:type\" content=\"article\" \/>\n<meta property=\"og:title\" content=\"Unterst\u00fctzung bei der Konfiguration - cFos eMobility Network\" \/>\n<meta property=\"og:description\" content=\"Guten Morgen, ich ben\u00f6tige eure Unterst\u00fctzung bei der Konfiguration meiner Wallbox mit externem SO-Z\u00e4hler. Ich hatte schon mal einen Post \u201egeringe Leistung\u201c den ich aber nie richtig gel\u00f6st bekommen habe. Jetzt habe ich die Wallbox komplett resettet. Neue Benutzer angelegt und ich kann ohne Probleme laden. in der Wallbox wird dan zwar nirgends angezeigt das [&hellip;]\" \/>\n<meta property=\"og:url\" content=\"https:\/\/www.cfos-emobility.de\/network\/antworten\/unterstuetzung-bei-der-konfiguration\/\" \/>\n<meta property=\"og:site_name\" content=\"cFos eMobility Network\" \/>\n<meta property=\"article:modified_time\" content=\"2023-10-28T16:28:00+00:00\" \/>\n<meta name=\"twitter:card\" content=\"summary_large_image\" \/>\n<meta name=\"twitter:site\" content=\"@cFosEmobility\" \/>\n<meta name=\"twitter:label1\" content=\"Gesch\u00e4tzte Lesezeit\" \/>\n\t<meta name=\"twitter:data1\" content=\"1\u00a0Minute\" \/>\n<script type=\"application\/ld+json\" class=\"yoast-schema-graph\">{\"@context\":\"https:\\\/\\\/schema.org\",\"@graph\":[{\"@type\":\"WebPage\",\"@id\":\"https:\\\/\\\/www.cfos-emobility.de\\\/network\\\/antworten\\\/unterstuetzung-bei-der-konfiguration\\\/\",\"url\":\"https:\\\/\\\/www.cfos-emobility.de\\\/network\\\/antworten\\\/unterstuetzung-bei-der-konfiguration\\\/\",\"name\":\"Unterst\u00fctzung bei der Konfiguration - cFos eMobility Network\",\"isPartOf\":{\"@id\":\"https:\\\/\\\/www.cfos-emobility.de\\\/network\\\/#website\"},\"datePublished\":\"2023-10-28T08:56:38+00:00\",\"dateModified\":\"2023-10-28T16:28:00+00:00\",\"breadcrumb\":{\"@id\":\"https:\\\/\\\/www.cfos-emobility.de\\\/network\\\/antworten\\\/unterstuetzung-bei-der-konfiguration\\\/#breadcrumb\"},\"inLanguage\":\"de\",\"potentialAction\":[{\"@type\":\"ReadAction\",\"target\":[\"https:\\\/\\\/www.cfos-emobility.de\\\/network\\\/antworten\\\/unterstuetzung-bei-der-konfiguration\\\/\"]}]},{\"@type\":\"BreadcrumbList\",\"@id\":\"https:\\\/\\\/www.cfos-emobility.de\\\/network\\\/antworten\\\/unterstuetzung-bei-der-konfiguration\\\/#breadcrumb\",\"itemListElement\":[{\"@type\":\"ListItem\",\"position\":1,\"name\":\"Startseite\",\"item\":\"https:\\\/\\\/www.cfos-emobility.de\\\/network\\\/\"},{\"@type\":\"ListItem\",\"position\":2,\"name\":\"Fragen\",\"item\":\"https:\\\/\\\/www.cfos-emobility.de\\\/network\\\/antworten\\\/\"},{\"@type\":\"ListItem\",\"position\":3,\"name\":\"Unterst\u00fctzung bei der Konfiguration\"}]},{\"@type\":\"WebSite\",\"@id\":\"https:\\\/\\\/www.cfos-emobility.de\\\/network\\\/#website\",\"url\":\"https:\\\/\\\/www.cfos-emobility.de\\\/network\\\/\",\"name\":\"cFos eMobility Network\",\"description\":\"Das cFos Power Brain Community Portal\",\"publisher\":{\"@id\":\"https:\\\/\\\/www.cfos-emobility.de\\\/network\\\/#organization\"},\"potentialAction\":[{\"@type\":\"SearchAction\",\"target\":{\"@type\":\"EntryPoint\",\"urlTemplate\":\"https:\\\/\\\/www.cfos-emobility.de\\\/network\\\/?s={search_term_string}\"},\"query-input\":{\"@type\":\"PropertyValueSpecification\",\"valueRequired\":true,\"valueName\":\"search_term_string\"}}],\"inLanguage\":\"de\"},{\"@type\":\"Organization\",\"@id\":\"https:\\\/\\\/www.cfos-emobility.de\\\/network\\\/#organization\",\"name\":\"cFos eMobility GmbH\",\"url\":\"https:\\\/\\\/www.cfos-emobility.de\\\/network\\\/\",\"logo\":{\"@type\":\"ImageObject\",\"inLanguage\":\"de\",\"@id\":\"https:\\\/\\\/www.cfos-emobility.de\\\/network\\\/#\\\/schema\\\/logo\\\/image\\\/\",\"url\":\"https:\\\/\\\/www.cfos-emobility.de\\\/network\\\/wp-content\\\/uploads\\\/2021\\\/12\\\/cfos-emobility-logo.jpg\",\"contentUrl\":\"https:\\\/\\\/www.cfos-emobility.de\\\/network\\\/wp-content\\\/uploads\\\/2021\\\/12\\\/cfos-emobility-logo.jpg\",\"width\":221,\"height\":80,\"caption\":\"cFos eMobility GmbH\"},\"image\":{\"@id\":\"https:\\\/\\\/www.cfos-emobility.de\\\/network\\\/#\\\/schema\\\/logo\\\/image\\\/\"},\"sameAs\":[\"https:\\\/\\\/x.com\\\/cFosEmobility\"]}]}<\/script>\n<!-- \/ Yoast SEO plugin. -->","yoast_head_json":{"title":"Unterst\u00fctzung bei der Konfiguration - cFos eMobility Network","robots":{"index":"index","follow":"follow","max-snippet":"max-snippet:-1","max-image-preview":"max-image-preview:large","max-video-preview":"max-video-preview:-1"},"canonical":"https:\/\/www.cfos-emobility.de\/network\/antworten\/unterstuetzung-bei-der-konfiguration\/","og_locale":"de_DE","og_type":"article","og_title":"Unterst\u00fctzung bei der Konfiguration - cFos eMobility Network","og_description":"Guten Morgen, ich ben\u00f6tige eure Unterst\u00fctzung bei der Konfiguration meiner Wallbox mit externem SO-Z\u00e4hler. Ich hatte schon mal einen Post \u201egeringe Leistung\u201c den ich aber nie richtig gel\u00f6st bekommen habe. Jetzt habe ich die Wallbox komplett resettet. Neue Benutzer angelegt und ich kann ohne Probleme laden. in der Wallbox wird dan zwar nirgends angezeigt das [&hellip;]","og_url":"https:\/\/www.cfos-emobility.de\/network\/antworten\/unterstuetzung-bei-der-konfiguration\/","og_site_name":"cFos eMobility Network","article_modified_time":"2023-10-28T16:28:00+00:00","twitter_card":"summary_large_image","twitter_site":"@cFosEmobility","twitter_misc":{"Gesch\u00e4tzte Lesezeit":"1\u00a0Minute"},"schema":{"@context":"https:\/\/schema.org","@graph":[{"@type":"WebPage","@id":"https:\/\/www.cfos-emobility.de\/network\/antworten\/unterstuetzung-bei-der-konfiguration\/","url":"https:\/\/www.cfos-emobility.de\/network\/antworten\/unterstuetzung-bei-der-konfiguration\/","name":"Unterst\u00fctzung bei der Konfiguration - cFos eMobility Network","isPartOf":{"@id":"https:\/\/www.cfos-emobility.de\/network\/#website"},"datePublished":"2023-10-28T08:56:38+00:00","dateModified":"2023-10-28T16:28:00+00:00","breadcrumb":{"@id":"https:\/\/www.cfos-emobility.de\/network\/antworten\/unterstuetzung-bei-der-konfiguration\/#breadcrumb"},"inLanguage":"de","potentialAction":[{"@type":"ReadAction","target":["https:\/\/www.cfos-emobility.de\/network\/antworten\/unterstuetzung-bei-der-konfiguration\/"]}]},{"@type":"BreadcrumbList","@id":"https:\/\/www.cfos-emobility.de\/network\/antworten\/unterstuetzung-bei-der-konfiguration\/#breadcrumb","itemListElement":[{"@type":"ListItem","position":1,"name":"Startseite","item":"https:\/\/www.cfos-emobility.de\/network\/"},{"@type":"ListItem","position":2,"name":"Fragen","item":"https:\/\/www.cfos-emobility.de\/network\/antworten\/"},{"@type":"ListItem","position":3,"name":"Unterst\u00fctzung bei der Konfiguration"}]},{"@type":"WebSite","@id":"https:\/\/www.cfos-emobility.de\/network\/#website","url":"https:\/\/www.cfos-emobility.de\/network\/","name":"cFos eMobility Network","description":"Das cFos Power Brain Community Portal","publisher":{"@id":"https:\/\/www.cfos-emobility.de\/network\/#organization"},"potentialAction":[{"@type":"SearchAction","target":{"@type":"EntryPoint","urlTemplate":"https:\/\/www.cfos-emobility.de\/network\/?s={search_term_string}"},"query-input":{"@type":"PropertyValueSpecification","valueRequired":true,"valueName":"search_term_string"}}],"inLanguage":"de"},{"@type":"Organization","@id":"https:\/\/www.cfos-emobility.de\/network\/#organization","name":"cFos eMobility GmbH","url":"https:\/\/www.cfos-emobility.de\/network\/","logo":{"@type":"ImageObject","inLanguage":"de","@id":"https:\/\/www.cfos-emobility.de\/network\/#\/schema\/logo\/image\/","url":"https:\/\/www.cfos-emobility.de\/network\/wp-content\/uploads\/2021\/12\/cfos-emobility-logo.jpg","contentUrl":"https:\/\/www.cfos-emobility.de\/network\/wp-content\/uploads\/2021\/12\/cfos-emobility-logo.jpg","width":221,"height":80,"caption":"cFos eMobility GmbH"},"image":{"@id":"https:\/\/www.cfos-emobility.de\/network\/#\/schema\/logo\/image\/"},"sameAs":["https:\/\/x.com\/cFosEmobility"]}]}},"_links":{"self":[{"href":"https:\/\/www.cfos-emobility.de\/network\/wp-json\/wp\/v2\/cma_thread\/2073","targetHints":{"allow":["GET"]}}],"collection":[{"href":"https:\/\/www.cfos-emobility.de\/network\/wp-json\/wp\/v2\/cma_thread"}],"about":[{"href":"https:\/\/www.cfos-emobility.de\/network\/wp-json\/wp\/v2\/types\/cma_thread"}],"author":[{"embeddable":true,"href":"https:\/\/www.cfos-emobility.de\/network\/wp-json\/wp\/v2\/users\/74"}],"wp:attachment":[{"href":"https:\/\/www.cfos-emobility.de\/network\/wp-json\/wp\/v2\/media?parent=2073"}],"wp:term":[{"taxonomy":"post_tag","embeddable":true,"href":"https:\/\/www.cfos-emobility.de\/network\/wp-json\/wp\/v2\/tags?post=2073"},{"taxonomy":"cma_category","embeddable":true,"href":"https:\/\/www.cfos-emobility.de\/network\/wp-json\/wp\/v2\/cma_category?post=2073"},{"taxonomy":"cma_difficulty_level","embeddable":true,"href":"https:\/\/www.cfos-emobility.de\/network\/wp-json\/wp\/v2\/cma_difficulty_level?post=2073"}],"curies":[{"name":"wp","href":"https:\/\/api.w.org\/{rel}","templated":true}]}}

Unterstützung bei der Konfiguration

<p>Guten Morgen,</p>
<p>ich benötige eure Unterstützung bei der Konfiguration meiner Wallbox mit externem SO-Zähler. Ich hatte schon mal einen Post „geringe Leistung“ den ich aber nie richtig gelöst bekommen habe. Jetzt habe ich die Wallbox komplett resettet. Neue Benutzer angelegt und ich kann ohne Probleme laden. in der Wallbox wird dan zwar nirgends angezeigt das bzw. wieviel die Wallbox lädt, aber das Auto wird geladen. Wenn ich den SO-Zähler konfiguriere und den an die Wallbox anhänge wird wieder angezeigt, zu wenig Leistung. Es sind aber keine sonstigen großen Verbraucher an. Hänge ich einen anderen SO-Zähler an die Box scheint es zu laufen, es werden dann aber eine Überziehung angezeigt und eine verfügbare Ladeleistung von nur 5.000 W. Was mache ich falsch?</p>

<p>Guten Morgen, ich benötige eure Unterstützung bei der Konfiguration meiner Wallbox mit externem SO-Zähler. Ich hatte schon mal einen Post „geringe Leistung“ den ich aber nie richtig gelöst bekommen habe. Jetzt habe ich die Wallbox komplett resettet. Neue Benutzer angelegt und ich kann ohne Probleme laden. in der Wallbox wird dan zwar nirgends angezeigt das [&hellip;]</p>

<!-- This site is optimized with the Yoast SEO plugin v27.5 - https://yoast.com/product/yoast-seo-wordpress/ -->
<title>Unterstützung bei der Konfiguration - cFos eMobility Network</title>
<meta name="robots" content="index, follow, max-snippet:-1, max-image-preview:large, max-video-preview:-1" />
<link rel="canonical" href="https://www.cfos-emobility.de/network/antworten/unterstuetzung-bei-der-konfiguration/" />
<meta property="og:locale" content="de_DE" />
<meta property="og:type" content="article" />
<meta property="og:title" content="Unterstützung bei der Konfiguration - cFos eMobility Network" />
<meta property="og:description" content="Guten Morgen, ich benötige eure Unterstützung bei der Konfiguration meiner Wallbox mit externem SO-Zähler. Ich hatte schon mal einen Post „geringe Leistung“ den ich aber nie richtig gelöst bekommen habe. Jetzt habe ich die Wallbox komplett resettet. Neue Benutzer angelegt und ich kann ohne Probleme laden. in der Wallbox wird dan zwar nirgends angezeigt das [&hellip;]" />
<meta property="og:url" content="https://www.cfos-emobility.de/network/antworten/unterstuetzung-bei-der-konfiguration/" />
<meta property="og:site_name" content="cFos eMobility Network" />
<meta property="article:modified_time" content="2023-10-28T16:28:00+00:00" />
<meta name="twitter:card" content="summary_large_image" />
<meta name="twitter:site" content="@cFosEmobility" />
<meta name="twitter:label1" content="Geschätzte Lesezeit" />
	<meta name="twitter:data1" content="1 Minute" />
<script type="application/ld+json" class="yoast-schema-graph">{"@context":"https:\/\/schema.org","@graph":[{"@type":"WebPage","@id":"https:\/\/www.cfos-emobility.de\/network\/antworten\/unterstuetzung-bei-der-konfiguration\/","url":"https:\/\/www.cfos-emobility.de\/network\/antworten\/unterstuetzung-bei-der-konfiguration\/","name":"Unterstützung bei der Konfiguration - cFos eMobility Network","isPartOf":{"@id":"https:\/\/www.cfos-emobility.de\/network\/#website"},"datePublished":"2023-10-28T08:56:38+00:00","dateModified":"2023-10-28T16:28:00+00:00","breadcrumb":{"@id":"https:\/\/www.cfos-emobility.de\/network\/antworten\/unterstuetzung-bei-der-konfiguration\/#breadcrumb"},"inLanguage":"de","potentialAction":[{"@type":"ReadAction","target":["https:\/\/www.cfos-emobility.de\/network\/antworten\/unterstuetzung-bei-der-konfiguration\/"]}]},{"@type":"BreadcrumbList","@id":"https:\/\/www.cfos-emobility.de\/network\/antworten\/unterstuetzung-bei-der-konfiguration\/#breadcrumb","itemListElement":[{"@type":"ListItem","position":1,"name":"Startseite","item":"https:\/\/www.cfos-emobility.de\/network\/"},{"@type":"ListItem","position":2,"name":"Fragen","item":"https:\/\/www.cfos-emobility.de\/network\/antworten\/"},{"@type":"ListItem","position":3,"name":"Unterstützung bei der Konfiguration"}]},{"@type":"WebSite","@id":"https:\/\/www.cfos-emobility.de\/network\/#website","url":"https:\/\/www.cfos-emobility.de\/network\/","name":"cFos eMobility Network","description":"Das cFos Power Brain Community Portal","publisher":{"@id":"https:\/\/www.cfos-emobility.de\/network\/#organization"},"potentialAction":[{"@type":"SearchAction","target":{"@type":"EntryPoint","urlTemplate":"https:\/\/www.cfos-emobility.de\/network\/?s={search_term_string}"},"query-input":{"@type":"PropertyValueSpecification","valueRequired":true,"valueName":"search_term_string"}}],"inLanguage":"de"},{"@type":"Organization","@id":"https:\/\/www.cfos-emobility.de\/network\/#organization","name":"cFos eMobility GmbH","url":"https:\/\/www.cfos-emobility.de\/network\/","logo":{"@type":"ImageObject","inLanguage":"de","@id":"https:\/\/www.cfos-emobility.de\/network\/#\/schema\/logo\/image\/","url":"https:\/\/www.cfos-emobility.de\/network\/wp-content\/uploads\/2021\/12\/cfos-emobility-logo.jpg","contentUrl":"https:\/\/www.cfos-emobility.de\/network\/wp-content\/uploads\/2021\/12\/cfos-emobility-logo.jpg","width":221,"height":80,"caption":"cFos eMobility GmbH"},"image":{"@id":"https:\/\/www.cfos-emobility.de\/network\/#\/schema\/logo\/image\/"},"sameAs":["https:\/\/x.com\/cFosEmobility"]}]}</script>
<!-- / Yoast SEO plugin. -->

Unterstützung bei der Konfiguration - cFos eMobility Network

Guten Morgen, ich benötige eure Unterstützung bei der Konfiguration meiner Wallbox mit externem SO-Zähler. Ich hatte schon mal einen Post „geringe Leistung“ den ich aber nie richtig gelöst bekommen habe. Jetzt habe ich die Wallbox komplett resettet. Neue Benutzer angelegt und ich kann ohne Probleme laden. in der Wallbox wird dan zwar nirgends angezeigt das [&hellip;]
