{"id":1392,"date":"2023-04-12T10:08:12","date_gmt":"2023-04-12T08:08:12","guid":{"rendered":"https:\/\/www.cfos-emobility.de\/network\/antworten\/11kw-auf-22kw-hochruesten\/"},"modified":"2023-04-30T07:18:10","modified_gmt":"2023-04-30T05:18:10","slug":"11kw-auf-22kw-hochruesten","status":"publish","type":"cma_thread","link":"https:\/\/www.cfos-emobility.de\/network\/antworten\/11kw-auf-22kw-hochruesten\/","title":{"rendered":"11kW auf 22kW hochr\u00fcsten \/ Phasenumschaltung der Solarvariante nachr\u00fcsten"},"content":{"rendered":"<p>gibt es die M\u00f6glichkeit die Wallbox nachtr\u00e4glich auf 22kW hochzur\u00fcsten?<br \/>\nMein Auto (MG4) kann je nach Version mit 1phasig bis zu 6,6kW laden. Dies w\u00fcrde ich gerne ausnutzen, da ich hiermit meine PV Anlage (max 4,6kW) ideal ausn\u00fctzen k\u00f6nnte, ohne die erlaubte Schieflast zu \u00fcberschreiten.<\/p>\n<p>Gleiche Frage auch f\u00fcr das nachr\u00fcsten der Sch\u00fctzumschaltung von 1ph auf 3ph Laden aus der Solarvariante \ud83d\ude42<\/p>\n<p>Bin entsprechende Elektrofachkraft. D.h. Tausch von Kabeln, Komponenten, sowieso Anmeldung beim Netzbetreiber sind kein Problem<\/p>\n","protected":false},"excerpt":{"rendered":"<p>gibt es die M\u00f6glichkeit die Wallbox nachtr\u00e4glich auf 22kW hochzur\u00fcsten? Mein Auto (MG4) kann je nach Version mit 1phasig bis zu 6,6kW laden. Dies w\u00fcrde ich gerne ausnutzen, da ich hiermit meine PV Anlage (max 4,6kW) ideal ausn\u00fctzen k\u00f6nnte, ohne die erlaubte Schieflast zu \u00fcberschreiten. Gleiche Frage auch f\u00fcr das nachr\u00fcsten der Sch\u00fctzumschaltung von 1ph [&hellip;]<\/p>\n","protected":false},"author":57,"featured_media":0,"template":"","tags":[125],"cma_category":[2],"cma_difficulty_level":[],"class_list":["post-1392","cma_thread","type-cma_thread","status-publish","hentry","tag-hochruestung","cma_category-cfos-emobility"],"yoast_head":"<!-- This site is optimized with the Yoast SEO plugin v27.5 - https:\/\/yoast.com\/product\/yoast-seo-wordpress\/ -->\n<title>11kW auf 22kW hochr\u00fcsten \/ Phasenumschaltung der Solarvariante nachr\u00fcsten - cFos eMobility Network<\/title>\n<meta name=\"robots\" content=\"index, follow, max-snippet:-1, max-image-preview:large, max-video-preview:-1\" \/>\n<link rel=\"canonical\" href=\"https:\/\/www.cfos-emobility.de\/network\/antworten\/11kw-auf-22kw-hochruesten\/\" \/>\n<meta property=\"og:locale\" content=\"de_DE\" \/>\n<meta property=\"og:type\" content=\"article\" \/>\n<meta property=\"og:title\" content=\"11kW auf 22kW hochr\u00fcsten \/ Phasenumschaltung der Solarvariante nachr\u00fcsten - cFos eMobility Network\" \/>\n<meta property=\"og:description\" content=\"gibt es die M\u00f6glichkeit die Wallbox nachtr\u00e4glich auf 22kW hochzur\u00fcsten? Mein Auto (MG4) kann je nach Version mit 1phasig bis zu 6,6kW laden. Dies w\u00fcrde ich gerne ausnutzen, da ich hiermit meine PV Anlage (max 4,6kW) ideal ausn\u00fctzen k\u00f6nnte, ohne die erlaubte Schieflast zu \u00fcberschreiten. Gleiche Frage auch f\u00fcr das nachr\u00fcsten der Sch\u00fctzumschaltung von 1ph [&hellip;]\" \/>\n<meta property=\"og:url\" content=\"https:\/\/www.cfos-emobility.de\/network\/antworten\/11kw-auf-22kw-hochruesten\/\" \/>\n<meta property=\"og:site_name\" content=\"cFos eMobility Network\" \/>\n<meta property=\"article:modified_time\" content=\"2023-04-30T05:18:10+00:00\" \/>\n<meta name=\"twitter:card\" content=\"summary_large_image\" \/>\n<meta name=\"twitter:site\" content=\"@cFosEmobility\" \/>\n<script type=\"application\/ld+json\" class=\"yoast-schema-graph\">{\"@context\":\"https:\\\/\\\/schema.org\",\"@graph\":[{\"@type\":\"WebPage\",\"@id\":\"https:\\\/\\\/www.cfos-emobility.de\\\/network\\\/antworten\\\/11kw-auf-22kw-hochruesten\\\/\",\"url\":\"https:\\\/\\\/www.cfos-emobility.de\\\/network\\\/antworten\\\/11kw-auf-22kw-hochruesten\\\/\",\"name\":\"11kW auf 22kW hochr\u00fcsten \\\/ Phasenumschaltung der Solarvariante nachr\u00fcsten - cFos eMobility Network\",\"isPartOf\":{\"@id\":\"https:\\\/\\\/www.cfos-emobility.de\\\/network\\\/#website\"},\"datePublished\":\"2023-04-12T08:08:12+00:00\",\"dateModified\":\"2023-04-30T05:18:10+00:00\",\"breadcrumb\":{\"@id\":\"https:\\\/\\\/www.cfos-emobility.de\\\/network\\\/antworten\\\/11kw-auf-22kw-hochruesten\\\/#breadcrumb\"},\"inLanguage\":\"de\",\"potentialAction\":[{\"@type\":\"ReadAction\",\"target\":[\"https:\\\/\\\/www.cfos-emobility.de\\\/network\\\/antworten\\\/11kw-auf-22kw-hochruesten\\\/\"]}]},{\"@type\":\"BreadcrumbList\",\"@id\":\"https:\\\/\\\/www.cfos-emobility.de\\\/network\\\/antworten\\\/11kw-auf-22kw-hochruesten\\\/#breadcrumb\",\"itemListElement\":[{\"@type\":\"ListItem\",\"position\":1,\"name\":\"Startseite\",\"item\":\"https:\\\/\\\/www.cfos-emobility.de\\\/network\\\/\"},{\"@type\":\"ListItem\",\"position\":2,\"name\":\"Fragen\",\"item\":\"https:\\\/\\\/www.cfos-emobility.de\\\/network\\\/antworten\\\/\"},{\"@type\":\"ListItem\",\"position\":3,\"name\":\"11kW auf 22kW hochr\u00fcsten \\\/ Phasenumschaltung der Solarvariante nachr\u00fcsten\"}]},{\"@type\":\"WebSite\",\"@id\":\"https:\\\/\\\/www.cfos-emobility.de\\\/network\\\/#website\",\"url\":\"https:\\\/\\\/www.cfos-emobility.de\\\/network\\\/\",\"name\":\"cFos eMobility Network\",\"description\":\"Das cFos Power Brain Community Portal\",\"publisher\":{\"@id\":\"https:\\\/\\\/www.cfos-emobility.de\\\/network\\\/#organization\"},\"potentialAction\":[{\"@type\":\"SearchAction\",\"target\":{\"@type\":\"EntryPoint\",\"urlTemplate\":\"https:\\\/\\\/www.cfos-emobility.de\\\/network\\\/?s={search_term_string}\"},\"query-input\":{\"@type\":\"PropertyValueSpecification\",\"valueRequired\":true,\"valueName\":\"search_term_string\"}}],\"inLanguage\":\"de\"},{\"@type\":\"Organization\",\"@id\":\"https:\\\/\\\/www.cfos-emobility.de\\\/network\\\/#organization\",\"name\":\"cFos eMobility GmbH\",\"url\":\"https:\\\/\\\/www.cfos-emobility.de\\\/network\\\/\",\"logo\":{\"@type\":\"ImageObject\",\"inLanguage\":\"de\",\"@id\":\"https:\\\/\\\/www.cfos-emobility.de\\\/network\\\/#\\\/schema\\\/logo\\\/image\\\/\",\"url\":\"https:\\\/\\\/www.cfos-emobility.de\\\/network\\\/wp-content\\\/uploads\\\/2021\\\/12\\\/cfos-emobility-logo.jpg\",\"contentUrl\":\"https:\\\/\\\/www.cfos-emobility.de\\\/network\\\/wp-content\\\/uploads\\\/2021\\\/12\\\/cfos-emobility-logo.jpg\",\"width\":221,\"height\":80,\"caption\":\"cFos eMobility GmbH\"},\"image\":{\"@id\":\"https:\\\/\\\/www.cfos-emobility.de\\\/network\\\/#\\\/schema\\\/logo\\\/image\\\/\"},\"sameAs\":[\"https:\\\/\\\/x.com\\\/cFosEmobility\"]}]}<\/script>\n<!-- \/ Yoast SEO plugin. -->","yoast_head_json":{"title":"11kW auf 22kW hochr\u00fcsten \/ Phasenumschaltung der Solarvariante nachr\u00fcsten - cFos eMobility Network","robots":{"index":"index","follow":"follow","max-snippet":"max-snippet:-1","max-image-preview":"max-image-preview:large","max-video-preview":"max-video-preview:-1"},"canonical":"https:\/\/www.cfos-emobility.de\/network\/antworten\/11kw-auf-22kw-hochruesten\/","og_locale":"de_DE","og_type":"article","og_title":"11kW auf 22kW hochr\u00fcsten \/ Phasenumschaltung der Solarvariante nachr\u00fcsten - cFos eMobility Network","og_description":"gibt es die M\u00f6glichkeit die Wallbox nachtr\u00e4glich auf 22kW hochzur\u00fcsten? Mein Auto (MG4) kann je nach Version mit 1phasig bis zu 6,6kW laden. Dies w\u00fcrde ich gerne ausnutzen, da ich hiermit meine PV Anlage (max 4,6kW) ideal ausn\u00fctzen k\u00f6nnte, ohne die erlaubte Schieflast zu \u00fcberschreiten. Gleiche Frage auch f\u00fcr das nachr\u00fcsten der Sch\u00fctzumschaltung von 1ph [&hellip;]","og_url":"https:\/\/www.cfos-emobility.de\/network\/antworten\/11kw-auf-22kw-hochruesten\/","og_site_name":"cFos eMobility Network","article_modified_time":"2023-04-30T05:18:10+00:00","twitter_card":"summary_large_image","twitter_site":"@cFosEmobility","schema":{"@context":"https:\/\/schema.org","@graph":[{"@type":"WebPage","@id":"https:\/\/www.cfos-emobility.de\/network\/antworten\/11kw-auf-22kw-hochruesten\/","url":"https:\/\/www.cfos-emobility.de\/network\/antworten\/11kw-auf-22kw-hochruesten\/","name":"11kW auf 22kW hochr\u00fcsten \/ Phasenumschaltung der Solarvariante nachr\u00fcsten - cFos eMobility Network","isPartOf":{"@id":"https:\/\/www.cfos-emobility.de\/network\/#website"},"datePublished":"2023-04-12T08:08:12+00:00","dateModified":"2023-04-30T05:18:10+00:00","breadcrumb":{"@id":"https:\/\/www.cfos-emobility.de\/network\/antworten\/11kw-auf-22kw-hochruesten\/#breadcrumb"},"inLanguage":"de","potentialAction":[{"@type":"ReadAction","target":["https:\/\/www.cfos-emobility.de\/network\/antworten\/11kw-auf-22kw-hochruesten\/"]}]},{"@type":"BreadcrumbList","@id":"https:\/\/www.cfos-emobility.de\/network\/antworten\/11kw-auf-22kw-hochruesten\/#breadcrumb","itemListElement":[{"@type":"ListItem","position":1,"name":"Startseite","item":"https:\/\/www.cfos-emobility.de\/network\/"},{"@type":"ListItem","position":2,"name":"Fragen","item":"https:\/\/www.cfos-emobility.de\/network\/antworten\/"},{"@type":"ListItem","position":3,"name":"11kW auf 22kW hochr\u00fcsten \/ Phasenumschaltung der Solarvariante nachr\u00fcsten"}]},{"@type":"WebSite","@id":"https:\/\/www.cfos-emobility.de\/network\/#website","url":"https:\/\/www.cfos-emobility.de\/network\/","name":"cFos eMobility Network","description":"Das cFos Power Brain Community Portal","publisher":{"@id":"https:\/\/www.cfos-emobility.de\/network\/#organization"},"potentialAction":[{"@type":"SearchAction","target":{"@type":"EntryPoint","urlTemplate":"https:\/\/www.cfos-emobility.de\/network\/?s={search_term_string}"},"query-input":{"@type":"PropertyValueSpecification","valueRequired":true,"valueName":"search_term_string"}}],"inLanguage":"de"},{"@type":"Organization","@id":"https:\/\/www.cfos-emobility.de\/network\/#organization","name":"cFos eMobility GmbH","url":"https:\/\/www.cfos-emobility.de\/network\/","logo":{"@type":"ImageObject","inLanguage":"de","@id":"https:\/\/www.cfos-emobility.de\/network\/#\/schema\/logo\/image\/","url":"https:\/\/www.cfos-emobility.de\/network\/wp-content\/uploads\/2021\/12\/cfos-emobility-logo.jpg","contentUrl":"https:\/\/www.cfos-emobility.de\/network\/wp-content\/uploads\/2021\/12\/cfos-emobility-logo.jpg","width":221,"height":80,"caption":"cFos eMobility GmbH"},"image":{"@id":"https:\/\/www.cfos-emobility.de\/network\/#\/schema\/logo\/image\/"},"sameAs":["https:\/\/x.com\/cFosEmobility"]}]}},"_links":{"self":[{"href":"https:\/\/www.cfos-emobility.de\/network\/wp-json\/wp\/v2\/cma_thread\/1392","targetHints":{"allow":["GET"]}}],"collection":[{"href":"https:\/\/www.cfos-emobility.de\/network\/wp-json\/wp\/v2\/cma_thread"}],"about":[{"href":"https:\/\/www.cfos-emobility.de\/network\/wp-json\/wp\/v2\/types\/cma_thread"}],"author":[{"embeddable":true,"href":"https:\/\/www.cfos-emobility.de\/network\/wp-json\/wp\/v2\/users\/57"}],"wp:attachment":[{"href":"https:\/\/www.cfos-emobility.de\/network\/wp-json\/wp\/v2\/media?parent=1392"}],"wp:term":[{"taxonomy":"post_tag","embeddable":true,"href":"https:\/\/www.cfos-emobility.de\/network\/wp-json\/wp\/v2\/tags?post=1392"},{"taxonomy":"cma_category","embeddable":true,"href":"https:\/\/www.cfos-emobility.de\/network\/wp-json\/wp\/v2\/cma_category?post=1392"},{"taxonomy":"cma_difficulty_level","embeddable":true,"href":"https:\/\/www.cfos-emobility.de\/network\/wp-json\/wp\/v2\/cma_difficulty_level?post=1392"}],"curies":[{"name":"wp","href":"https:\/\/api.w.org\/{rel}","templated":true}]}}

11kW auf 22kW hochrüsten / Phasenumschaltung der Solarvariante nachrüsten

<p>gibt es die Möglichkeit die Wallbox nachträglich auf 22kW hochzurüsten?<br />
Mein Auto (MG4) kann je nach Version mit 1phasig bis zu 6,6kW laden. Dies würde ich gerne ausnutzen, da ich hiermit meine PV Anlage (max 4,6kW) ideal ausnützen könnte, ohne die erlaubte Schieflast zu überschreiten.</p>
<p>Gleiche Frage auch für das nachrüsten der Schützumschaltung von 1ph auf 3ph Laden aus der Solarvariante 🙂</p>
<p>Bin entsprechende Elektrofachkraft. D.h. Tausch von Kabeln, Komponenten, sowieso Anmeldung beim Netzbetreiber sind kein Problem</p>

<p>gibt es die Möglichkeit die Wallbox nachträglich auf 22kW hochzurüsten? Mein Auto (MG4) kann je nach Version mit 1phasig bis zu 6,6kW laden. Dies würde ich gerne ausnutzen, da ich hiermit meine PV Anlage (max 4,6kW) ideal ausnützen könnte, ohne die erlaubte Schieflast zu überschreiten. Gleiche Frage auch für das nachrüsten der Schützumschaltung von 1ph [&hellip;]</p>

<!-- This site is optimized with the Yoast SEO plugin v27.5 - https://yoast.com/product/yoast-seo-wordpress/ -->
<title>11kW auf 22kW hochrüsten / Phasenumschaltung der Solarvariante nachrüsten - cFos eMobility Network</title>
<meta name="robots" content="index, follow, max-snippet:-1, max-image-preview:large, max-video-preview:-1" />
<link rel="canonical" href="https://www.cfos-emobility.de/network/antworten/11kw-auf-22kw-hochruesten/" />
<meta property="og:locale" content="de_DE" />
<meta property="og:type" content="article" />
<meta property="og:title" content="11kW auf 22kW hochrüsten / Phasenumschaltung der Solarvariante nachrüsten - cFos eMobility Network" />
<meta property="og:description" content="gibt es die Möglichkeit die Wallbox nachträglich auf 22kW hochzurüsten? Mein Auto (MG4) kann je nach Version mit 1phasig bis zu 6,6kW laden. Dies würde ich gerne ausnutzen, da ich hiermit meine PV Anlage (max 4,6kW) ideal ausnützen könnte, ohne die erlaubte Schieflast zu überschreiten. Gleiche Frage auch für das nachrüsten der Schützumschaltung von 1ph [&hellip;]" />
<meta property="og:url" content="https://www.cfos-emobility.de/network/antworten/11kw-auf-22kw-hochruesten/" />
<meta property="og:site_name" content="cFos eMobility Network" />
<meta property="article:modified_time" content="2023-04-30T05:18:10+00:00" />
<meta name="twitter:card" content="summary_large_image" />
<meta name="twitter:site" content="@cFosEmobility" />
<script type="application/ld+json" class="yoast-schema-graph">{"@context":"https:\/\/schema.org","@graph":[{"@type":"WebPage","@id":"https:\/\/www.cfos-emobility.de\/network\/antworten\/11kw-auf-22kw-hochruesten\/","url":"https:\/\/www.cfos-emobility.de\/network\/antworten\/11kw-auf-22kw-hochruesten\/","name":"11kW auf 22kW hochrüsten \/ Phasenumschaltung der Solarvariante nachrüsten - cFos eMobility Network","isPartOf":{"@id":"https:\/\/www.cfos-emobility.de\/network\/#website"},"datePublished":"2023-04-12T08:08:12+00:00","dateModified":"2023-04-30T05:18:10+00:00","breadcrumb":{"@id":"https:\/\/www.cfos-emobility.de\/network\/antworten\/11kw-auf-22kw-hochruesten\/#breadcrumb"},"inLanguage":"de","potentialAction":[{"@type":"ReadAction","target":["https:\/\/www.cfos-emobility.de\/network\/antworten\/11kw-auf-22kw-hochruesten\/"]}]},{"@type":"BreadcrumbList","@id":"https:\/\/www.cfos-emobility.de\/network\/antworten\/11kw-auf-22kw-hochruesten\/#breadcrumb","itemListElement":[{"@type":"ListItem","position":1,"name":"Startseite","item":"https:\/\/www.cfos-emobility.de\/network\/"},{"@type":"ListItem","position":2,"name":"Fragen","item":"https:\/\/www.cfos-emobility.de\/network\/antworten\/"},{"@type":"ListItem","position":3,"name":"11kW auf 22kW hochrüsten \/ Phasenumschaltung der Solarvariante nachrüsten"}]},{"@type":"WebSite","@id":"https:\/\/www.cfos-emobility.de\/network\/#website","url":"https:\/\/www.cfos-emobility.de\/network\/","name":"cFos eMobility Network","description":"Das cFos Power Brain Community Portal","publisher":{"@id":"https:\/\/www.cfos-emobility.de\/network\/#organization"},"potentialAction":[{"@type":"SearchAction","target":{"@type":"EntryPoint","urlTemplate":"https:\/\/www.cfos-emobility.de\/network\/?s={search_term_string}"},"query-input":{"@type":"PropertyValueSpecification","valueRequired":true,"valueName":"search_term_string"}}],"inLanguage":"de"},{"@type":"Organization","@id":"https:\/\/www.cfos-emobility.de\/network\/#organization","name":"cFos eMobility GmbH","url":"https:\/\/www.cfos-emobility.de\/network\/","logo":{"@type":"ImageObject","inLanguage":"de","@id":"https:\/\/www.cfos-emobility.de\/network\/#\/schema\/logo\/image\/","url":"https:\/\/www.cfos-emobility.de\/network\/wp-content\/uploads\/2021\/12\/cfos-emobility-logo.jpg","contentUrl":"https:\/\/www.cfos-emobility.de\/network\/wp-content\/uploads\/2021\/12\/cfos-emobility-logo.jpg","width":221,"height":80,"caption":"cFos eMobility GmbH"},"image":{"@id":"https:\/\/www.cfos-emobility.de\/network\/#\/schema\/logo\/image\/"},"sameAs":["https:\/\/x.com\/cFosEmobility"]}]}</script>
<!-- / Yoast SEO plugin. -->

11kW auf 22kW hochrüsten / Phasenumschaltung der Solarvariante nachrüsten - cFos eMobility Network

gibt es die Möglichkeit die Wallbox nachträglich auf 22kW hochzurüsten? Mein Auto (MG4) kann je nach Version mit 1phasig bis zu 6,6kW laden. Dies würde ich gerne ausnutzen, da ich hiermit meine PV Anlage (max 4,6kW) ideal ausnützen könnte, ohne die erlaubte Schieflast zu überschreiten. Gleiche Frage auch für das nachrüsten der Schützumschaltung von 1ph [&hellip;]
