{"id":1199,"date":"2023-02-28T11:58:43","date_gmt":"2023-02-28T10:58:43","guid":{"rendered":"https:\/\/www.cfos-emobility.de\/network\/antworten\/wenn-ich-mich-nochmal-fuer-eine-wallbox-entscheiden-muesste\/"},"modified":"2026-04-14T13:21:30","modified_gmt":"2026-04-14T11:21:30","slug":"wenn-ich-mich-nochmal-fuer-eine-wallbox-entscheiden-muesste","status":"publish","type":"cma_thread","link":"https:\/\/www.cfos-emobility.de\/network\/antworten\/wenn-ich-mich-nochmal-fuer-eine-wallbox-entscheiden-muesste\/","title":{"rendered":"Wenn ich mich nochmal f\u00fcr eine Wallbox entscheiden m\u00fcsste&#8230;"},"content":{"rendered":"<p>w\u00fcrde ich einen SEHR weiten Bogen um die CFOS Wallbox machen.<\/p>\n<p>Ich muss mich hier mal &#8211; sorry &#8211; auskotzen.<\/p>\n<p>Das User Interface ist absolut unterirdisch &#8211; so wie auch diese Supportwebsite. Ich habe jetzt 5 Minuten gebraucht um zu finden wo ich eine Beitrag posten kann.<\/p>\n<p>Ich habe f\u00fcr die Inbetriebnahme der Box damals zum Gl\u00fcck sehr engagierte Hilfe von Usern hier aus dem Forum erhalten. Die aber irgendwann auch mit ihrem Latein am Ende waren. Letzlich hatte sich nach Kontakt mit einem Entwickler herausgestellt, dass ich eine development Firmware auf meiner Box hatte und die ganzen Konfigurationsaleitungen nicht passten.<\/p>\n<p>Da kann man sicher noch sagen, ok kann passieren.<\/p>\n<p>Ich habe die Box jetzt seit ca. 1. Jahr und habe es noch immer nicht geschafft vern\u00fcnftige Laderegeln zu erstellen geschweige denn einen &#8222;Knopf&#8220; gefunden zu haben mit der ich einfach &#8222;nur&#8220; das laden starten oder stoppen zu k\u00f6nnten&#8230;<\/p>\n<p>Ich will nicht ausschlie\u00dfen, das es an mir liegt. Andererseits bin ich Ingenieur und sehe mich als technikaffin an.<\/p>\n<p>Jeder Versuch sich erneut mit der Box auseinanderzusetzen endet in totaler Frustration und die &#8222;Dokumentation&#8220; ist f\u00fcr mich eher verwirrend als unterst\u00fctzend.<\/p>\n<p>Ich weiss dieser Beitrag ist in keiner Weise konstruktiv. Aber ich muss einfach mal meinen Frust ablassen.<\/p>\n<p>Ich werde jetzt also gleich zur Box gehen, denn Stecker rausziehen &#8211; warten &#8211; reinstecken &#8211; RFID dranhalten und hofffen das das schei\u00dfding hoffentlich anf\u00e4ngt zu laden&#8230; beten<\/p>\n<p>VG<\/p>\n<p>Stefan<\/p>\n<p>&nbsp;<\/p>\n<p>&nbsp;<\/p>\n<p>&nbsp;<\/p>\n<p>&nbsp;<\/p>\n","protected":false},"excerpt":{"rendered":"<p>w\u00fcrde ich einen SEHR weiten Bogen um die CFOS Wallbox machen. Ich muss mich hier mal &#8211; sorry &#8211; auskotzen. Das User Interface ist absolut unterirdisch &#8211; so wie auch diese Supportwebsite. Ich habe jetzt 5 Minuten gebraucht um zu finden wo ich eine Beitrag posten kann. Ich habe f\u00fcr die Inbetriebnahme der Box damals [&hellip;]<\/p>\n","protected":false},"author":47,"featured_media":0,"template":"","tags":[5],"cma_category":[],"cma_difficulty_level":[],"class_list":["post-1199","cma_thread","type-cma_thread","status-publish","hentry","tag-wallbox"],"yoast_head":"<!-- This site is optimized with the Yoast SEO plugin v27.4 - https:\/\/yoast.com\/product\/yoast-seo-wordpress\/ -->\n<title>Wenn ich mich nochmal f\u00fcr eine Wallbox entscheiden m\u00fcsste... - cFos eMobility Network<\/title>\n<meta name=\"robots\" content=\"index, follow, max-snippet:-1, max-image-preview:large, max-video-preview:-1\" \/>\n<link rel=\"canonical\" href=\"https:\/\/www.cfos-emobility.de\/network\/antworten\/wenn-ich-mich-nochmal-fuer-eine-wallbox-entscheiden-muesste\/\" \/>\n<meta property=\"og:locale\" content=\"de_DE\" \/>\n<meta property=\"og:type\" content=\"article\" \/>\n<meta property=\"og:title\" content=\"Wenn ich mich nochmal f\u00fcr eine Wallbox entscheiden m\u00fcsste... - cFos eMobility Network\" \/>\n<meta property=\"og:description\" content=\"w\u00fcrde ich einen SEHR weiten Bogen um die CFOS Wallbox machen. Ich muss mich hier mal &#8211; sorry &#8211; auskotzen. Das User Interface ist absolut unterirdisch &#8211; so wie auch diese Supportwebsite. Ich habe jetzt 5 Minuten gebraucht um zu finden wo ich eine Beitrag posten kann. Ich habe f\u00fcr die Inbetriebnahme der Box damals [&hellip;]\" \/>\n<meta property=\"og:url\" content=\"https:\/\/www.cfos-emobility.de\/network\/antworten\/wenn-ich-mich-nochmal-fuer-eine-wallbox-entscheiden-muesste\/\" \/>\n<meta property=\"og:site_name\" content=\"cFos eMobility Network\" \/>\n<meta property=\"article:modified_time\" content=\"2026-04-14T11:21:30+00:00\" \/>\n<meta name=\"twitter:card\" content=\"summary_large_image\" \/>\n<meta name=\"twitter:site\" content=\"@cFosEmobility\" \/>\n<meta name=\"twitter:label1\" content=\"Gesch\u00e4tzte Lesezeit\" \/>\n\t<meta name=\"twitter:data1\" content=\"1\u00a0Minute\" \/>\n<script type=\"application\/ld+json\" class=\"yoast-schema-graph\">{\"@context\":\"https:\\\/\\\/schema.org\",\"@graph\":[{\"@type\":\"WebPage\",\"@id\":\"https:\\\/\\\/www.cfos-emobility.de\\\/network\\\/antworten\\\/wenn-ich-mich-nochmal-fuer-eine-wallbox-entscheiden-muesste\\\/\",\"url\":\"https:\\\/\\\/www.cfos-emobility.de\\\/network\\\/antworten\\\/wenn-ich-mich-nochmal-fuer-eine-wallbox-entscheiden-muesste\\\/\",\"name\":\"Wenn ich mich nochmal f\u00fcr eine Wallbox entscheiden m\u00fcsste... - cFos eMobility Network\",\"isPartOf\":{\"@id\":\"https:\\\/\\\/www.cfos-emobility.de\\\/network\\\/#website\"},\"datePublished\":\"2023-02-28T10:58:43+00:00\",\"dateModified\":\"2026-04-14T11:21:30+00:00\",\"breadcrumb\":{\"@id\":\"https:\\\/\\\/www.cfos-emobility.de\\\/network\\\/antworten\\\/wenn-ich-mich-nochmal-fuer-eine-wallbox-entscheiden-muesste\\\/#breadcrumb\"},\"inLanguage\":\"de\",\"potentialAction\":[{\"@type\":\"ReadAction\",\"target\":[\"https:\\\/\\\/www.cfos-emobility.de\\\/network\\\/antworten\\\/wenn-ich-mich-nochmal-fuer-eine-wallbox-entscheiden-muesste\\\/\"]}]},{\"@type\":\"BreadcrumbList\",\"@id\":\"https:\\\/\\\/www.cfos-emobility.de\\\/network\\\/antworten\\\/wenn-ich-mich-nochmal-fuer-eine-wallbox-entscheiden-muesste\\\/#breadcrumb\",\"itemListElement\":[{\"@type\":\"ListItem\",\"position\":1,\"name\":\"Startseite\",\"item\":\"https:\\\/\\\/www.cfos-emobility.de\\\/network\\\/\"},{\"@type\":\"ListItem\",\"position\":2,\"name\":\"Fragen\",\"item\":\"https:\\\/\\\/www.cfos-emobility.de\\\/network\\\/antworten\\\/\"},{\"@type\":\"ListItem\",\"position\":3,\"name\":\"Wenn ich mich nochmal f\u00fcr eine Wallbox entscheiden m\u00fcsste&#8230;\"}]},{\"@type\":\"WebSite\",\"@id\":\"https:\\\/\\\/www.cfos-emobility.de\\\/network\\\/#website\",\"url\":\"https:\\\/\\\/www.cfos-emobility.de\\\/network\\\/\",\"name\":\"cFos eMobility Network\",\"description\":\"Das cFos Power Brain Community Portal\",\"publisher\":{\"@id\":\"https:\\\/\\\/www.cfos-emobility.de\\\/network\\\/#organization\"},\"potentialAction\":[{\"@type\":\"SearchAction\",\"target\":{\"@type\":\"EntryPoint\",\"urlTemplate\":\"https:\\\/\\\/www.cfos-emobility.de\\\/network\\\/?s={search_term_string}\"},\"query-input\":{\"@type\":\"PropertyValueSpecification\",\"valueRequired\":true,\"valueName\":\"search_term_string\"}}],\"inLanguage\":\"de\"},{\"@type\":\"Organization\",\"@id\":\"https:\\\/\\\/www.cfos-emobility.de\\\/network\\\/#organization\",\"name\":\"cFos eMobility GmbH\",\"url\":\"https:\\\/\\\/www.cfos-emobility.de\\\/network\\\/\",\"logo\":{\"@type\":\"ImageObject\",\"inLanguage\":\"de\",\"@id\":\"https:\\\/\\\/www.cfos-emobility.de\\\/network\\\/#\\\/schema\\\/logo\\\/image\\\/\",\"url\":\"https:\\\/\\\/www.cfos-emobility.de\\\/network\\\/wp-content\\\/uploads\\\/2021\\\/12\\\/cfos-emobility-logo.jpg\",\"contentUrl\":\"https:\\\/\\\/www.cfos-emobility.de\\\/network\\\/wp-content\\\/uploads\\\/2021\\\/12\\\/cfos-emobility-logo.jpg\",\"width\":221,\"height\":80,\"caption\":\"cFos eMobility GmbH\"},\"image\":{\"@id\":\"https:\\\/\\\/www.cfos-emobility.de\\\/network\\\/#\\\/schema\\\/logo\\\/image\\\/\"},\"sameAs\":[\"https:\\\/\\\/x.com\\\/cFosEmobility\"]}]}<\/script>\n<!-- \/ Yoast SEO plugin. -->","yoast_head_json":{"title":"Wenn ich mich nochmal f\u00fcr eine Wallbox entscheiden m\u00fcsste... - cFos eMobility Network","robots":{"index":"index","follow":"follow","max-snippet":"max-snippet:-1","max-image-preview":"max-image-preview:large","max-video-preview":"max-video-preview:-1"},"canonical":"https:\/\/www.cfos-emobility.de\/network\/antworten\/wenn-ich-mich-nochmal-fuer-eine-wallbox-entscheiden-muesste\/","og_locale":"de_DE","og_type":"article","og_title":"Wenn ich mich nochmal f\u00fcr eine Wallbox entscheiden m\u00fcsste... - cFos eMobility Network","og_description":"w\u00fcrde ich einen SEHR weiten Bogen um die CFOS Wallbox machen. Ich muss mich hier mal &#8211; sorry &#8211; auskotzen. Das User Interface ist absolut unterirdisch &#8211; so wie auch diese Supportwebsite. Ich habe jetzt 5 Minuten gebraucht um zu finden wo ich eine Beitrag posten kann. Ich habe f\u00fcr die Inbetriebnahme der Box damals [&hellip;]","og_url":"https:\/\/www.cfos-emobility.de\/network\/antworten\/wenn-ich-mich-nochmal-fuer-eine-wallbox-entscheiden-muesste\/","og_site_name":"cFos eMobility Network","article_modified_time":"2026-04-14T11:21:30+00:00","twitter_card":"summary_large_image","twitter_site":"@cFosEmobility","twitter_misc":{"Gesch\u00e4tzte Lesezeit":"1\u00a0Minute"},"schema":{"@context":"https:\/\/schema.org","@graph":[{"@type":"WebPage","@id":"https:\/\/www.cfos-emobility.de\/network\/antworten\/wenn-ich-mich-nochmal-fuer-eine-wallbox-entscheiden-muesste\/","url":"https:\/\/www.cfos-emobility.de\/network\/antworten\/wenn-ich-mich-nochmal-fuer-eine-wallbox-entscheiden-muesste\/","name":"Wenn ich mich nochmal f\u00fcr eine Wallbox entscheiden m\u00fcsste... - cFos eMobility Network","isPartOf":{"@id":"https:\/\/www.cfos-emobility.de\/network\/#website"},"datePublished":"2023-02-28T10:58:43+00:00","dateModified":"2026-04-14T11:21:30+00:00","breadcrumb":{"@id":"https:\/\/www.cfos-emobility.de\/network\/antworten\/wenn-ich-mich-nochmal-fuer-eine-wallbox-entscheiden-muesste\/#breadcrumb"},"inLanguage":"de","potentialAction":[{"@type":"ReadAction","target":["https:\/\/www.cfos-emobility.de\/network\/antworten\/wenn-ich-mich-nochmal-fuer-eine-wallbox-entscheiden-muesste\/"]}]},{"@type":"BreadcrumbList","@id":"https:\/\/www.cfos-emobility.de\/network\/antworten\/wenn-ich-mich-nochmal-fuer-eine-wallbox-entscheiden-muesste\/#breadcrumb","itemListElement":[{"@type":"ListItem","position":1,"name":"Startseite","item":"https:\/\/www.cfos-emobility.de\/network\/"},{"@type":"ListItem","position":2,"name":"Fragen","item":"https:\/\/www.cfos-emobility.de\/network\/antworten\/"},{"@type":"ListItem","position":3,"name":"Wenn ich mich nochmal f\u00fcr eine Wallbox entscheiden m\u00fcsste&#8230;"}]},{"@type":"WebSite","@id":"https:\/\/www.cfos-emobility.de\/network\/#website","url":"https:\/\/www.cfos-emobility.de\/network\/","name":"cFos eMobility Network","description":"Das cFos Power Brain Community Portal","publisher":{"@id":"https:\/\/www.cfos-emobility.de\/network\/#organization"},"potentialAction":[{"@type":"SearchAction","target":{"@type":"EntryPoint","urlTemplate":"https:\/\/www.cfos-emobility.de\/network\/?s={search_term_string}"},"query-input":{"@type":"PropertyValueSpecification","valueRequired":true,"valueName":"search_term_string"}}],"inLanguage":"de"},{"@type":"Organization","@id":"https:\/\/www.cfos-emobility.de\/network\/#organization","name":"cFos eMobility GmbH","url":"https:\/\/www.cfos-emobility.de\/network\/","logo":{"@type":"ImageObject","inLanguage":"de","@id":"https:\/\/www.cfos-emobility.de\/network\/#\/schema\/logo\/image\/","url":"https:\/\/www.cfos-emobility.de\/network\/wp-content\/uploads\/2021\/12\/cfos-emobility-logo.jpg","contentUrl":"https:\/\/www.cfos-emobility.de\/network\/wp-content\/uploads\/2021\/12\/cfos-emobility-logo.jpg","width":221,"height":80,"caption":"cFos eMobility GmbH"},"image":{"@id":"https:\/\/www.cfos-emobility.de\/network\/#\/schema\/logo\/image\/"},"sameAs":["https:\/\/x.com\/cFosEmobility"]}]}},"_links":{"self":[{"href":"https:\/\/www.cfos-emobility.de\/network\/wp-json\/wp\/v2\/cma_thread\/1199","targetHints":{"allow":["GET"]}}],"collection":[{"href":"https:\/\/www.cfos-emobility.de\/network\/wp-json\/wp\/v2\/cma_thread"}],"about":[{"href":"https:\/\/www.cfos-emobility.de\/network\/wp-json\/wp\/v2\/types\/cma_thread"}],"author":[{"embeddable":true,"href":"https:\/\/www.cfos-emobility.de\/network\/wp-json\/wp\/v2\/users\/47"}],"wp:attachment":[{"href":"https:\/\/www.cfos-emobility.de\/network\/wp-json\/wp\/v2\/media?parent=1199"}],"wp:term":[{"taxonomy":"post_tag","embeddable":true,"href":"https:\/\/www.cfos-emobility.de\/network\/wp-json\/wp\/v2\/tags?post=1199"},{"taxonomy":"cma_category","embeddable":true,"href":"https:\/\/www.cfos-emobility.de\/network\/wp-json\/wp\/v2\/cma_category?post=1199"},{"taxonomy":"cma_difficulty_level","embeddable":true,"href":"https:\/\/www.cfos-emobility.de\/network\/wp-json\/wp\/v2\/cma_difficulty_level?post=1199"}],"curies":[{"name":"wp","href":"https:\/\/api.w.org\/{rel}","templated":true}]}}

Wenn ich mich nochmal für eine Wallbox entscheiden müsste&#8230;

<p>würde ich einen SEHR weiten Bogen um die CFOS Wallbox machen.</p>
<p>Ich muss mich hier mal &#8211; sorry &#8211; auskotzen.</p>
<p>Das User Interface ist absolut unterirdisch &#8211; so wie auch diese Supportwebsite. Ich habe jetzt 5 Minuten gebraucht um zu finden wo ich eine Beitrag posten kann.</p>
<p>Ich habe für die Inbetriebnahme der Box damals zum Glück sehr engagierte Hilfe von Usern hier aus dem Forum erhalten. Die aber irgendwann auch mit ihrem Latein am Ende waren. Letzlich hatte sich nach Kontakt mit einem Entwickler herausgestellt, dass ich eine development Firmware auf meiner Box hatte und die ganzen Konfigurationsaleitungen nicht passten.</p>
<p>Da kann man sicher noch sagen, ok kann passieren.</p>
<p>Ich habe die Box jetzt seit ca. 1. Jahr und habe es noch immer nicht geschafft vernünftige Laderegeln zu erstellen geschweige denn einen &#8222;Knopf&#8220; gefunden zu haben mit der ich einfach &#8222;nur&#8220; das laden starten oder stoppen zu könnten&#8230;</p>
<p>Ich will nicht ausschließen, das es an mir liegt. Andererseits bin ich Ingenieur und sehe mich als technikaffin an.</p>
<p>Jeder Versuch sich erneut mit der Box auseinanderzusetzen endet in totaler Frustration und die &#8222;Dokumentation&#8220; ist für mich eher verwirrend als unterstützend.</p>
<p>Ich weiss dieser Beitrag ist in keiner Weise konstruktiv. Aber ich muss einfach mal meinen Frust ablassen.</p>
<p>Ich werde jetzt also gleich zur Box gehen, denn Stecker rausziehen &#8211; warten &#8211; reinstecken &#8211; RFID dranhalten und hofffen das das scheißding hoffentlich anfängt zu laden&#8230; beten</p>
<p>VG</p>
<p>Stefan</p>
<p>&nbsp;</p>
<p>&nbsp;</p>
<p>&nbsp;</p>
<p>&nbsp;</p>

<p>würde ich einen SEHR weiten Bogen um die CFOS Wallbox machen. Ich muss mich hier mal &#8211; sorry &#8211; auskotzen. Das User Interface ist absolut unterirdisch &#8211; so wie auch diese Supportwebsite. Ich habe jetzt 5 Minuten gebraucht um zu finden wo ich eine Beitrag posten kann. Ich habe für die Inbetriebnahme der Box damals [&hellip;]</p>

<!-- This site is optimized with the Yoast SEO plugin v27.4 - https://yoast.com/product/yoast-seo-wordpress/ -->
<title>Wenn ich mich nochmal für eine Wallbox entscheiden müsste... - cFos eMobility Network</title>
<meta name="robots" content="index, follow, max-snippet:-1, max-image-preview:large, max-video-preview:-1" />
<link rel="canonical" href="https://www.cfos-emobility.de/network/antworten/wenn-ich-mich-nochmal-fuer-eine-wallbox-entscheiden-muesste/" />
<meta property="og:locale" content="de_DE" />
<meta property="og:type" content="article" />
<meta property="og:title" content="Wenn ich mich nochmal für eine Wallbox entscheiden müsste... - cFos eMobility Network" />
<meta property="og:description" content="würde ich einen SEHR weiten Bogen um die CFOS Wallbox machen. Ich muss mich hier mal &#8211; sorry &#8211; auskotzen. Das User Interface ist absolut unterirdisch &#8211; so wie auch diese Supportwebsite. Ich habe jetzt 5 Minuten gebraucht um zu finden wo ich eine Beitrag posten kann. Ich habe für die Inbetriebnahme der Box damals [&hellip;]" />
<meta property="og:url" content="https://www.cfos-emobility.de/network/antworten/wenn-ich-mich-nochmal-fuer-eine-wallbox-entscheiden-muesste/" />
<meta property="og:site_name" content="cFos eMobility Network" />
<meta property="article:modified_time" content="2026-04-14T11:21:30+00:00" />
<meta name="twitter:card" content="summary_large_image" />
<meta name="twitter:site" content="@cFosEmobility" />
<meta name="twitter:label1" content="Geschätzte Lesezeit" />
	<meta name="twitter:data1" content="1 Minute" />
<script type="application/ld+json" class="yoast-schema-graph">{"@context":"https:\/\/schema.org","@graph":[{"@type":"WebPage","@id":"https:\/\/www.cfos-emobility.de\/network\/antworten\/wenn-ich-mich-nochmal-fuer-eine-wallbox-entscheiden-muesste\/","url":"https:\/\/www.cfos-emobility.de\/network\/antworten\/wenn-ich-mich-nochmal-fuer-eine-wallbox-entscheiden-muesste\/","name":"Wenn ich mich nochmal für eine Wallbox entscheiden müsste... - cFos eMobility Network","isPartOf":{"@id":"https:\/\/www.cfos-emobility.de\/network\/#website"},"datePublished":"2023-02-28T10:58:43+00:00","dateModified":"2026-04-14T11:21:30+00:00","breadcrumb":{"@id":"https:\/\/www.cfos-emobility.de\/network\/antworten\/wenn-ich-mich-nochmal-fuer-eine-wallbox-entscheiden-muesste\/#breadcrumb"},"inLanguage":"de","potentialAction":[{"@type":"ReadAction","target":["https:\/\/www.cfos-emobility.de\/network\/antworten\/wenn-ich-mich-nochmal-fuer-eine-wallbox-entscheiden-muesste\/"]}]},{"@type":"BreadcrumbList","@id":"https:\/\/www.cfos-emobility.de\/network\/antworten\/wenn-ich-mich-nochmal-fuer-eine-wallbox-entscheiden-muesste\/#breadcrumb","itemListElement":[{"@type":"ListItem","position":1,"name":"Startseite","item":"https:\/\/www.cfos-emobility.de\/network\/"},{"@type":"ListItem","position":2,"name":"Fragen","item":"https:\/\/www.cfos-emobility.de\/network\/antworten\/"},{"@type":"ListItem","position":3,"name":"Wenn ich mich nochmal für eine Wallbox entscheiden müsste&#8230;"}]},{"@type":"WebSite","@id":"https:\/\/www.cfos-emobility.de\/network\/#website","url":"https:\/\/www.cfos-emobility.de\/network\/","name":"cFos eMobility Network","description":"Das cFos Power Brain Community Portal","publisher":{"@id":"https:\/\/www.cfos-emobility.de\/network\/#organization"},"potentialAction":[{"@type":"SearchAction","target":{"@type":"EntryPoint","urlTemplate":"https:\/\/www.cfos-emobility.de\/network\/?s={search_term_string}"},"query-input":{"@type":"PropertyValueSpecification","valueRequired":true,"valueName":"search_term_string"}}],"inLanguage":"de"},{"@type":"Organization","@id":"https:\/\/www.cfos-emobility.de\/network\/#organization","name":"cFos eMobility GmbH","url":"https:\/\/www.cfos-emobility.de\/network\/","logo":{"@type":"ImageObject","inLanguage":"de","@id":"https:\/\/www.cfos-emobility.de\/network\/#\/schema\/logo\/image\/","url":"https:\/\/www.cfos-emobility.de\/network\/wp-content\/uploads\/2021\/12\/cfos-emobility-logo.jpg","contentUrl":"https:\/\/www.cfos-emobility.de\/network\/wp-content\/uploads\/2021\/12\/cfos-emobility-logo.jpg","width":221,"height":80,"caption":"cFos eMobility GmbH"},"image":{"@id":"https:\/\/www.cfos-emobility.de\/network\/#\/schema\/logo\/image\/"},"sameAs":["https:\/\/x.com\/cFosEmobility"]}]}</script>
<!-- / Yoast SEO plugin. -->

Wenn ich mich nochmal für eine Wallbox entscheiden müsste... - cFos eMobility Network

würde ich einen SEHR weiten Bogen um die CFOS Wallbox machen. Ich muss mich hier mal &#8211; sorry &#8211; auskotzen. Das User Interface ist absolut unterirdisch &#8211; so wie auch diese Supportwebsite. Ich habe jetzt 5 Minuten gebraucht um zu finden wo ich eine Beitrag posten kann. Ich habe für die Inbetriebnahme der Box damals [&hellip;]
