{"id":1144,"date":"2023-02-10T10:23:01","date_gmt":"2023-02-10T09:23:01","guid":{"rendered":"https:\/\/www.cfos-emobility.de\/network\/antworten\/ladebuchse-mit-steckerverriegelung-anstelle-des-ladekabels\/"},"modified":"2023-04-07T09:35:51","modified_gmt":"2023-04-07T07:35:51","slug":"ladebuchse-mit-steckerverriegelung-anstelle-des-ladekabels","status":"publish","type":"cma_thread","link":"https:\/\/www.cfos-emobility.de\/network\/antworten\/ladebuchse-mit-steckerverriegelung-anstelle-des-ladekabels\/","title":{"rendered":"Ladebuchse mit Steckerverriegelung anstelle des Ladekabels ??"},"content":{"rendered":"<p>Hallo Zusammen<\/p>\n<p>Ich w\u00fcrde gerne vor der Garage eine Ladebuchse mit Steckerverriegelung anstelle des Ladekabels montieren.<\/p>\n<p>Ist es m\u00f6glich den Verriegelungs Aktor der Firma Hella mit 3pol. Stecker \u00fcber den Power Brain anzusteuern ?<\/p>\n<p>mFG Ingo<\/p>\n","protected":false},"excerpt":{"rendered":"<p>Hallo Zusammen Ich w\u00fcrde gerne vor der Garage eine Ladebuchse mit Steckerverriegelung anstelle des Ladekabels montieren. Ist es m\u00f6glich den Verriegelungs Aktor der Firma Hella mit 3pol. Stecker \u00fcber den Power Brain anzusteuern ? mFG Ingo<\/p>\n","protected":false},"author":183,"featured_media":0,"template":"","tags":[27],"cma_category":[],"cma_difficulty_level":[],"class_list":["post-1144","cma_thread","type-cma_thread","status-publish","hentry","tag-cfos-power-brain-wallbox"],"yoast_head":"<!-- This site is optimized with the Yoast SEO plugin v27.4 - https:\/\/yoast.com\/product\/yoast-seo-wordpress\/ -->\n<title>Ladebuchse mit Steckerverriegelung anstelle des Ladekabels ?? - cFos eMobility Network<\/title>\n<meta name=\"robots\" content=\"index, follow, max-snippet:-1, max-image-preview:large, max-video-preview:-1\" \/>\n<link rel=\"canonical\" href=\"https:\/\/www.cfos-emobility.de\/network\/antworten\/ladebuchse-mit-steckerverriegelung-anstelle-des-ladekabels\/\" \/>\n<meta property=\"og:locale\" content=\"de_DE\" \/>\n<meta property=\"og:type\" content=\"article\" \/>\n<meta property=\"og:title\" content=\"Ladebuchse mit Steckerverriegelung anstelle des Ladekabels ?? - cFos eMobility Network\" \/>\n<meta property=\"og:description\" content=\"Hallo Zusammen Ich w\u00fcrde gerne vor der Garage eine Ladebuchse mit Steckerverriegelung anstelle des Ladekabels montieren. Ist es m\u00f6glich den Verriegelungs Aktor der Firma Hella mit 3pol. Stecker \u00fcber den Power Brain anzusteuern ? mFG Ingo\" \/>\n<meta property=\"og:url\" content=\"https:\/\/www.cfos-emobility.de\/network\/antworten\/ladebuchse-mit-steckerverriegelung-anstelle-des-ladekabels\/\" \/>\n<meta property=\"og:site_name\" content=\"cFos eMobility Network\" \/>\n<meta property=\"article:modified_time\" content=\"2023-04-07T07:35:51+00:00\" \/>\n<meta name=\"twitter:card\" content=\"summary_large_image\" \/>\n<meta name=\"twitter:site\" content=\"@cFosEmobility\" \/>\n<script type=\"application\/ld+json\" class=\"yoast-schema-graph\">{\"@context\":\"https:\\\/\\\/schema.org\",\"@graph\":[{\"@type\":\"WebPage\",\"@id\":\"https:\\\/\\\/www.cfos-emobility.de\\\/network\\\/antworten\\\/ladebuchse-mit-steckerverriegelung-anstelle-des-ladekabels\\\/\",\"url\":\"https:\\\/\\\/www.cfos-emobility.de\\\/network\\\/antworten\\\/ladebuchse-mit-steckerverriegelung-anstelle-des-ladekabels\\\/\",\"name\":\"Ladebuchse mit Steckerverriegelung anstelle des Ladekabels ?? - cFos eMobility Network\",\"isPartOf\":{\"@id\":\"https:\\\/\\\/www.cfos-emobility.de\\\/network\\\/#website\"},\"datePublished\":\"2023-02-10T09:23:01+00:00\",\"dateModified\":\"2023-04-07T07:35:51+00:00\",\"breadcrumb\":{\"@id\":\"https:\\\/\\\/www.cfos-emobility.de\\\/network\\\/antworten\\\/ladebuchse-mit-steckerverriegelung-anstelle-des-ladekabels\\\/#breadcrumb\"},\"inLanguage\":\"de\",\"potentialAction\":[{\"@type\":\"ReadAction\",\"target\":[\"https:\\\/\\\/www.cfos-emobility.de\\\/network\\\/antworten\\\/ladebuchse-mit-steckerverriegelung-anstelle-des-ladekabels\\\/\"]}]},{\"@type\":\"BreadcrumbList\",\"@id\":\"https:\\\/\\\/www.cfos-emobility.de\\\/network\\\/antworten\\\/ladebuchse-mit-steckerverriegelung-anstelle-des-ladekabels\\\/#breadcrumb\",\"itemListElement\":[{\"@type\":\"ListItem\",\"position\":1,\"name\":\"Startseite\",\"item\":\"https:\\\/\\\/www.cfos-emobility.de\\\/network\\\/\"},{\"@type\":\"ListItem\",\"position\":2,\"name\":\"Fragen\",\"item\":\"https:\\\/\\\/www.cfos-emobility.de\\\/network\\\/antworten\\\/\"},{\"@type\":\"ListItem\",\"position\":3,\"name\":\"Ladebuchse mit Steckerverriegelung anstelle des Ladekabels ??\"}]},{\"@type\":\"WebSite\",\"@id\":\"https:\\\/\\\/www.cfos-emobility.de\\\/network\\\/#website\",\"url\":\"https:\\\/\\\/www.cfos-emobility.de\\\/network\\\/\",\"name\":\"cFos eMobility Network\",\"description\":\"Das cFos Power Brain Community Portal\",\"publisher\":{\"@id\":\"https:\\\/\\\/www.cfos-emobility.de\\\/network\\\/#organization\"},\"potentialAction\":[{\"@type\":\"SearchAction\",\"target\":{\"@type\":\"EntryPoint\",\"urlTemplate\":\"https:\\\/\\\/www.cfos-emobility.de\\\/network\\\/?s={search_term_string}\"},\"query-input\":{\"@type\":\"PropertyValueSpecification\",\"valueRequired\":true,\"valueName\":\"search_term_string\"}}],\"inLanguage\":\"de\"},{\"@type\":\"Organization\",\"@id\":\"https:\\\/\\\/www.cfos-emobility.de\\\/network\\\/#organization\",\"name\":\"cFos eMobility GmbH\",\"url\":\"https:\\\/\\\/www.cfos-emobility.de\\\/network\\\/\",\"logo\":{\"@type\":\"ImageObject\",\"inLanguage\":\"de\",\"@id\":\"https:\\\/\\\/www.cfos-emobility.de\\\/network\\\/#\\\/schema\\\/logo\\\/image\\\/\",\"url\":\"https:\\\/\\\/www.cfos-emobility.de\\\/network\\\/wp-content\\\/uploads\\\/2021\\\/12\\\/cfos-emobility-logo.jpg\",\"contentUrl\":\"https:\\\/\\\/www.cfos-emobility.de\\\/network\\\/wp-content\\\/uploads\\\/2021\\\/12\\\/cfos-emobility-logo.jpg\",\"width\":221,\"height\":80,\"caption\":\"cFos eMobility GmbH\"},\"image\":{\"@id\":\"https:\\\/\\\/www.cfos-emobility.de\\\/network\\\/#\\\/schema\\\/logo\\\/image\\\/\"},\"sameAs\":[\"https:\\\/\\\/x.com\\\/cFosEmobility\"]}]}<\/script>\n<!-- \/ Yoast SEO plugin. -->","yoast_head_json":{"title":"Ladebuchse mit Steckerverriegelung anstelle des Ladekabels ?? - cFos eMobility Network","robots":{"index":"index","follow":"follow","max-snippet":"max-snippet:-1","max-image-preview":"max-image-preview:large","max-video-preview":"max-video-preview:-1"},"canonical":"https:\/\/www.cfos-emobility.de\/network\/antworten\/ladebuchse-mit-steckerverriegelung-anstelle-des-ladekabels\/","og_locale":"de_DE","og_type":"article","og_title":"Ladebuchse mit Steckerverriegelung anstelle des Ladekabels ?? - cFos eMobility Network","og_description":"Hallo Zusammen Ich w\u00fcrde gerne vor der Garage eine Ladebuchse mit Steckerverriegelung anstelle des Ladekabels montieren. Ist es m\u00f6glich den Verriegelungs Aktor der Firma Hella mit 3pol. Stecker \u00fcber den Power Brain anzusteuern ? mFG Ingo","og_url":"https:\/\/www.cfos-emobility.de\/network\/antworten\/ladebuchse-mit-steckerverriegelung-anstelle-des-ladekabels\/","og_site_name":"cFos eMobility Network","article_modified_time":"2023-04-07T07:35:51+00:00","twitter_card":"summary_large_image","twitter_site":"@cFosEmobility","schema":{"@context":"https:\/\/schema.org","@graph":[{"@type":"WebPage","@id":"https:\/\/www.cfos-emobility.de\/network\/antworten\/ladebuchse-mit-steckerverriegelung-anstelle-des-ladekabels\/","url":"https:\/\/www.cfos-emobility.de\/network\/antworten\/ladebuchse-mit-steckerverriegelung-anstelle-des-ladekabels\/","name":"Ladebuchse mit Steckerverriegelung anstelle des Ladekabels ?? - cFos eMobility Network","isPartOf":{"@id":"https:\/\/www.cfos-emobility.de\/network\/#website"},"datePublished":"2023-02-10T09:23:01+00:00","dateModified":"2023-04-07T07:35:51+00:00","breadcrumb":{"@id":"https:\/\/www.cfos-emobility.de\/network\/antworten\/ladebuchse-mit-steckerverriegelung-anstelle-des-ladekabels\/#breadcrumb"},"inLanguage":"de","potentialAction":[{"@type":"ReadAction","target":["https:\/\/www.cfos-emobility.de\/network\/antworten\/ladebuchse-mit-steckerverriegelung-anstelle-des-ladekabels\/"]}]},{"@type":"BreadcrumbList","@id":"https:\/\/www.cfos-emobility.de\/network\/antworten\/ladebuchse-mit-steckerverriegelung-anstelle-des-ladekabels\/#breadcrumb","itemListElement":[{"@type":"ListItem","position":1,"name":"Startseite","item":"https:\/\/www.cfos-emobility.de\/network\/"},{"@type":"ListItem","position":2,"name":"Fragen","item":"https:\/\/www.cfos-emobility.de\/network\/antworten\/"},{"@type":"ListItem","position":3,"name":"Ladebuchse mit Steckerverriegelung anstelle des Ladekabels ??"}]},{"@type":"WebSite","@id":"https:\/\/www.cfos-emobility.de\/network\/#website","url":"https:\/\/www.cfos-emobility.de\/network\/","name":"cFos eMobility Network","description":"Das cFos Power Brain Community Portal","publisher":{"@id":"https:\/\/www.cfos-emobility.de\/network\/#organization"},"potentialAction":[{"@type":"SearchAction","target":{"@type":"EntryPoint","urlTemplate":"https:\/\/www.cfos-emobility.de\/network\/?s={search_term_string}"},"query-input":{"@type":"PropertyValueSpecification","valueRequired":true,"valueName":"search_term_string"}}],"inLanguage":"de"},{"@type":"Organization","@id":"https:\/\/www.cfos-emobility.de\/network\/#organization","name":"cFos eMobility GmbH","url":"https:\/\/www.cfos-emobility.de\/network\/","logo":{"@type":"ImageObject","inLanguage":"de","@id":"https:\/\/www.cfos-emobility.de\/network\/#\/schema\/logo\/image\/","url":"https:\/\/www.cfos-emobility.de\/network\/wp-content\/uploads\/2021\/12\/cfos-emobility-logo.jpg","contentUrl":"https:\/\/www.cfos-emobility.de\/network\/wp-content\/uploads\/2021\/12\/cfos-emobility-logo.jpg","width":221,"height":80,"caption":"cFos eMobility GmbH"},"image":{"@id":"https:\/\/www.cfos-emobility.de\/network\/#\/schema\/logo\/image\/"},"sameAs":["https:\/\/x.com\/cFosEmobility"]}]}},"_links":{"self":[{"href":"https:\/\/www.cfos-emobility.de\/network\/wp-json\/wp\/v2\/cma_thread\/1144","targetHints":{"allow":["GET"]}}],"collection":[{"href":"https:\/\/www.cfos-emobility.de\/network\/wp-json\/wp\/v2\/cma_thread"}],"about":[{"href":"https:\/\/www.cfos-emobility.de\/network\/wp-json\/wp\/v2\/types\/cma_thread"}],"author":[{"embeddable":true,"href":"https:\/\/www.cfos-emobility.de\/network\/wp-json\/wp\/v2\/users\/183"}],"wp:attachment":[{"href":"https:\/\/www.cfos-emobility.de\/network\/wp-json\/wp\/v2\/media?parent=1144"}],"wp:term":[{"taxonomy":"post_tag","embeddable":true,"href":"https:\/\/www.cfos-emobility.de\/network\/wp-json\/wp\/v2\/tags?post=1144"},{"taxonomy":"cma_category","embeddable":true,"href":"https:\/\/www.cfos-emobility.de\/network\/wp-json\/wp\/v2\/cma_category?post=1144"},{"taxonomy":"cma_difficulty_level","embeddable":true,"href":"https:\/\/www.cfos-emobility.de\/network\/wp-json\/wp\/v2\/cma_difficulty_level?post=1144"}],"curies":[{"name":"wp","href":"https:\/\/api.w.org\/{rel}","templated":true}]}}

<p>Hallo Zusammen</p>
<p>Ich würde gerne vor der Garage eine Ladebuchse mit Steckerverriegelung anstelle des Ladekabels montieren.</p>
<p>Ist es möglich den Verriegelungs Aktor der Firma Hella mit 3pol. Stecker über den Power Brain anzusteuern ?</p>
<p>mFG Ingo</p>

<p>Hallo Zusammen Ich würde gerne vor der Garage eine Ladebuchse mit Steckerverriegelung anstelle des Ladekabels montieren. Ist es möglich den Verriegelungs Aktor der Firma Hella mit 3pol. Stecker über den Power Brain anzusteuern ? mFG Ingo</p>

<!-- This site is optimized with the Yoast SEO plugin v27.4 - https://yoast.com/product/yoast-seo-wordpress/ -->
<title>Ladebuchse mit Steckerverriegelung anstelle des Ladekabels ?? - cFos eMobility Network</title>
<meta name="robots" content="index, follow, max-snippet:-1, max-image-preview:large, max-video-preview:-1" />
<link rel="canonical" href="https://www.cfos-emobility.de/network/antworten/ladebuchse-mit-steckerverriegelung-anstelle-des-ladekabels/" />
<meta property="og:locale" content="de_DE" />
<meta property="og:type" content="article" />
<meta property="og:title" content="Ladebuchse mit Steckerverriegelung anstelle des Ladekabels ?? - cFos eMobility Network" />
<meta property="og:description" content="Hallo Zusammen Ich würde gerne vor der Garage eine Ladebuchse mit Steckerverriegelung anstelle des Ladekabels montieren. Ist es möglich den Verriegelungs Aktor der Firma Hella mit 3pol. Stecker über den Power Brain anzusteuern ? mFG Ingo" />
<meta property="og:url" content="https://www.cfos-emobility.de/network/antworten/ladebuchse-mit-steckerverriegelung-anstelle-des-ladekabels/" />
<meta property="og:site_name" content="cFos eMobility Network" />
<meta property="article:modified_time" content="2023-04-07T07:35:51+00:00" />
<meta name="twitter:card" content="summary_large_image" />
<meta name="twitter:site" content="@cFosEmobility" />
<script type="application/ld+json" class="yoast-schema-graph">{"@context":"https:\/\/schema.org","@graph":[{"@type":"WebPage","@id":"https:\/\/www.cfos-emobility.de\/network\/antworten\/ladebuchse-mit-steckerverriegelung-anstelle-des-ladekabels\/","url":"https:\/\/www.cfos-emobility.de\/network\/antworten\/ladebuchse-mit-steckerverriegelung-anstelle-des-ladekabels\/","name":"Ladebuchse mit Steckerverriegelung anstelle des Ladekabels ?? - cFos eMobility Network","isPartOf":{"@id":"https:\/\/www.cfos-emobility.de\/network\/#website"},"datePublished":"2023-02-10T09:23:01+00:00","dateModified":"2023-04-07T07:35:51+00:00","breadcrumb":{"@id":"https:\/\/www.cfos-emobility.de\/network\/antworten\/ladebuchse-mit-steckerverriegelung-anstelle-des-ladekabels\/#breadcrumb"},"inLanguage":"de","potentialAction":[{"@type":"ReadAction","target":["https:\/\/www.cfos-emobility.de\/network\/antworten\/ladebuchse-mit-steckerverriegelung-anstelle-des-ladekabels\/"]}]},{"@type":"BreadcrumbList","@id":"https:\/\/www.cfos-emobility.de\/network\/antworten\/ladebuchse-mit-steckerverriegelung-anstelle-des-ladekabels\/#breadcrumb","itemListElement":[{"@type":"ListItem","position":1,"name":"Startseite","item":"https:\/\/www.cfos-emobility.de\/network\/"},{"@type":"ListItem","position":2,"name":"Fragen","item":"https:\/\/www.cfos-emobility.de\/network\/antworten\/"},{"@type":"ListItem","position":3,"name":"Ladebuchse mit Steckerverriegelung anstelle des Ladekabels ??"}]},{"@type":"WebSite","@id":"https:\/\/www.cfos-emobility.de\/network\/#website","url":"https:\/\/www.cfos-emobility.de\/network\/","name":"cFos eMobility Network","description":"Das cFos Power Brain Community Portal","publisher":{"@id":"https:\/\/www.cfos-emobility.de\/network\/#organization"},"potentialAction":[{"@type":"SearchAction","target":{"@type":"EntryPoint","urlTemplate":"https:\/\/www.cfos-emobility.de\/network\/?s={search_term_string}"},"query-input":{"@type":"PropertyValueSpecification","valueRequired":true,"valueName":"search_term_string"}}],"inLanguage":"de"},{"@type":"Organization","@id":"https:\/\/www.cfos-emobility.de\/network\/#organization","name":"cFos eMobility GmbH","url":"https:\/\/www.cfos-emobility.de\/network\/","logo":{"@type":"ImageObject","inLanguage":"de","@id":"https:\/\/www.cfos-emobility.de\/network\/#\/schema\/logo\/image\/","url":"https:\/\/www.cfos-emobility.de\/network\/wp-content\/uploads\/2021\/12\/cfos-emobility-logo.jpg","contentUrl":"https:\/\/www.cfos-emobility.de\/network\/wp-content\/uploads\/2021\/12\/cfos-emobility-logo.jpg","width":221,"height":80,"caption":"cFos eMobility GmbH"},"image":{"@id":"https:\/\/www.cfos-emobility.de\/network\/#\/schema\/logo\/image\/"},"sameAs":["https:\/\/x.com\/cFosEmobility"]}]}</script>
<!-- / Yoast SEO plugin. -->

Hallo Zusammen Ich würde gerne vor der Garage eine Ladebuchse mit Steckerverriegelung anstelle des Ladekabels montieren. Ist es möglich den Verriegelungs Aktor der Firma Hella mit 3pol. Stecker über den Power Brain anzusteuern ? mFG Ingo
