{"id":1141,"date":"2023-02-10T00:12:14","date_gmt":"2023-02-09T23:12:14","guid":{"rendered":"https:\/\/www.cfos-emobility.de\/network\/antworten\/ladegruppe-mit-laderegeln\/"},"modified":"2023-02-11T21:18:14","modified_gmt":"2023-02-11T20:18:14","slug":"ladegruppe-mit-laderegeln","status":"publish","type":"cma_thread","link":"https:\/\/www.cfos-emobility.de\/network\/antworten\/ladegruppe-mit-laderegeln\/","title":{"rendered":"Ladegruppe mit Laderegeln?"},"content":{"rendered":"<p>Hallo,<\/p>\n<p>funktionieren &#8222;Expression&#8220;-Laderegeln in Kombination mit Ladegruppen (https:\/\/www.cfos-emobility.de\/de\/cfos-charging-manager\/documentation\/advanced-setup.htm)?<\/p>\n<p>Ich habe die Windows-Test-Version 1.16.0 installiert und versuche in einer Simulation zu sehen dass meine Vorstellung umsetzbar ist. Ein festes Strom-Limit auf Gruppenebene wird korrekt beachtet, aber die Regeln &#8211; egal ob Bedingung oder Formel, scheinbar nicht &#8212; nichteinmal eine feste Zahl in &#8222;Formel&#8220; begrenzt in Summe die Ladeleistung auf Gruppen-Ebene? Oder kann ich das nur in der Simulation nicht richtig erkennen&#8230;<\/p>\n<p><em><strong>EDIT:<\/strong> das Lastmanagement funktioniert aber, wenn man die gew\u00fcnschte Formel direkt bei &#8222;Lastmanagement&#8220; in das Feld &#8222;max. Ladestrom&#8220; eingibt &#8211; steht ja eh dort, Wert oder Formel.<\/em><\/p>\n<p>Eine Bedingung, die die ganze Gruppe z.B. zeitgesteuert begrenzt oder \u00fcber eine Bedingung abschaltet, funktioniert aber anders als bei einer einzelnen Box nicht. Da es das UI zul\u00e4sst, Laderegeln auf Gruppen zu definieren, finde ich das \u00fcberraschedn?<\/p>\n<p>&nbsp;<\/p>\n<p>Vielen Dank!<br \/>\nLiebe Gr\u00fc\u00dfe<\/p>\n<p>-hannes<\/p>\n","protected":false},"excerpt":{"rendered":"<p>Hallo, funktionieren &#8222;Expression&#8220;-Laderegeln in Kombination mit Ladegruppen (https:\/\/www.cfos-emobility.de\/de\/cfos-charging-manager\/documentation\/advanced-setup.htm)? Ich habe die Windows-Test-Version 1.16.0 installiert und versuche in einer Simulation zu sehen dass meine Vorstellung umsetzbar ist. Ein festes Strom-Limit auf Gruppenebene wird korrekt beachtet, aber die Regeln &#8211; egal ob Bedingung oder Formel, scheinbar nicht &#8212; nichteinmal eine feste Zahl in &#8222;Formel&#8220; begrenzt in Summe [&hellip;]<\/p>\n","protected":false},"author":184,"featured_media":0,"template":"","tags":[23],"cma_category":[2],"cma_difficulty_level":[],"class_list":["post-1141","cma_thread","type-cma_thread","status-publish","hentry","tag-cfos-charging-manager","cma_category-cfos-emobility"],"yoast_head":"<!-- This site is optimized with the Yoast SEO plugin v27.5 - https:\/\/yoast.com\/product\/yoast-seo-wordpress\/ -->\n<title>Ladegruppe mit Laderegeln? - cFos eMobility Network<\/title>\n<meta name=\"robots\" content=\"index, follow, max-snippet:-1, max-image-preview:large, max-video-preview:-1\" \/>\n<link rel=\"canonical\" href=\"https:\/\/www.cfos-emobility.de\/network\/antworten\/ladegruppe-mit-laderegeln\/\" \/>\n<meta property=\"og:locale\" content=\"de_DE\" \/>\n<meta property=\"og:type\" content=\"article\" \/>\n<meta property=\"og:title\" content=\"Ladegruppe mit Laderegeln? - cFos eMobility Network\" \/>\n<meta property=\"og:description\" content=\"Hallo, funktionieren &#8222;Expression&#8220;-Laderegeln in Kombination mit Ladegruppen (https:\/\/www.cfos-emobility.de\/de\/cfos-charging-manager\/documentation\/advanced-setup.htm)? Ich habe die Windows-Test-Version 1.16.0 installiert und versuche in einer Simulation zu sehen dass meine Vorstellung umsetzbar ist. Ein festes Strom-Limit auf Gruppenebene wird korrekt beachtet, aber die Regeln &#8211; egal ob Bedingung oder Formel, scheinbar nicht &#8212; nichteinmal eine feste Zahl in &#8222;Formel&#8220; begrenzt in Summe [&hellip;]\" \/>\n<meta property=\"og:url\" content=\"https:\/\/www.cfos-emobility.de\/network\/antworten\/ladegruppe-mit-laderegeln\/\" \/>\n<meta property=\"og:site_name\" content=\"cFos eMobility Network\" \/>\n<meta property=\"article:modified_time\" content=\"2023-02-11T20:18:14+00:00\" \/>\n<meta name=\"twitter:card\" content=\"summary_large_image\" \/>\n<meta name=\"twitter:site\" content=\"@cFosEmobility\" \/>\n<meta name=\"twitter:label1\" content=\"Gesch\u00e4tzte Lesezeit\" \/>\n\t<meta name=\"twitter:data1\" content=\"1\u00a0Minute\" \/>\n<script type=\"application\/ld+json\" class=\"yoast-schema-graph\">{\"@context\":\"https:\\\/\\\/schema.org\",\"@graph\":[{\"@type\":\"WebPage\",\"@id\":\"https:\\\/\\\/www.cfos-emobility.de\\\/network\\\/antworten\\\/ladegruppe-mit-laderegeln\\\/\",\"url\":\"https:\\\/\\\/www.cfos-emobility.de\\\/network\\\/antworten\\\/ladegruppe-mit-laderegeln\\\/\",\"name\":\"Ladegruppe mit Laderegeln? - cFos eMobility Network\",\"isPartOf\":{\"@id\":\"https:\\\/\\\/www.cfos-emobility.de\\\/network\\\/#website\"},\"datePublished\":\"2023-02-09T23:12:14+00:00\",\"dateModified\":\"2023-02-11T20:18:14+00:00\",\"breadcrumb\":{\"@id\":\"https:\\\/\\\/www.cfos-emobility.de\\\/network\\\/antworten\\\/ladegruppe-mit-laderegeln\\\/#breadcrumb\"},\"inLanguage\":\"de\",\"potentialAction\":[{\"@type\":\"ReadAction\",\"target\":[\"https:\\\/\\\/www.cfos-emobility.de\\\/network\\\/antworten\\\/ladegruppe-mit-laderegeln\\\/\"]}]},{\"@type\":\"BreadcrumbList\",\"@id\":\"https:\\\/\\\/www.cfos-emobility.de\\\/network\\\/antworten\\\/ladegruppe-mit-laderegeln\\\/#breadcrumb\",\"itemListElement\":[{\"@type\":\"ListItem\",\"position\":1,\"name\":\"Startseite\",\"item\":\"https:\\\/\\\/www.cfos-emobility.de\\\/network\\\/\"},{\"@type\":\"ListItem\",\"position\":2,\"name\":\"Fragen\",\"item\":\"https:\\\/\\\/www.cfos-emobility.de\\\/network\\\/antworten\\\/\"},{\"@type\":\"ListItem\",\"position\":3,\"name\":\"Ladegruppe mit Laderegeln?\"}]},{\"@type\":\"WebSite\",\"@id\":\"https:\\\/\\\/www.cfos-emobility.de\\\/network\\\/#website\",\"url\":\"https:\\\/\\\/www.cfos-emobility.de\\\/network\\\/\",\"name\":\"cFos eMobility Network\",\"description\":\"Das cFos Power Brain Community Portal\",\"publisher\":{\"@id\":\"https:\\\/\\\/www.cfos-emobility.de\\\/network\\\/#organization\"},\"potentialAction\":[{\"@type\":\"SearchAction\",\"target\":{\"@type\":\"EntryPoint\",\"urlTemplate\":\"https:\\\/\\\/www.cfos-emobility.de\\\/network\\\/?s={search_term_string}\"},\"query-input\":{\"@type\":\"PropertyValueSpecification\",\"valueRequired\":true,\"valueName\":\"search_term_string\"}}],\"inLanguage\":\"de\"},{\"@type\":\"Organization\",\"@id\":\"https:\\\/\\\/www.cfos-emobility.de\\\/network\\\/#organization\",\"name\":\"cFos eMobility GmbH\",\"url\":\"https:\\\/\\\/www.cfos-emobility.de\\\/network\\\/\",\"logo\":{\"@type\":\"ImageObject\",\"inLanguage\":\"de\",\"@id\":\"https:\\\/\\\/www.cfos-emobility.de\\\/network\\\/#\\\/schema\\\/logo\\\/image\\\/\",\"url\":\"https:\\\/\\\/www.cfos-emobility.de\\\/network\\\/wp-content\\\/uploads\\\/2021\\\/12\\\/cfos-emobility-logo.jpg\",\"contentUrl\":\"https:\\\/\\\/www.cfos-emobility.de\\\/network\\\/wp-content\\\/uploads\\\/2021\\\/12\\\/cfos-emobility-logo.jpg\",\"width\":221,\"height\":80,\"caption\":\"cFos eMobility GmbH\"},\"image\":{\"@id\":\"https:\\\/\\\/www.cfos-emobility.de\\\/network\\\/#\\\/schema\\\/logo\\\/image\\\/\"},\"sameAs\":[\"https:\\\/\\\/x.com\\\/cFosEmobility\"]}]}<\/script>\n<!-- \/ Yoast SEO plugin. -->","yoast_head_json":{"title":"Ladegruppe mit Laderegeln? - cFos eMobility Network","robots":{"index":"index","follow":"follow","max-snippet":"max-snippet:-1","max-image-preview":"max-image-preview:large","max-video-preview":"max-video-preview:-1"},"canonical":"https:\/\/www.cfos-emobility.de\/network\/antworten\/ladegruppe-mit-laderegeln\/","og_locale":"de_DE","og_type":"article","og_title":"Ladegruppe mit Laderegeln? - cFos eMobility Network","og_description":"Hallo, funktionieren &#8222;Expression&#8220;-Laderegeln in Kombination mit Ladegruppen (https:\/\/www.cfos-emobility.de\/de\/cfos-charging-manager\/documentation\/advanced-setup.htm)? Ich habe die Windows-Test-Version 1.16.0 installiert und versuche in einer Simulation zu sehen dass meine Vorstellung umsetzbar ist. Ein festes Strom-Limit auf Gruppenebene wird korrekt beachtet, aber die Regeln &#8211; egal ob Bedingung oder Formel, scheinbar nicht &#8212; nichteinmal eine feste Zahl in &#8222;Formel&#8220; begrenzt in Summe [&hellip;]","og_url":"https:\/\/www.cfos-emobility.de\/network\/antworten\/ladegruppe-mit-laderegeln\/","og_site_name":"cFos eMobility Network","article_modified_time":"2023-02-11T20:18:14+00:00","twitter_card":"summary_large_image","twitter_site":"@cFosEmobility","twitter_misc":{"Gesch\u00e4tzte Lesezeit":"1\u00a0Minute"},"schema":{"@context":"https:\/\/schema.org","@graph":[{"@type":"WebPage","@id":"https:\/\/www.cfos-emobility.de\/network\/antworten\/ladegruppe-mit-laderegeln\/","url":"https:\/\/www.cfos-emobility.de\/network\/antworten\/ladegruppe-mit-laderegeln\/","name":"Ladegruppe mit Laderegeln? - cFos eMobility Network","isPartOf":{"@id":"https:\/\/www.cfos-emobility.de\/network\/#website"},"datePublished":"2023-02-09T23:12:14+00:00","dateModified":"2023-02-11T20:18:14+00:00","breadcrumb":{"@id":"https:\/\/www.cfos-emobility.de\/network\/antworten\/ladegruppe-mit-laderegeln\/#breadcrumb"},"inLanguage":"de","potentialAction":[{"@type":"ReadAction","target":["https:\/\/www.cfos-emobility.de\/network\/antworten\/ladegruppe-mit-laderegeln\/"]}]},{"@type":"BreadcrumbList","@id":"https:\/\/www.cfos-emobility.de\/network\/antworten\/ladegruppe-mit-laderegeln\/#breadcrumb","itemListElement":[{"@type":"ListItem","position":1,"name":"Startseite","item":"https:\/\/www.cfos-emobility.de\/network\/"},{"@type":"ListItem","position":2,"name":"Fragen","item":"https:\/\/www.cfos-emobility.de\/network\/antworten\/"},{"@type":"ListItem","position":3,"name":"Ladegruppe mit Laderegeln?"}]},{"@type":"WebSite","@id":"https:\/\/www.cfos-emobility.de\/network\/#website","url":"https:\/\/www.cfos-emobility.de\/network\/","name":"cFos eMobility Network","description":"Das cFos Power Brain Community Portal","publisher":{"@id":"https:\/\/www.cfos-emobility.de\/network\/#organization"},"potentialAction":[{"@type":"SearchAction","target":{"@type":"EntryPoint","urlTemplate":"https:\/\/www.cfos-emobility.de\/network\/?s={search_term_string}"},"query-input":{"@type":"PropertyValueSpecification","valueRequired":true,"valueName":"search_term_string"}}],"inLanguage":"de"},{"@type":"Organization","@id":"https:\/\/www.cfos-emobility.de\/network\/#organization","name":"cFos eMobility GmbH","url":"https:\/\/www.cfos-emobility.de\/network\/","logo":{"@type":"ImageObject","inLanguage":"de","@id":"https:\/\/www.cfos-emobility.de\/network\/#\/schema\/logo\/image\/","url":"https:\/\/www.cfos-emobility.de\/network\/wp-content\/uploads\/2021\/12\/cfos-emobility-logo.jpg","contentUrl":"https:\/\/www.cfos-emobility.de\/network\/wp-content\/uploads\/2021\/12\/cfos-emobility-logo.jpg","width":221,"height":80,"caption":"cFos eMobility GmbH"},"image":{"@id":"https:\/\/www.cfos-emobility.de\/network\/#\/schema\/logo\/image\/"},"sameAs":["https:\/\/x.com\/cFosEmobility"]}]}},"_links":{"self":[{"href":"https:\/\/www.cfos-emobility.de\/network\/wp-json\/wp\/v2\/cma_thread\/1141","targetHints":{"allow":["GET"]}}],"collection":[{"href":"https:\/\/www.cfos-emobility.de\/network\/wp-json\/wp\/v2\/cma_thread"}],"about":[{"href":"https:\/\/www.cfos-emobility.de\/network\/wp-json\/wp\/v2\/types\/cma_thread"}],"author":[{"embeddable":true,"href":"https:\/\/www.cfos-emobility.de\/network\/wp-json\/wp\/v2\/users\/184"}],"wp:attachment":[{"href":"https:\/\/www.cfos-emobility.de\/network\/wp-json\/wp\/v2\/media?parent=1141"}],"wp:term":[{"taxonomy":"post_tag","embeddable":true,"href":"https:\/\/www.cfos-emobility.de\/network\/wp-json\/wp\/v2\/tags?post=1141"},{"taxonomy":"cma_category","embeddable":true,"href":"https:\/\/www.cfos-emobility.de\/network\/wp-json\/wp\/v2\/cma_category?post=1141"},{"taxonomy":"cma_difficulty_level","embeddable":true,"href":"https:\/\/www.cfos-emobility.de\/network\/wp-json\/wp\/v2\/cma_difficulty_level?post=1141"}],"curies":[{"name":"wp","href":"https:\/\/api.w.org\/{rel}","templated":true}]}}

<p>Hallo,</p>
<p>funktionieren &#8222;Expression&#8220;-Laderegeln in Kombination mit Ladegruppen (https://www.cfos-emobility.de/de/cfos-charging-manager/documentation/advanced-setup.htm)?</p>
<p>Ich habe die Windows-Test-Version 1.16.0 installiert und versuche in einer Simulation zu sehen dass meine Vorstellung umsetzbar ist. Ein festes Strom-Limit auf Gruppenebene wird korrekt beachtet, aber die Regeln &#8211; egal ob Bedingung oder Formel, scheinbar nicht &#8212; nichteinmal eine feste Zahl in &#8222;Formel&#8220; begrenzt in Summe die Ladeleistung auf Gruppen-Ebene? Oder kann ich das nur in der Simulation nicht richtig erkennen&#8230;</p>
<p><em><strong>EDIT:</strong> das Lastmanagement funktioniert aber, wenn man die gewünschte Formel direkt bei &#8222;Lastmanagement&#8220; in das Feld &#8222;max. Ladestrom&#8220; eingibt &#8211; steht ja eh dort, Wert oder Formel.</em></p>
<p>Eine Bedingung, die die ganze Gruppe z.B. zeitgesteuert begrenzt oder über eine Bedingung abschaltet, funktioniert aber anders als bei einer einzelnen Box nicht. Da es das UI zulässt, Laderegeln auf Gruppen zu definieren, finde ich das überraschedn?</p>
<p>&nbsp;</p>
<p>Vielen Dank!<br />
Liebe Grüße</p>
<p>-hannes</p>

<!-- This site is optimized with the Yoast SEO plugin v27.5 - https://yoast.com/product/yoast-seo-wordpress/ -->
<title>Ladegruppe mit Laderegeln? - cFos eMobility Network</title>
<meta name="robots" content="index, follow, max-snippet:-1, max-image-preview:large, max-video-preview:-1" />
<link rel="canonical" href="https://www.cfos-emobility.de/network/antworten/ladegruppe-mit-laderegeln/" />
<meta property="og:locale" content="de_DE" />
<meta property="og:type" content="article" />
<meta property="og:title" content="Ladegruppe mit Laderegeln? - cFos eMobility Network" />
<meta property="og:description" content="Hallo, funktionieren &#8222;Expression&#8220;-Laderegeln in Kombination mit Ladegruppen (https://www.cfos-emobility.de/de/cfos-charging-manager/documentation/advanced-setup.htm)? Ich habe die Windows-Test-Version 1.16.0 installiert und versuche in einer Simulation zu sehen dass meine Vorstellung umsetzbar ist. Ein festes Strom-Limit auf Gruppenebene wird korrekt beachtet, aber die Regeln &#8211; egal ob Bedingung oder Formel, scheinbar nicht &#8212; nichteinmal eine feste Zahl in &#8222;Formel&#8220; begrenzt in Summe [&hellip;]" />
<meta property="og:url" content="https://www.cfos-emobility.de/network/antworten/ladegruppe-mit-laderegeln/" />
<meta property="og:site_name" content="cFos eMobility Network" />
<meta property="article:modified_time" content="2023-02-11T20:18:14+00:00" />
<meta name="twitter:card" content="summary_large_image" />
<meta name="twitter:site" content="@cFosEmobility" />
<meta name="twitter:label1" content="Geschätzte Lesezeit" />
	<meta name="twitter:data1" content="1 Minute" />
<script type="application/ld+json" class="yoast-schema-graph">{"@context":"https:\/\/schema.org","@graph":[{"@type":"WebPage","@id":"https:\/\/www.cfos-emobility.de\/network\/antworten\/ladegruppe-mit-laderegeln\/","url":"https:\/\/www.cfos-emobility.de\/network\/antworten\/ladegruppe-mit-laderegeln\/","name":"Ladegruppe mit Laderegeln? - cFos eMobility Network","isPartOf":{"@id":"https:\/\/www.cfos-emobility.de\/network\/#website"},"datePublished":"2023-02-09T23:12:14+00:00","dateModified":"2023-02-11T20:18:14+00:00","breadcrumb":{"@id":"https:\/\/www.cfos-emobility.de\/network\/antworten\/ladegruppe-mit-laderegeln\/#breadcrumb"},"inLanguage":"de","potentialAction":[{"@type":"ReadAction","target":["https:\/\/www.cfos-emobility.de\/network\/antworten\/ladegruppe-mit-laderegeln\/"]}]},{"@type":"BreadcrumbList","@id":"https:\/\/www.cfos-emobility.de\/network\/antworten\/ladegruppe-mit-laderegeln\/#breadcrumb","itemListElement":[{"@type":"ListItem","position":1,"name":"Startseite","item":"https:\/\/www.cfos-emobility.de\/network\/"},{"@type":"ListItem","position":2,"name":"Fragen","item":"https:\/\/www.cfos-emobility.de\/network\/antworten\/"},{"@type":"ListItem","position":3,"name":"Ladegruppe mit Laderegeln?"}]},{"@type":"WebSite","@id":"https:\/\/www.cfos-emobility.de\/network\/#website","url":"https:\/\/www.cfos-emobility.de\/network\/","name":"cFos eMobility Network","description":"Das cFos Power Brain Community Portal","publisher":{"@id":"https:\/\/www.cfos-emobility.de\/network\/#organization"},"potentialAction":[{"@type":"SearchAction","target":{"@type":"EntryPoint","urlTemplate":"https:\/\/www.cfos-emobility.de\/network\/?s={search_term_string}"},"query-input":{"@type":"PropertyValueSpecification","valueRequired":true,"valueName":"search_term_string"}}],"inLanguage":"de"},{"@type":"Organization","@id":"https:\/\/www.cfos-emobility.de\/network\/#organization","name":"cFos eMobility GmbH","url":"https:\/\/www.cfos-emobility.de\/network\/","logo":{"@type":"ImageObject","inLanguage":"de","@id":"https:\/\/www.cfos-emobility.de\/network\/#\/schema\/logo\/image\/","url":"https:\/\/www.cfos-emobility.de\/network\/wp-content\/uploads\/2021\/12\/cfos-emobility-logo.jpg","contentUrl":"https:\/\/www.cfos-emobility.de\/network\/wp-content\/uploads\/2021\/12\/cfos-emobility-logo.jpg","width":221,"height":80,"caption":"cFos eMobility GmbH"},"image":{"@id":"https:\/\/www.cfos-emobility.de\/network\/#\/schema\/logo\/image\/"},"sameAs":["https:\/\/x.com\/cFosEmobility"]}]}</script>
<!-- / Yoast SEO plugin. -->
