{"id":1076,"date":"2023-01-29T16:29:48","date_gmt":"2023-01-29T15:29:48","guid":{"rendered":"https:\/\/www.cfos-emobility.de\/network\/antworten\/3-zaehler-2-deaktiviert\/"},"modified":"2023-02-07T22:00:19","modified_gmt":"2023-02-07T21:00:19","slug":"3-zaehler-2-deaktiviert","status":"publish","type":"cma_thread","link":"https:\/\/www.cfos-emobility.de\/network\/antworten\/3-zaehler-2-deaktiviert\/","title":{"rendered":"3 Z\u00e4hler, 2 deaktiviert."},"content":{"rendered":"<p>Hallo,<\/p>\n<p>ich habe eine cfos Power Brain, 11kw mit internem Z\u00e4hler, die ich diese Tage zum ersten mal in Betrieb genommen habe.<\/p>\n<p>In der Konfigruationsoberfl\u00e4che war das soweit eingerichtet, dass die Wallbox als Ger\u00e4t 1 eingerichtet ist. Zudem sind noch 3 weitere Ger\u00e4te eingerichtet: S0 Z\u00e4hler 1 (Ger\u00e4t 2), S0 Z\u00e4hler 2 (Ger\u00e4t 3) und Wallbox Z\u00e4hler (Ger\u00e4t 4).\u00a0 Die beiden letzten Z\u00e4hler gelten als deaktiviert.<\/p>\n<p>So die Standardeinrichtung bei Inbetriebnahme.<\/p>\n<p>&nbsp;<\/p>\n<p>Meine Frage: Was hat es mit den 3 verschiedenen Z\u00e4hlern auf sich und warum sind 2 deaktiviert?<\/p>\n<p>Die Strommessung beim Laden der Wallbox (Ger\u00e4t 1) funktionierte \u00fcbrigens erst ab dem Moment, ab dem ich bei Ger\u00e4t 1 den &#8222;angehefteten Z\u00e4hler&#8220; auf &#8222;4: Wallbox Z\u00e4hler M3&#8220; gesetzt habe. Obwohl der Z\u00e4hler als deaktiviert gilt. F\u00fcr mich total verwirrend&#8230;<\/p>\n","protected":false},"excerpt":{"rendered":"<p>Hallo, ich habe eine cfos Power Brain, 11kw mit internem Z\u00e4hler, die ich diese Tage zum ersten mal in Betrieb genommen habe. In der Konfigruationsoberfl\u00e4che war das soweit eingerichtet, dass die Wallbox als Ger\u00e4t 1 eingerichtet ist. Zudem sind noch 3 weitere Ger\u00e4te eingerichtet: S0 Z\u00e4hler 1 (Ger\u00e4t 2), S0 Z\u00e4hler 2 (Ger\u00e4t 3) und [&hellip;]<\/p>\n","protected":false},"author":178,"featured_media":0,"template":"","tags":[32],"cma_category":[2],"cma_difficulty_level":[],"class_list":["post-1076","cma_thread","type-cma_thread","status-publish","hentry","tag-zaehler","cma_category-cfos-emobility"],"yoast_head":"<!-- This site is optimized with the Yoast SEO plugin v27.5 - https:\/\/yoast.com\/product\/yoast-seo-wordpress\/ -->\n<title>3 Z\u00e4hler, 2 deaktiviert. - cFos eMobility Network<\/title>\n<meta name=\"robots\" content=\"index, follow, max-snippet:-1, max-image-preview:large, max-video-preview:-1\" \/>\n<link rel=\"canonical\" href=\"https:\/\/www.cfos-emobility.de\/network\/antworten\/3-zaehler-2-deaktiviert\/\" \/>\n<meta property=\"og:locale\" content=\"de_DE\" \/>\n<meta property=\"og:type\" content=\"article\" \/>\n<meta property=\"og:title\" content=\"3 Z\u00e4hler, 2 deaktiviert. - cFos eMobility Network\" \/>\n<meta property=\"og:description\" content=\"Hallo, ich habe eine cfos Power Brain, 11kw mit internem Z\u00e4hler, die ich diese Tage zum ersten mal in Betrieb genommen habe. In der Konfigruationsoberfl\u00e4che war das soweit eingerichtet, dass die Wallbox als Ger\u00e4t 1 eingerichtet ist. Zudem sind noch 3 weitere Ger\u00e4te eingerichtet: S0 Z\u00e4hler 1 (Ger\u00e4t 2), S0 Z\u00e4hler 2 (Ger\u00e4t 3) und [&hellip;]\" \/>\n<meta property=\"og:url\" content=\"https:\/\/www.cfos-emobility.de\/network\/antworten\/3-zaehler-2-deaktiviert\/\" \/>\n<meta property=\"og:site_name\" content=\"cFos eMobility Network\" \/>\n<meta property=\"article:modified_time\" content=\"2023-02-07T21:00:19+00:00\" \/>\n<meta name=\"twitter:card\" content=\"summary_large_image\" \/>\n<meta name=\"twitter:site\" content=\"@cFosEmobility\" \/>\n<meta name=\"twitter:label1\" content=\"Gesch\u00e4tzte Lesezeit\" \/>\n\t<meta name=\"twitter:data1\" content=\"1\u00a0Minute\" \/>\n<script type=\"application\/ld+json\" class=\"yoast-schema-graph\">{\"@context\":\"https:\\\/\\\/schema.org\",\"@graph\":[{\"@type\":\"WebPage\",\"@id\":\"https:\\\/\\\/www.cfos-emobility.de\\\/network\\\/antworten\\\/3-zaehler-2-deaktiviert\\\/\",\"url\":\"https:\\\/\\\/www.cfos-emobility.de\\\/network\\\/antworten\\\/3-zaehler-2-deaktiviert\\\/\",\"name\":\"3 Z\u00e4hler, 2 deaktiviert. - cFos eMobility Network\",\"isPartOf\":{\"@id\":\"https:\\\/\\\/www.cfos-emobility.de\\\/network\\\/#website\"},\"datePublished\":\"2023-01-29T15:29:48+00:00\",\"dateModified\":\"2023-02-07T21:00:19+00:00\",\"breadcrumb\":{\"@id\":\"https:\\\/\\\/www.cfos-emobility.de\\\/network\\\/antworten\\\/3-zaehler-2-deaktiviert\\\/#breadcrumb\"},\"inLanguage\":\"de\",\"potentialAction\":[{\"@type\":\"ReadAction\",\"target\":[\"https:\\\/\\\/www.cfos-emobility.de\\\/network\\\/antworten\\\/3-zaehler-2-deaktiviert\\\/\"]}]},{\"@type\":\"BreadcrumbList\",\"@id\":\"https:\\\/\\\/www.cfos-emobility.de\\\/network\\\/antworten\\\/3-zaehler-2-deaktiviert\\\/#breadcrumb\",\"itemListElement\":[{\"@type\":\"ListItem\",\"position\":1,\"name\":\"Startseite\",\"item\":\"https:\\\/\\\/www.cfos-emobility.de\\\/network\\\/\"},{\"@type\":\"ListItem\",\"position\":2,\"name\":\"Fragen\",\"item\":\"https:\\\/\\\/www.cfos-emobility.de\\\/network\\\/antworten\\\/\"},{\"@type\":\"ListItem\",\"position\":3,\"name\":\"3 Z\u00e4hler, 2 deaktiviert.\"}]},{\"@type\":\"WebSite\",\"@id\":\"https:\\\/\\\/www.cfos-emobility.de\\\/network\\\/#website\",\"url\":\"https:\\\/\\\/www.cfos-emobility.de\\\/network\\\/\",\"name\":\"cFos eMobility Network\",\"description\":\"Das cFos Power Brain Community Portal\",\"publisher\":{\"@id\":\"https:\\\/\\\/www.cfos-emobility.de\\\/network\\\/#organization\"},\"potentialAction\":[{\"@type\":\"SearchAction\",\"target\":{\"@type\":\"EntryPoint\",\"urlTemplate\":\"https:\\\/\\\/www.cfos-emobility.de\\\/network\\\/?s={search_term_string}\"},\"query-input\":{\"@type\":\"PropertyValueSpecification\",\"valueRequired\":true,\"valueName\":\"search_term_string\"}}],\"inLanguage\":\"de\"},{\"@type\":\"Organization\",\"@id\":\"https:\\\/\\\/www.cfos-emobility.de\\\/network\\\/#organization\",\"name\":\"cFos eMobility GmbH\",\"url\":\"https:\\\/\\\/www.cfos-emobility.de\\\/network\\\/\",\"logo\":{\"@type\":\"ImageObject\",\"inLanguage\":\"de\",\"@id\":\"https:\\\/\\\/www.cfos-emobility.de\\\/network\\\/#\\\/schema\\\/logo\\\/image\\\/\",\"url\":\"https:\\\/\\\/www.cfos-emobility.de\\\/network\\\/wp-content\\\/uploads\\\/2021\\\/12\\\/cfos-emobility-logo.jpg\",\"contentUrl\":\"https:\\\/\\\/www.cfos-emobility.de\\\/network\\\/wp-content\\\/uploads\\\/2021\\\/12\\\/cfos-emobility-logo.jpg\",\"width\":221,\"height\":80,\"caption\":\"cFos eMobility GmbH\"},\"image\":{\"@id\":\"https:\\\/\\\/www.cfos-emobility.de\\\/network\\\/#\\\/schema\\\/logo\\\/image\\\/\"},\"sameAs\":[\"https:\\\/\\\/x.com\\\/cFosEmobility\"]}]}<\/script>\n<!-- \/ Yoast SEO plugin. -->","yoast_head_json":{"title":"3 Z\u00e4hler, 2 deaktiviert. - cFos eMobility Network","robots":{"index":"index","follow":"follow","max-snippet":"max-snippet:-1","max-image-preview":"max-image-preview:large","max-video-preview":"max-video-preview:-1"},"canonical":"https:\/\/www.cfos-emobility.de\/network\/antworten\/3-zaehler-2-deaktiviert\/","og_locale":"de_DE","og_type":"article","og_title":"3 Z\u00e4hler, 2 deaktiviert. - cFos eMobility Network","og_description":"Hallo, ich habe eine cfos Power Brain, 11kw mit internem Z\u00e4hler, die ich diese Tage zum ersten mal in Betrieb genommen habe. In der Konfigruationsoberfl\u00e4che war das soweit eingerichtet, dass die Wallbox als Ger\u00e4t 1 eingerichtet ist. Zudem sind noch 3 weitere Ger\u00e4te eingerichtet: S0 Z\u00e4hler 1 (Ger\u00e4t 2), S0 Z\u00e4hler 2 (Ger\u00e4t 3) und [&hellip;]","og_url":"https:\/\/www.cfos-emobility.de\/network\/antworten\/3-zaehler-2-deaktiviert\/","og_site_name":"cFos eMobility Network","article_modified_time":"2023-02-07T21:00:19+00:00","twitter_card":"summary_large_image","twitter_site":"@cFosEmobility","twitter_misc":{"Gesch\u00e4tzte Lesezeit":"1\u00a0Minute"},"schema":{"@context":"https:\/\/schema.org","@graph":[{"@type":"WebPage","@id":"https:\/\/www.cfos-emobility.de\/network\/antworten\/3-zaehler-2-deaktiviert\/","url":"https:\/\/www.cfos-emobility.de\/network\/antworten\/3-zaehler-2-deaktiviert\/","name":"3 Z\u00e4hler, 2 deaktiviert. - cFos eMobility Network","isPartOf":{"@id":"https:\/\/www.cfos-emobility.de\/network\/#website"},"datePublished":"2023-01-29T15:29:48+00:00","dateModified":"2023-02-07T21:00:19+00:00","breadcrumb":{"@id":"https:\/\/www.cfos-emobility.de\/network\/antworten\/3-zaehler-2-deaktiviert\/#breadcrumb"},"inLanguage":"de","potentialAction":[{"@type":"ReadAction","target":["https:\/\/www.cfos-emobility.de\/network\/antworten\/3-zaehler-2-deaktiviert\/"]}]},{"@type":"BreadcrumbList","@id":"https:\/\/www.cfos-emobility.de\/network\/antworten\/3-zaehler-2-deaktiviert\/#breadcrumb","itemListElement":[{"@type":"ListItem","position":1,"name":"Startseite","item":"https:\/\/www.cfos-emobility.de\/network\/"},{"@type":"ListItem","position":2,"name":"Fragen","item":"https:\/\/www.cfos-emobility.de\/network\/antworten\/"},{"@type":"ListItem","position":3,"name":"3 Z\u00e4hler, 2 deaktiviert."}]},{"@type":"WebSite","@id":"https:\/\/www.cfos-emobility.de\/network\/#website","url":"https:\/\/www.cfos-emobility.de\/network\/","name":"cFos eMobility Network","description":"Das cFos Power Brain Community Portal","publisher":{"@id":"https:\/\/www.cfos-emobility.de\/network\/#organization"},"potentialAction":[{"@type":"SearchAction","target":{"@type":"EntryPoint","urlTemplate":"https:\/\/www.cfos-emobility.de\/network\/?s={search_term_string}"},"query-input":{"@type":"PropertyValueSpecification","valueRequired":true,"valueName":"search_term_string"}}],"inLanguage":"de"},{"@type":"Organization","@id":"https:\/\/www.cfos-emobility.de\/network\/#organization","name":"cFos eMobility GmbH","url":"https:\/\/www.cfos-emobility.de\/network\/","logo":{"@type":"ImageObject","inLanguage":"de","@id":"https:\/\/www.cfos-emobility.de\/network\/#\/schema\/logo\/image\/","url":"https:\/\/www.cfos-emobility.de\/network\/wp-content\/uploads\/2021\/12\/cfos-emobility-logo.jpg","contentUrl":"https:\/\/www.cfos-emobility.de\/network\/wp-content\/uploads\/2021\/12\/cfos-emobility-logo.jpg","width":221,"height":80,"caption":"cFos eMobility GmbH"},"image":{"@id":"https:\/\/www.cfos-emobility.de\/network\/#\/schema\/logo\/image\/"},"sameAs":["https:\/\/x.com\/cFosEmobility"]}]}},"_links":{"self":[{"href":"https:\/\/www.cfos-emobility.de\/network\/wp-json\/wp\/v2\/cma_thread\/1076","targetHints":{"allow":["GET"]}}],"collection":[{"href":"https:\/\/www.cfos-emobility.de\/network\/wp-json\/wp\/v2\/cma_thread"}],"about":[{"href":"https:\/\/www.cfos-emobility.de\/network\/wp-json\/wp\/v2\/types\/cma_thread"}],"author":[{"embeddable":true,"href":"https:\/\/www.cfos-emobility.de\/network\/wp-json\/wp\/v2\/users\/178"}],"wp:attachment":[{"href":"https:\/\/www.cfos-emobility.de\/network\/wp-json\/wp\/v2\/media?parent=1076"}],"wp:term":[{"taxonomy":"post_tag","embeddable":true,"href":"https:\/\/www.cfos-emobility.de\/network\/wp-json\/wp\/v2\/tags?post=1076"},{"taxonomy":"cma_category","embeddable":true,"href":"https:\/\/www.cfos-emobility.de\/network\/wp-json\/wp\/v2\/cma_category?post=1076"},{"taxonomy":"cma_difficulty_level","embeddable":true,"href":"https:\/\/www.cfos-emobility.de\/network\/wp-json\/wp\/v2\/cma_difficulty_level?post=1076"}],"curies":[{"name":"wp","href":"https:\/\/api.w.org\/{rel}","templated":true}]}}

3 Zähler, 2 deaktiviert.

<p>Hallo,</p>
<p>ich habe eine cfos Power Brain, 11kw mit internem Zähler, die ich diese Tage zum ersten mal in Betrieb genommen habe.</p>
<p>In der Konfigruationsoberfläche war das soweit eingerichtet, dass die Wallbox als Gerät 1 eingerichtet ist. Zudem sind noch 3 weitere Geräte eingerichtet: S0 Zähler 1 (Gerät 2), S0 Zähler 2 (Gerät 3) und Wallbox Zähler (Gerät 4).  Die beiden letzten Zähler gelten als deaktiviert.</p>
<p>So die Standardeinrichtung bei Inbetriebnahme.</p>
<p>&nbsp;</p>
<p>Meine Frage: Was hat es mit den 3 verschiedenen Zählern auf sich und warum sind 2 deaktiviert?</p>
<p>Die Strommessung beim Laden der Wallbox (Gerät 1) funktionierte übrigens erst ab dem Moment, ab dem ich bei Gerät 1 den &#8222;angehefteten Zähler&#8220; auf &#8222;4: Wallbox Zähler M3&#8220; gesetzt habe. Obwohl der Zähler als deaktiviert gilt. Für mich total verwirrend&#8230;</p>

<p>Hallo, ich habe eine cfos Power Brain, 11kw mit internem Zähler, die ich diese Tage zum ersten mal in Betrieb genommen habe. In der Konfigruationsoberfläche war das soweit eingerichtet, dass die Wallbox als Gerät 1 eingerichtet ist. Zudem sind noch 3 weitere Geräte eingerichtet: S0 Zähler 1 (Gerät 2), S0 Zähler 2 (Gerät 3) und [&hellip;]</p>

<!-- This site is optimized with the Yoast SEO plugin v27.5 - https://yoast.com/product/yoast-seo-wordpress/ -->
<title>3 Zähler, 2 deaktiviert. - cFos eMobility Network</title>
<meta name="robots" content="index, follow, max-snippet:-1, max-image-preview:large, max-video-preview:-1" />
<link rel="canonical" href="https://www.cfos-emobility.de/network/antworten/3-zaehler-2-deaktiviert/" />
<meta property="og:locale" content="de_DE" />
<meta property="og:type" content="article" />
<meta property="og:title" content="3 Zähler, 2 deaktiviert. - cFos eMobility Network" />
<meta property="og:description" content="Hallo, ich habe eine cfos Power Brain, 11kw mit internem Zähler, die ich diese Tage zum ersten mal in Betrieb genommen habe. In der Konfigruationsoberfläche war das soweit eingerichtet, dass die Wallbox als Gerät 1 eingerichtet ist. Zudem sind noch 3 weitere Geräte eingerichtet: S0 Zähler 1 (Gerät 2), S0 Zähler 2 (Gerät 3) und [&hellip;]" />
<meta property="og:url" content="https://www.cfos-emobility.de/network/antworten/3-zaehler-2-deaktiviert/" />
<meta property="og:site_name" content="cFos eMobility Network" />
<meta property="article:modified_time" content="2023-02-07T21:00:19+00:00" />
<meta name="twitter:card" content="summary_large_image" />
<meta name="twitter:site" content="@cFosEmobility" />
<meta name="twitter:label1" content="Geschätzte Lesezeit" />
	<meta name="twitter:data1" content="1 Minute" />
<script type="application/ld+json" class="yoast-schema-graph">{"@context":"https:\/\/schema.org","@graph":[{"@type":"WebPage","@id":"https:\/\/www.cfos-emobility.de\/network\/antworten\/3-zaehler-2-deaktiviert\/","url":"https:\/\/www.cfos-emobility.de\/network\/antworten\/3-zaehler-2-deaktiviert\/","name":"3 Zähler, 2 deaktiviert. - cFos eMobility Network","isPartOf":{"@id":"https:\/\/www.cfos-emobility.de\/network\/#website"},"datePublished":"2023-01-29T15:29:48+00:00","dateModified":"2023-02-07T21:00:19+00:00","breadcrumb":{"@id":"https:\/\/www.cfos-emobility.de\/network\/antworten\/3-zaehler-2-deaktiviert\/#breadcrumb"},"inLanguage":"de","potentialAction":[{"@type":"ReadAction","target":["https:\/\/www.cfos-emobility.de\/network\/antworten\/3-zaehler-2-deaktiviert\/"]}]},{"@type":"BreadcrumbList","@id":"https:\/\/www.cfos-emobility.de\/network\/antworten\/3-zaehler-2-deaktiviert\/#breadcrumb","itemListElement":[{"@type":"ListItem","position":1,"name":"Startseite","item":"https:\/\/www.cfos-emobility.de\/network\/"},{"@type":"ListItem","position":2,"name":"Fragen","item":"https:\/\/www.cfos-emobility.de\/network\/antworten\/"},{"@type":"ListItem","position":3,"name":"3 Zähler, 2 deaktiviert."}]},{"@type":"WebSite","@id":"https:\/\/www.cfos-emobility.de\/network\/#website","url":"https:\/\/www.cfos-emobility.de\/network\/","name":"cFos eMobility Network","description":"Das cFos Power Brain Community Portal","publisher":{"@id":"https:\/\/www.cfos-emobility.de\/network\/#organization"},"potentialAction":[{"@type":"SearchAction","target":{"@type":"EntryPoint","urlTemplate":"https:\/\/www.cfos-emobility.de\/network\/?s={search_term_string}"},"query-input":{"@type":"PropertyValueSpecification","valueRequired":true,"valueName":"search_term_string"}}],"inLanguage":"de"},{"@type":"Organization","@id":"https:\/\/www.cfos-emobility.de\/network\/#organization","name":"cFos eMobility GmbH","url":"https:\/\/www.cfos-emobility.de\/network\/","logo":{"@type":"ImageObject","inLanguage":"de","@id":"https:\/\/www.cfos-emobility.de\/network\/#\/schema\/logo\/image\/","url":"https:\/\/www.cfos-emobility.de\/network\/wp-content\/uploads\/2021\/12\/cfos-emobility-logo.jpg","contentUrl":"https:\/\/www.cfos-emobility.de\/network\/wp-content\/uploads\/2021\/12\/cfos-emobility-logo.jpg","width":221,"height":80,"caption":"cFos eMobility GmbH"},"image":{"@id":"https:\/\/www.cfos-emobility.de\/network\/#\/schema\/logo\/image\/"},"sameAs":["https:\/\/x.com\/cFosEmobility"]}]}</script>
<!-- / Yoast SEO plugin. -->

3 Zähler, 2 deaktiviert. - cFos eMobility Network

Hallo, ich habe eine cfos Power Brain, 11kw mit internem Zähler, die ich diese Tage zum ersten mal in Betrieb genommen habe. In der Konfigruationsoberfläche war das soweit eingerichtet, dass die Wallbox als Gerät 1 eingerichtet ist. Zudem sind noch 3 weitere Geräte eingerichtet: S0 Zähler 1 (Gerät 2), S0 Zähler 2 (Gerät 3) und [&hellip;]
