{"version":"1.0","provider_name":"cFos eMobility Network","provider_url":"https:\/\/www.cfos-emobility.de\/network","author_name":"Lothar Rausch","author_url":"https:\/\/www.cfos-emobility.de\/network\/author\/lothar-rausch\/","title":"Verbrauchsmessung je PKW - cFos eMobility Network","type":"rich","width":600,"height":338,"html":"<blockquote class=\"wp-embedded-content\" data-secret=\"LqO2Ql2dyp\"><a href=\"https:\/\/www.cfos-emobility.de\/network\/antworten\/verbrauchsmessung-je-pkw\/\">Verbrauchsmessung je PKW<\/a><\/blockquote><iframe sandbox=\"allow-scripts\" security=\"restricted\" src=\"https:\/\/www.cfos-emobility.de\/network\/antworten\/verbrauchsmessung-je-pkw\/embed\/#?secret=LqO2Ql2dyp\" width=\"600\" height=\"338\" title=\"&#8222;Verbrauchsmessung je PKW&#8220; &#8211; cFos eMobility Network\" data-secret=\"LqO2Ql2dyp\" frameborder=\"0\" marginwidth=\"0\" marginheight=\"0\" scrolling=\"no\" class=\"wp-embedded-content\"><\/iframe><script>\n\/*! This file is auto-generated *\/\n!function(d,l){\"use strict\";l.querySelector&&d.addEventListener&&\"undefined\"!=typeof URL&&(d.wp=d.wp||{},d.wp.receiveEmbedMessage||(d.wp.receiveEmbedMessage=function(e){var t=e.data;if((t||t.secret||t.message||t.value)&&!\/[^a-zA-Z0-9]\/.test(t.secret)){for(var s,r,n,a=l.querySelectorAll('iframe[data-secret=\"'+t.secret+'\"]'),o=l.querySelectorAll('blockquote[data-secret=\"'+t.secret+'\"]'),c=new RegExp(\"^https?:$\",\"i\"),i=0;i<o.length;i++)o[i].style.display=\"none\";for(i=0;i<a.length;i++)s=a[i],e.source===s.contentWindow&&(s.removeAttribute(\"style\"),\"height\"===t.message?(1e3<(r=parseInt(t.value,10))?r=1e3:~~r<200&&(r=200),s.height=r):\"link\"===t.message&&(r=new URL(s.getAttribute(\"src\")),n=new URL(t.value),c.test(n.protocol))&&n.host===r.host&&l.activeElement===s&&(d.top.location.href=t.value))}},d.addEventListener(\"message\",d.wp.receiveEmbedMessage,!1),l.addEventListener(\"DOMContentLoaded\",function(){for(var e,t,s=l.querySelectorAll(\"iframe.wp-embedded-content\"),r=0;r<s.length;r++)(t=(e=s[r]).getAttribute(\"data-secret\"))||(t=Math.random().toString(36).substring(2,12),e.src+=\"#?secret=\"+t,e.setAttribute(\"data-secret\",t)),e.contentWindow.postMessage({message:\"ready\",secret:t},\"*\")},!1)))}(window,document);\n\/\/# sourceURL=https:\/\/www.cfos-emobility.de\/network\/wp-includes\/js\/wp-embed.min.js\n<\/script>\n","description":"Hallo, bisher habe ich dazu keine Informationen gefunden. Wir wollen auf unserem Gemeinschaftsparkplatz einige Lades\u00e4ule errichten. Die Messung soll pro PKW und nicht pro Lades\u00e4ule erfolgen. Wo finde ich dazu weitere Erl\u00e4uterungen. Gru\u00df Lothar &nbsp;"}

Hallo, bisher habe ich dazu keine Informationen gefunden. Wir wollen auf unserem Gemeinschaftsparkplatz einige Ladesäule errichten. Die Messung soll pro PKW und nicht pro Ladesäule erfolgen. Wo finde ich dazu weitere Erläuterungen. Gruß Lothar &nbsp;
