{"version":"1.0","provider_name":"cFos eMobility Network","provider_url":"https:\/\/www.cfos-emobility.de\/network","author_name":"Larsi","author_url":"https:\/\/www.cfos-emobility.de\/network\/author\/larsi\/","title":"Laden wird schneller bei weniger Solarstrom. - cFos eMobility Network","type":"rich","width":600,"height":338,"html":"<blockquote class=\"wp-embedded-content\" data-secret=\"VU0RHuEELP\"><a href=\"https:\/\/www.cfos-emobility.de\/network\/antworten\/laden-wird-schneller-bei-weniger-solarstrom\/\">Laden wird schneller bei weniger Solarstrom.<\/a><\/blockquote><iframe sandbox=\"allow-scripts\" security=\"restricted\" src=\"https:\/\/www.cfos-emobility.de\/network\/antworten\/laden-wird-schneller-bei-weniger-solarstrom\/embed\/#?secret=VU0RHuEELP\" width=\"600\" height=\"338\" title=\"&#8222;Laden wird schneller bei weniger Solarstrom.&#8220; &#8211; cFos eMobility Network\" data-secret=\"VU0RHuEELP\" frameborder=\"0\" marginwidth=\"0\" marginheight=\"0\" scrolling=\"no\" class=\"wp-embedded-content\"><\/iframe><script>\n\/*! This file is auto-generated *\/\n!function(d,l){\"use strict\";l.querySelector&&d.addEventListener&&\"undefined\"!=typeof URL&&(d.wp=d.wp||{},d.wp.receiveEmbedMessage||(d.wp.receiveEmbedMessage=function(e){var t=e.data;if((t||t.secret||t.message||t.value)&&!\/[^a-zA-Z0-9]\/.test(t.secret)){for(var s,r,n,a=l.querySelectorAll('iframe[data-secret=\"'+t.secret+'\"]'),o=l.querySelectorAll('blockquote[data-secret=\"'+t.secret+'\"]'),c=new RegExp(\"^https?:$\",\"i\"),i=0;i<o.length;i++)o[i].style.display=\"none\";for(i=0;i<a.length;i++)s=a[i],e.source===s.contentWindow&&(s.removeAttribute(\"style\"),\"height\"===t.message?(1e3<(r=parseInt(t.value,10))?r=1e3:~~r<200&&(r=200),s.height=r):\"link\"===t.message&&(r=new URL(s.getAttribute(\"src\")),n=new URL(t.value),c.test(n.protocol))&&n.host===r.host&&l.activeElement===s&&(d.top.location.href=t.value))}},d.addEventListener(\"message\",d.wp.receiveEmbedMessage,!1),l.addEventListener(\"DOMContentLoaded\",function(){for(var e,t,s=l.querySelectorAll(\"iframe.wp-embedded-content\"),r=0;r<s.length;r++)(t=(e=s[r]).getAttribute(\"data-secret\"))||(t=Math.random().toString(36).substring(2,12),e.src+=\"#?secret=\"+t,e.setAttribute(\"data-secret\",t)),e.contentWindow.postMessage({message:\"ready\",secret:t},\"*\")},!1)))}(window,document);\n\/\/# sourceURL=https:\/\/www.cfos-emobility.de\/network\/wp-includes\/js\/wp-embed.min.js\n<\/script>\n","description":"Hallo cfos-Community, bei mir verh\u00e4lt sich das \u00dcberschussladen merkw\u00fcrdig wenn der Eigenverbrauch gr\u00f6\u00dfer als der Solarstrom ist. Die Laderegel ist aktuell konfiguriert, noch 5 Minuten weiter zu laden um nicht unn\u00f6tig viele Schaltvorg\u00e4nge am Relais zu machen. Laderegel siehe Screenshot. Das funktioniert auch soweit, aber sobald der Eigenverbrauch nicht mehr durch den Solarstrom gedeckt werden [&hellip;]"}

Hallo cfos-Community, bei mir verhält sich das Überschussladen merkwürdig wenn der Eigenverbrauch größer als der Solarstrom ist. Die Laderegel ist aktuell konfiguriert, noch 5 Minuten weiter zu laden um nicht unnötig viele Schaltvorgänge am Relais zu machen. Laderegel siehe Screenshot. Das funktioniert auch soweit, aber sobald der Eigenverbrauch nicht mehr durch den Solarstrom gedeckt werden [&hellip;]
